000
CDUS41 KOKX 280657
CLINYC


CLIMATE REPORT
NATIONAL WEATHER SERVICE NEW YORK NY
257 AM EDT WED OCT 28 2020


...................................

...THE CENTRAL PARK NY CLIMATE SUMMARY FOR OCTOBER 27 2020...

CLIMATE NORMAL PERIOD 1981 TO 2010
CLIMATE RECORD PERIOD 1869 TO 2020


WEATHER ITEM   OBSERVED TIME   RECORD YEAR NORMAL DEPARTURE LAST
                VALUE   (LST)  VALUE       VALUE  FROM      YEAR
                                                  NORMAL
..................................................................
TEMPERATURE (F)
 YESTERDAY
  MAXIMUM         59    231 PM  82    1963  60     -1       67
  MINIMUM         52   1110 PM  28    1936  47      5       55
  AVERAGE         56                        54      2       61

PRECIPITATION (IN)
  YESTERDAY        T             1.88 2003   0.14  -0.14     1.38
  MONTH TO DATE    2.77                      3.86  -1.09     5.48
  SINCE SEP 1      6.71                      8.14  -1.43     6.43
  SINCE JAN 1     34.47                     41.38  -6.91    43.32

SNOWFALL (IN)
  YESTERDAY        0.0           T    1944   0.0    0.0      0.0
  MONTH TO DATE    0.0                       0.0    0.0      0.0
  SINCE OCT 1      0.0                       0.0    0.0      0.0
  SINCE JUL 1      0.0                       0.0    0.0      0.0
  SNOW DEPTH       0

DEGREE DAYS
 HEATING
  YESTERDAY        9                        12     -3        4
  MONTH TO DATE  147                       219    -72      158
  SINCE SEP 1    183                       262    -79      166
  SINCE JUL 1    183                       264    -81      166

 COOLING
  YESTERDAY        0                         0      0        0
  MONTH TO DATE    5                        13     -8       24
  SINCE SEP 1    163                       146     17      203
  SINCE JAN 1   1327                      1100    227     1267
..................................................................


WIND (MPH)
  HIGHEST WIND SPEED    12   HIGHEST WIND DIRECTION    NW (300)
  HIGHEST GUST SPEED    16   HIGHEST GUST DIRECTION    NW (300)
  AVERAGE WIND SPEED     3.0


SKY COVER
  AVERAGE SKY COVER 0.9


WEATHER CONDITIONS
 THE FOLLOWING WEATHER WAS RECORDED YESTERDAY.
  FOG
  FOG W/VISIBILITY <= 1/4 MILE


RELATIVE HUMIDITY (PERCENT)
 HIGHEST   100          1200 AM
 LOWEST     59          1000 PM
 AVERAGE    80

..........................................................


THE CENTRAL PARK NY CLIMATE NORMALS FOR TODAY
                         NORMAL    RECORD    YEAR
 MAXIMUM TEMPERATURE (F)   60        83      1919
 MINIMUM TEMPERATURE (F)   47        29      1976


SUNRISE AND SUNSET
OCTOBER 28 2020.......SUNRISE   722 AM EDT   SUNSET   556 PM EDT
OCTOBER 29 2020.......SUNRISE   723 AM EDT   SUNSET   555 PM EDT


-  INDICATES NEGATIVE NUMBERS.
R  INDICATES RECORD WAS SET OR TIED.
MM INDICATES DATA IS MISSING.
T  INDICATES TRACE AMOUNT.




$$
