000
CDUS41 KOKX 190621
CLINYC


CLIMATE REPORT
NATIONAL WEATHER SERVICE NEW YORK NY
120 AM EST SAT JAN 19 2019


...................................

...THE CENTRAL PARK NY CLIMATE SUMMARY FOR JANUARY 18 2019...

CLIMATE NORMAL PERIOD 1981 TO 2010
CLIMATE RECORD PERIOD 1869 TO 2019


WEATHER ITEM   OBSERVED TIME   RECORD YEAR NORMAL DEPARTURE LAST
                VALUE   (LST)  VALUE       VALUE  FROM      YEAR
                                                  NORMAL
..................................................................
TEMPERATURE (F)
 YESTERDAY
  MAXIMUM         39    345 PM  66    1990  38      1       32
                                      1973
  MINIMUM         29    248 AM   0    1982  27      2       18
  AVERAGE         34                        32      2       25

PRECIPITATION (IN)
  YESTERDAY        0.05          2.10 2015   0.11  -0.06     0.00
  MONTH TO DATE    0.84                      2.18  -1.34     1.55
  SINCE DEC 1      7.35                      6.18   1.17     3.76
  SINCE JAN 1      0.84                      2.18  -1.34     1.55

SNOWFALL (IN)
  YESTERDAY        0.5           5.0  1875   0.2    0.3      0.0
  MONTH TO DATE    0.5                       3.9   -3.4     10.2
  SINCE OCT 1      6.9                       9.0   -2.1     17.9
  SINCE JUL 1      6.9                       9.0   -2.1     17.9
  SNOW DEPTH       1

DEGREE DAYS
 HEATING
  YESTERDAY       31                        33     -2       40
  MONTH TO DATE  538                       585    -47      689
  SINCE DEC 1   1302                      1437   -135     1609
  SINCE JUL 1   2215                      2270    -55     2271

 COOLING
  YESTERDAY        0                         0      0        0
  MONTH TO DATE    0                         0      0        0
  SINCE DEC 1      0                         0      0        0
  SINCE JAN 1      0                         0      0        0
..................................................................


WIND (MPH)
  HIGHEST WIND SPEED    MM   HIGHEST WIND DIRECTION    MM
  HIGHEST GUST SPEED    MM   HIGHEST GUST DIRECTION    MM
  AVERAGE WIND SPEED    MM


SKY COVER
  AVERAGE SKY COVER 0.9


WEATHER CONDITIONS
 THE FOLLOWING WEATHER WAS RECORDED YESTERDAY.
  LIGHT SNOW
  FOG
  HAZE


RELATIVE HUMIDITY (PERCENT)
 HIGHEST    92           500 AM
 LOWEST     53          1200 AM
 AVERAGE    73

..........................................................


THE CENTRAL PARK NY CLIMATE NORMALS FOR TODAY
                         NORMAL    RECORD    YEAR
 MAXIMUM TEMPERATURE (F)   38        64      1951
 MINIMUM TEMPERATURE (F)   27        -2      1994


SUNRISE AND SUNSET
JANUARY 19 2019.......SUNRISE   716 AM EST   SUNSET   457 PM EST
JANUARY 20 2019.......SUNRISE   716 AM EST   SUNSET   458 PM EST


-  INDICATES NEGATIVE NUMBERS.
R  INDICATES RECORD WAS SET OR TIED.
MM INDICATES DATA IS MISSING.
T  INDICATES TRACE AMOUNT.




$$
