000
CDUS41 KOKX 182036
CLINYC


CLIMATE REPORT
NATIONAL WEATHER SERVICE NEW YORK NY
436 PM EDT THU OCT 18 2018


...................................

...THE CENTRAL PARK NY CLIMATE SUMMARY FOR OCTOBER 18 2018...
VALID TODAY AS OF 0400 PM LOCAL TIME.

CLIMATE NORMAL PERIOD 1981 TO 2010
CLIMATE RECORD PERIOD 1869 TO 2018


WEATHER ITEM   OBSERVED TIME   RECORD YEAR NORMAL DEPARTURE LAST
                VALUE   (LST)  VALUE       VALUE  FROM      YEAR
                                                  NORMAL
..................................................................
TEMPERATURE (F)
 TODAY
  MAXIMUM         50    300 PM  82    1928  63    -13       72
  MINIMUM         42        MM  35    1974  49     -7       50
                                      1939
                                      1929
  AVERAGE         46                        56    -10       61

PRECIPITATION (IN)
  TODAY            0.00          2.45 1911   0.14  -0.14     0.00
  MONTH TO DATE    2.16                      2.59  -0.43     0.70
  SINCE SEP 1      8.35                      6.87   1.48     2.70
  SINCE JAN 1     49.99                     40.11   9.88    37.77

SNOWFALL (IN)
  TODAY            0.0           T    1972   0.0    0.0      0.0
  MONTH TO DATE    0.0                       0.0    0.0      0.0
  SINCE OCT 1      0.0                       0.0    0.0      0.0
  SINCE JUL 1      0.0                       0.0    0.0      0.0
  SNOW DEPTH       0

DEGREE DAYS
 HEATING
  TODAY           19                         9     10        4
  MONTH TO DATE   77                       124    -47       45
  SINCE SEP 1    100                       167    -67       62
  SINCE JUL 1    100                       169    -69       62

 COOLING
  TODAY            0                         0      0        0
  MONTH TO DATE   59                        13     46       68
  SINCE SEP 1    262                       146    116      258
  SINCE JAN 1   1430                      1100    330     1252
..................................................................


WIND (MPH)
  HIGHEST WIND SPEED    MM   HIGHEST WIND DIRECTION    MM
  HIGHEST GUST SPEED    MM   HIGHEST GUST DIRECTION    MM
  AVERAGE WIND SPEED    MM


SKY COVER
  AVERAGE SKY COVER 0.3


WEATHER CONDITIONS
 THE FOLLOWING WEATHER WAS RECORDED TODAY.
  NO SIGNIFICANT WEATHER WAS OBSERVED.


RELATIVE HUMIDITY (PERCENT)
 HIGHEST    57           500 AM
 LOWEST     31           100 PM
 AVERAGE    44

..........................................................


THE CENTRAL PARK NY CLIMATE NORMALS FOR TOMORROW
                         NORMAL    RECORD    YEAR
 MAXIMUM TEMPERATURE (F)   63        85      2016
 MINIMUM TEMPERATURE (F)   49        30      1940


SUNRISE AND SUNSET
OCTOBER 18 2018.......SUNRISE   710 AM EDT   SUNSET   611 PM EDT
OCTOBER 19 2018.......SUNRISE   711 AM EDT   SUNSET   610 PM EDT


-  INDICATES NEGATIVE NUMBERS.
R  INDICATES RECORD WAS SET OR TIED.
MM INDICATES DATA IS MISSING.
T  INDICATES TRACE AMOUNT.




$$
