134
CDUS41 KOKX 230619
CLINYC


CLIMATE REPORT
NATIONAL WEATHER SERVICE NEW YORK NY
119 AM EST FRI FEB 23 2018


...................................

...THE CENTRAL PARK NY CLIMATE SUMMARY FOR FEBRUARY 22 2018...

CLIMATE NORMAL PERIOD 1981 TO 2010
CLIMATE RECORD PERIOD 1869 TO 2018


WEATHER ITEM   OBSERVED TIME   RECORD YEAR NORMAL DEPARTURE LAST
                VALUE   (LST)  VALUE       VALUE  FROM      YEAR
                                                  NORMAL
..................................................................
TEMPERATURE (F)
 YESTERDAY
  MAXIMUM         59   1228 AM  69    1997  43     16       57
  MINIMUM         37   1159 PM   8    1963  30      7       42
                                      1918
  AVERAGE         48                        36     12       50

PRECIPITATION (IN)
  YESTERDAY        0.17          2.39 1878   0.11   0.06     0.00
  MONTH TO DATE    4.96                      2.38   2.58     1.94
  SINCE DEC 1      9.35                     10.03  -0.68     9.66
  SINCE JAN 1      7.14                      6.03   1.11     6.77

SNOWFALL (IN)
  YESTERDAY        0.0           6.0  2008   0.3   -0.3      0.0
  MONTH TO DATE    4.9                       7.4   -2.5      9.4
  SINCE OCT 1     23.8                      19.5    4.3     20.5
  SINCE JUL 1     23.8                      19.5    4.3     20.5
  SNOW DEPTH       0

DEGREE DAYS
 HEATING
  YESTERDAY       17                        28    -11       15
  MONTH TO DATE  526                       666   -140      569
  SINCE DEC 1   2472                      2522    -50     2217
  SINCE JUL 1   3134                      3355   -221     2904

 COOLING
  YESTERDAY        0                         0      0        0
  MONTH TO DATE    2                         0      2        0
  SINCE DEC 1      2                         0      2        0
  SINCE JAN 1      2                         0      2        0
..................................................................


WIND (MPH)
  HIGHEST WIND SPEED    16   HIGHEST WIND DIRECTION    NE (50)
  HIGHEST GUST SPEED    23   HIGHEST GUST DIRECTION     N (10)
  AVERAGE WIND SPEED     8.2


SKY COVER
  AVERAGE SKY COVER 1.0


WEATHER CONDITIONS
 THE FOLLOWING WEATHER WAS RECORDED YESTERDAY.
  LIGHT RAIN
  FOG


RELATIVE HUMIDITY (PERCENT)
 HIGHEST    92           700 PM
 LOWEST     41           200 AM
 AVERAGE    67

..........................................................


THE CENTRAL PARK NY CLIMATE NORMALS FOR TODAY
                         NORMAL    RECORD    YEAR
 MAXIMUM TEMPERATURE (F)   43        70      1985
 MINIMUM TEMPERATURE (F)   30         5      1889
                                             1873


SUNRISE AND SUNSET
FEBRUARY 23 2018......SUNRISE   639 AM EST   SUNSET   540 PM EST
FEBRUARY 24 2018......SUNRISE   637 AM EST   SUNSET   541 PM EST


-  INDICATES NEGATIVE NUMBERS.
R  INDICATES RECORD WAS SET OR TIED.
MM INDICATES DATA IS MISSING.
T  INDICATES TRACE AMOUNT.




$$
