000
CDUS41 KOKX 210627
CLINYC


CLIMATE REPORT
NATIONAL WEATHER SERVICE NEW YORK NY
226 AM EDT MON OCT 21 2019


...................................

...THE CENTRAL PARK NY CLIMATE SUMMARY FOR OCTOBER 20 2019...

CLIMATE NORMAL PERIOD 1981 TO 2010
CLIMATE RECORD PERIOD 1869 TO 2019


WEATHER ITEM   OBSERVED TIME   RECORD YEAR NORMAL DEPARTURE LAST
                VALUE   (LST)  VALUE       VALUE  FROM      YEAR
                                                  NORMAL
..................................................................
TEMPERATURE (F)
 YESTERDAY
  MAXIMUM         59   1137 AM  80    1969  62     -3       62
                                      1947
  MINIMUM         49    539 AM  31    1974  49      0       51
  AVERAGE         54                        56     -2       57

PRECIPITATION (IN)
  YESTERDAY        0.54          2.78 1989   0.14   0.40     0.06
  MONTH TO DATE    3.51                      2.87   0.64     2.22
  SINCE SEP 1      4.46                      7.15  -2.69     8.41
  SINCE JAN 1     41.35                     40.39   0.96    50.05

SNOWFALL (IN)
  YESTERDAY        0.0           0.5  1952   0.0    0.0      0.0
  MONTH TO DATE    0.0                       0.0    0.0      0.0
  SINCE OCT 1      0.0                       0.0    0.0      0.0
  SINCE JUL 1      0.0                       0.0    0.0      0.0
  SNOW DEPTH       0

DEGREE DAYS
 HEATING
  YESTERDAY       11                        10      1        8
  MONTH TO DATE  118                       143    -25       98
  SINCE SEP 1    126                       186    -60      121
  SINCE JUL 1    126                       188    -62      121

 COOLING
  YESTERDAY        0                         0      0        0
  MONTH TO DATE   24                        13     11       59
  SINCE SEP 1    203                       146     57      262
  SINCE JAN 1   1267                      1100    167     1430
..................................................................


WIND (MPH)
  HIGHEST WIND SPEED    14   HIGHEST WIND DIRECTION    NE (40)
  HIGHEST GUST SPEED    19   HIGHEST GUST DIRECTION    NE (50)
  AVERAGE WIND SPEED     4.4


SKY COVER
  AVERAGE SKY COVER 0.6


WEATHER CONDITIONS
 THE FOLLOWING WEATHER WAS RECORDED YESTERDAY.
  HEAVY RAIN
  RAIN
  LIGHT RAIN
  FOG


RELATIVE HUMIDITY (PERCENT)
 HIGHEST   100           300 PM
 LOWEST     55          1200 AM
 AVERAGE    78

..........................................................


THE CENTRAL PARK NY CLIMATE NORMALS FOR TODAY
                         NORMAL    RECORD    YEAR
 MAXIMUM TEMPERATURE (F)   62        84      1920
 MINIMUM TEMPERATURE (F)   48        31      1871


SUNRISE AND SUNSET
OCTOBER 21 2019.......SUNRISE   713 AM EDT   SUNSET   607 PM EDT
OCTOBER 22 2019.......SUNRISE   715 AM EDT   SUNSET   606 PM EDT


-  INDICATES NEGATIVE NUMBERS.
R  INDICATES RECORD WAS SET OR TIED.
MM INDICATES DATA IS MISSING.
T  INDICATES TRACE AMOUNT.




$$
