000
CDUS41 KOKX 250627
CLINYC


CLIMATE REPORT
NATIONAL WEATHER SERVICE NEW YORK NY
126 AM EST SAT JAN 25 2020


...................................

...THE CENTRAL PARK NY CLIMATE SUMMARY FOR JANUARY 24 2020...

CLIMATE NORMAL PERIOD 1981 TO 2010
CLIMATE RECORD PERIOD 1869 TO 2020


WEATHER ITEM   OBSERVED TIME   RECORD YEAR NORMAL DEPARTURE LAST
                VALUE   (LST)  VALUE       VALUE  FROM      YEAR
                                                  NORMAL
..................................................................
TEMPERATURE (F)
 YESTERDAY
  MAXIMUM         51    238 PM  68    1967  38     13       59
  MINIMUM         37    713 AM  -6    1882  27     10       35
  AVERAGE         44                        32     12       47

PRECIPITATION (IN)
  YESTERDAY        0.00          2.18 1979   0.11  -0.11     1.33
  MONTH TO DATE    1.06                      2.87  -1.81     3.34
  SINCE DEC 1      8.15                      6.87   1.28     9.85
  SINCE JAN 1      1.06                      2.87  -1.81     3.34

SNOWFALL (IN)
  YESTERDAY        0.0           7.0  1908   0.3   -0.3      0.0
  MONTH TO DATE    2.3                       5.3   -3.0      0.7
  SINCE OCT 1      4.8                      10.4   -5.6      7.1
  SINCE JUL 1      4.8                      10.4   -5.6      7.1
  SNOW DEPTH       0

DEGREE DAYS
 HEATING
  YESTERDAY       21                        33    -12       18
  MONTH TO DATE  613                       783   -170      745
  SINCE DEC 1   1433                      1635   -202     1509
  SINCE JUL 1   2244                      2468   -224     2422

 COOLING
  YESTERDAY        0                         0      0        0
  MONTH TO DATE    0                         0      0        0
  SINCE DEC 1      0                         0      0        0
  SINCE JAN 1      0                         0      0        0
..................................................................


WIND (MPH)
  HIGHEST WIND SPEED    MM   HIGHEST WIND DIRECTION    MM
  HIGHEST GUST SPEED    MM   HIGHEST GUST DIRECTION    MM
  AVERAGE WIND SPEED    MM


SKY COVER
  AVERAGE SKY COVER 0.0


WEATHER CONDITIONS
 THE FOLLOWING WEATHER WAS RECORDED YESTERDAY.
  NO SIGNIFICANT WEATHER WAS OBSERVED.


RELATIVE HUMIDITY (PERCENT)
 HIGHEST    70           800 AM
 LOWEST     27           100 PM
 AVERAGE    49

..........................................................


THE CENTRAL PARK NY CLIMATE NORMALS FOR TODAY
                         NORMAL    RECORD    YEAR
 MAXIMUM TEMPERATURE (F)   38        60      1967
 MINIMUM TEMPERATURE (F)   27         2      1945


SUNRISE AND SUNSET
JANUARY 25 2020.......SUNRISE   712 AM EST   SUNSET   504 PM EST
JANUARY 26 2020.......SUNRISE   712 AM EST   SUNSET   505 PM EST


-  INDICATES NEGATIVE NUMBERS.
R  INDICATES RECORD WAS SET OR TIED.
MM INDICATES DATA IS MISSING.
T  INDICATES TRACE AMOUNT.




$$
