000
CDUS41 KOKX 232037
CLINYC


CLIMATE REPORT
NATIONAL WEATHER SERVICE NEW YORK NY
436 PM EDT MON APR 23 2018


...................................

...THE CENTRAL PARK NY CLIMATE SUMMARY FOR APRIL 23 2018...
VALID TODAY AS OF 0400 PM LOCAL TIME.

CLIMATE NORMAL PERIOD 1981 TO 2010
CLIMATE RECORD PERIOD 1869 TO 2018


WEATHER ITEM   OBSERVED TIME   RECORD YEAR NORMAL DEPARTURE LAST
                VALUE   (LST)  VALUE       VALUE  FROM      YEAR
                                                  NORMAL
..................................................................
TEMPERATURE (F)
 TODAY
  MAXIMUM         68    132 PM  86    2007  64      4       66
  MINIMUM         46    459 AM  32    1930  47     -1       46
  AVERAGE         57                        56      1       56

PRECIPITATION (IN)
  TODAY            0.00          2.34 2006   0.14  -0.14     0.00
  MONTH TO DATE    4.45                      3.52   0.93     2.53
  SINCE MAR 1      9.62                      7.88   1.74     7.78
  SINCE JAN 1     17.63                     14.62   3.01    15.09

SNOWFALL (IN)
  TODAY            0.0           T    1986   0.0    0.0      0.0
                                      2000
  MONTH TO DATE    5.5                       0.6    4.9      0.0
  SINCE OCT 1     40.9                      25.8   15.1     30.2
  SINCE JUL 1     40.9                      25.8   15.1     30.2
  SNOW DEPTH       0

DEGREE DAYS
 HEATING
  TODAY            8                        10     -2        9
  MONTH TO DATE  401                       309     92      223
  SINCE MAR 1   1166                      1009    157     1016
  SINCE JUL 1   4412                      4531   -119     3999

 COOLING
  TODAY            0                         1     -1        0
  MONTH TO DATE    6                         2      4       17
  SINCE MAR 1      6                         3      3       17
  SINCE JAN 1      8                         3      5       17
..................................................................


WIND (MPH)
  HIGHEST WIND SPEED    13   HIGHEST WIND DIRECTION     S (160)
  HIGHEST GUST SPEED    20   HIGHEST GUST DIRECTION     S (160)
  AVERAGE WIND SPEED     4.0


SKY COVER
  AVERAGE SKY COVER 0.0


WEATHER CONDITIONS
 THE FOLLOWING WEATHER WAS RECORDED TODAY.
  NO SIGNIFICANT WEATHER WAS OBSERVED.


RELATIVE HUMIDITY (PERCENT)
 HIGHEST    53           400 AM
 LOWEST     18          1200 PM
 AVERAGE    36

..........................................................


THE CENTRAL PARK NY CLIMATE NORMALS FOR TOMORROW
                         NORMAL    RECORD    YEAR
 MAXIMUM TEMPERATURE (F)   64        87      2001
 MINIMUM TEMPERATURE (F)   48        31      1930


SUNRISE AND SUNSET
APRIL 23 2018.........SUNRISE   605 AM EDT   SUNSET   744 PM EDT
APRIL 24 2018.........SUNRISE   604 AM EDT   SUNSET   745 PM EDT


-  INDICATES NEGATIVE NUMBERS.
R  INDICATES RECORD WAS SET OR TIED.
MM INDICATES DATA IS MISSING.
T  INDICATES TRACE AMOUNT.




$$
