240
CDUS45 KPSR 200813
CLINYL

CLIMATE REPORT
NATIONAL WEATHER SERVICE PHOENIX AZ
112 AM MST WED JUN 20 2018


...................................

...THE YUMA AZ CLIMATE SUMMARY FOR JUNE 19 2018...

CLIMATE NORMAL PERIOD 1981 TO 2010
CLIMATE RECORD PERIOD 1876 TO 2018


WEATHER ITEM   OBSERVED TIME   RECORD YEAR NORMAL DEPARTURE LAST
                VALUE   (LST)  VALUE       VALUE  FROM      YEAR
                                                  NORMAL
..................................................................
TEMPERATURE (F)
 YESTERDAY
  MAXIMUM        102    459 PM 120    2016 105     -3      115
  MINIMUM         70    537 AM  60    1923  76     -6       79
                                      1921
                                      1909
  AVERAGE         86                        90     -4       97

PRECIPITATION (IN)
  YESTERDAY        0.00          T    1967   0.00   0.00     0.00
                                      1966
  MONTH TO DATE    T                         0.01  -0.01     0.00
  SINCE OCT 1      0.25                      2.27  -2.02     2.65
  SINCE JAN 1      0.18                      1.33  -1.15     1.70

DEGREE DAYS
 HEATING
  YESTERDAY        0                         0      0        0
  MONTH TO DATE    0                         0      0        0
  SINCE JUN 1      0                         0      0        0
  SINCE JUL 1    406                       686   -280      526

 COOLING
  YESTERDAY       21                        25     -4       32
  MONTH TO DATE  445                       430     15      412
  SINCE JUN 1    445                       430     15      412
  SINCE JAN 1   1413                      1342     71     1480
..................................................................


WIND (MPH)
  HIGHEST WIND SPEED    13   HIGHEST WIND DIRECTION     S (200)
  HIGHEST GUST SPEED    16   HIGHEST GUST DIRECTION     S (200)
  AVERAGE WIND SPEED     5.4


SKY COVER
  AVERAGE SKY COVER 0.0


WEATHER CONDITIONS
 THE FOLLOWING WEATHER WAS RECORDED YESTERDAY.
  NO SIGNIFICANT WEATHER WAS OBSERVED.


RELATIVE HUMIDITY (PERCENT)
 HIGHEST    61
 LOWEST     11
 AVERAGE    36

..........................................................


THE YUMA AZ CLIMATE NORMALS FOR TODAY
                         NORMAL    RECORD    YEAR
 MAXIMUM TEMPERATURE (F)  105       120      2017
 MINIMUM TEMPERATURE (F)   76        60      1923
                                             1908


SUNRISE AND SUNSET
JUNE 20 2018..........SUNRISE   531 AM MST   SUNSET   749 PM MST
JUNE 21 2018..........SUNRISE   531 AM MST   SUNSET   749 PM MST


-  INDICATES NEGATIVE NUMBERS.
R  INDICATES RECORD WAS SET OR TIED.
MM INDICATES DATA IS MISSING.
T  INDICATES TRACE AMOUNT.

$$
