000
CDUS45 KPSR 250818
CLINYL

CLIMATE REPORT
NATIONAL WEATHER SERVICE PHOENIX AZ
118 AM MST SUN OCT 25 2020

...................................

...THE YUMA AZ CLIMATE SUMMARY FOR OCTOBER 24 2020...

CLIMATE NORMAL PERIOD 1981 TO 2010
CLIMATE RECORD PERIOD 1876 TO 2020


WEATHER ITEM   OBSERVED TIME   RECORD YEAR NORMAL DEPARTURE LAST
                VALUE   (LST)  VALUE       VALUE  FROM      YEAR
                                                  NORMAL
...................................................................
TEMPERATURE (F)
 YESTERDAY
  MAXIMUM         87    502 PM 105    1959  87      0       90
  MINIMUM         69    705 AM  45    1923  62      7       71
  AVERAGE         78                        74      4       81

PRECIPITATION (IN)
  YESTERDAY        0.00          0.54 1987   0.00   0.00     0.00
  MONTH TO DATE    0.00                      0.17  -0.17     0.00
  SINCE OCT 1      0.00                      0.17  -0.17     0.00
  SINCE JAN 1      3.96                      2.79   1.17     1.49

DEGREE DAYS
 HEATING
  YESTERDAY        0                         0      0        0
  MONTH TO DATE    0                         0      0        0
  SINCE SEP 1      0                         0      0        0
  SINCE JUL 1      0                         0      0        0

 COOLING
  YESTERDAY       13                        10      3       16
  MONTH TO DATE  478                       332    146      325
  SINCE SEP 1   1265                      1053    212     1018
  SINCE JAN 1   4831                      4506    325     4316
...................................................................


WIND (MPH)
  HIGHEST WIND SPEED    10   HIGHEST WIND DIRECTION    SW (210)
  HIGHEST GUST SPEED    13   HIGHEST GUST DIRECTION     S (190)
  AVERAGE WIND SPEED     4.9


SKY COVER
  AVERAGE SKY COVER 0.0


WEATHER CONDITIONS
THE FOLLOWING WEATHER WAS RECORDED YESTERDAY.
  NO SIGNIFICANT WEATHER WAS OBSERVED.


RELATIVE HUMIDITY (PERCENT)
 HIGHEST    75
 LOWEST     40
 AVERAGE    58

..........................................................


THE YUMA AZ CLIMATE NORMALS FOR TODAY
                         NORMAL    RECORD    YEAR
 MAXIMUM TEMPERATURE (F)   87       100      1959
 MINIMUM TEMPERATURE (F)   62        44      1908


SUNRISE AND SUNSET
OCTOBER 25 2020.......SUNRISE   651 AM MST   SUNSET   554 PM MST
OCTOBER 26 2020.......SUNRISE   652 AM MST   SUNSET   553 PM MST


-  INDICATES NEGATIVE NUMBERS.
R  INDICATES RECORD WAS SET OR TIED.
MM INDICATES DATA IS MISSING.
T  INDICATES TRACE AMOUNT.




$$
