351
CDUS45 KPSR 200812
CLINYL

CLIMATE REPORT
NATIONAL WEATHER SERVICE PHOENIX AZ
112 AM MST TUE FEB 20 2018

...................................

...THE YUMA AZ CLIMATE SUMMARY FOR FEBRUARY 19 2018...

CLIMATE NORMAL PERIOD 1981 TO 2010
CLIMATE RECORD PERIOD 1876 TO 2018


WEATHER ITEM   OBSERVED TIME   RECORD YEAR NORMAL DEPARTURE LAST
                VALUE   (LST)  VALUE       VALUE  FROM      YEAR
                                                  NORMAL
..................................................................
TEMPERATURE (F)
 YESTERDAY
  MAXIMUM         66    154 PM  92    1981  75     -9       68
  MINIMUM         47   1110 PM  32    1955  51     -4       54
  AVERAGE         57                        63     -6       61

PRECIPITATION (IN)
  YESTERDAY        0.00          0.54 1993   0.01  -0.01      T
  MONTH TO DATE    T                         0.26  -0.26     0.86
  SINCE OCT 1      0.24                      1.57  -1.33     2.12
  SINCE JAN 1      0.17                      0.63  -0.46     1.17

DEGREE DAYS
 HEATING
  YESTERDAY        8                         4      4        4
  MONTH TO DATE   24                        86    -62       24
  SINCE DEC 1    247                       526   -279      429
  SINCE JUL 1    248                       594   -346      475

 COOLING
  YESTERDAY        0                         1     -1        0
  MONTH TO DATE   21                        18      3       36
  SINCE DEC 1     65                        26     39       45
  SINCE JAN 1     52                        24     28       36
..................................................................


WIND (MPH)
  HIGHEST WIND SPEED    32   HIGHEST WIND DIRECTION     W (280)
  HIGHEST GUST SPEED    40   HIGHEST GUST DIRECTION     W (280)
  AVERAGE WIND SPEED    11.4


SKY COVER
  AVERAGE SKY COVER 0.2


WEATHER CONDITIONS
 THE FOLLOWING WEATHER WAS RECORDED YESTERDAY.
  HAZE


RELATIVE HUMIDITY (PERCENT)
 HIGHEST    77
 LOWEST     16
 AVERAGE    47

..........................................................


THE YUMA AZ CLIMATE NORMALS FOR TODAY
                         NORMAL    RECORD    YEAR
 MAXIMUM TEMPERATURE (F)   75        91      1995
 MINIMUM TEMPERATURE (F)   51        31      1955


SUNRISE AND SUNSET
FEBRUARY 20 2018......SUNRISE   716 AM MST   SUNSET   629 PM MST
FEBRUARY 21 2018......SUNRISE   715 AM MST   SUNSET   629 PM MST


-  INDICATES NEGATIVE NUMBERS.
R  INDICATES RECORD WAS SET OR TIED.
MM INDICATES DATA IS MISSING.
T  INDICATES TRACE AMOUNT.

$$
