000
CDUS45 KPSR 240013
CLINYL

CDUS45 KPSR DDHHMM
CLINYL

CLIMATE REPORT
NATIONAL WEATHER SERVICE PHOENIX AZ
510 PM MST SUN SEP 23 2018


...................................

...THE YUMA AZ CLIMATE SUMMARY FOR SEPTEMBER 23 2018...
VALID TODAY AS OF 0500 PM LOCAL TIME.

CLIMATE NORMAL PERIOD 1981 TO 2010
CLIMATE RECORD PERIOD 1876 TO 2018


WEATHER ITEM   OBSERVED TIME   RECORD YEAR NORMAL DEPARTURE LAST
                VALUE   (LST)  VALUE       VALUE  FROM      YEAR
                                                  NORMAL
..................................................................
TEMPERATURE (F)
 TODAY
  MAXIMUM        105    338 PM 110    2002  99      6       86
                                      1992
                                      1966
  MINIMUM         80    711 AM  56    1968  74      6       65
  AVERAGE         93                        87      6       76

PRECIPITATION (IN)
  TODAY            0.00          0.24 1999   0.02  -0.02     0.00
  MONTH TO DATE    0.00                      0.43  -0.43     0.45
  SINCE OCT 1      0.49                      3.46  -2.97     3.19
  SINCE JAN 1      0.42                      2.52  -2.10     2.24

DEGREE DAYS
 HEATING
  TODAY            0                         0      0        0
  MONTH TO DATE    0                         0      0        0
  SINCE SEP 1      0                         0      0        0
  SINCE JUL 1      0                         0      0        0

 COOLING
  TODAY           28                        22      6       11
  MONTH TO DATE  638                       582     56      527
  SINCE SEP 1    638                       582     56      527
  SINCE JAN 1   4243                      4035    208     4295
..................................................................


WIND (MPH)
  HIGHEST WIND SPEED    13   HIGHEST WIND DIRECTION    SE (150)
  HIGHEST GUST SPEED    18   HIGHEST GUST DIRECTION    NW (300)
  AVERAGE WIND SPEED     6.6


SKY COVER
  AVERAGE SKY COVER 0.0


WEATHER CONDITIONS
 THE FOLLOWING WEATHER WAS RECORDED TODAY.
  NO SIGNIFICANT WEATHER WAS OBSERVED.


RELATIVE HUMIDITY (PERCENT)
 HIGHEST    55
 LOWEST     19
 AVERAGE    37

..........................................................


THE YUMA AZ CLIMATE NORMALS FOR TOMORROW
                         NORMAL    RECORD    YEAR
 MAXIMUM TEMPERATURE (F)   99       110      1956
                                             1947
 MINIMUM TEMPERATURE (F)   74        53      1901


SUNRISE AND SUNSET
SEPTEMBER 23 2018.....SUNRISE   627 AM MST   SUNSET   634 PM MST
SEPTEMBER 24 2018.....SUNRISE   628 AM MST   SUNSET   632 PM MST


-  INDICATES NEGATIVE NUMBERS.
R  INDICATES RECORD WAS SET OR TIED.
MM INDICATES DATA IS MISSING.
T  INDICATES TRACE AMOUNT.

$$
