000
CDUS45 KPSR 080852
CLINYL

CLIMATE REPORT
NATIONAL WEATHER SERVICE PHOENIX AZ
148 AM MST SUN DEC 08 2019

...................................

...THE YUMA AZ CLIMATE SUMMARY FOR DECEMBER 7 2019...

CLIMATE NORMAL PERIOD 1981 TO 2010
CLIMATE RECORD PERIOD 1876 TO 2019


WEATHER ITEM   OBSERVED TIME   RECORD YEAR NORMAL DEPARTURE LAST
                VALUE   (LST)  VALUE       VALUE  FROM      YEAR
                                                  NORMAL
...................................................................
TEMPERATURE (F)
 YESTERDAY
  MAXIMUM         67    131 PM  83    1938  69     -2       65
                                      1958
  MINIMUM         54    214 AM  30    1978  47      7       53
  AVERAGE         61                        58      3       59

PRECIPITATION (IN)
  YESTERDAY        0.14          0.56 1886   0.01   0.13     0.47
  MONTH TO DATE    0.14                      0.09   0.05     0.58
  SINCE OCT 1      1.20                      0.52   0.68     1.25
  SINCE JAN 1      2.69                      3.14  -0.45     2.32

DEGREE DAYS
 HEATING
  YESTERDAY        4                         7     -3        6
  MONTH TO DATE   40                        43     -3       57
  SINCE DEC 1     40                        43     -3       57
  SINCE JUL 1    117                       111      6      106

 COOLING
  YESTERDAY        0                         0      0        0
  MONTH TO DATE    0                         0      0        0
  SINCE DEC 1      0                         0      0        0
  SINCE JAN 1   4482                      4649   -167     4834
...................................................................


WIND (MPH)
  HIGHEST WIND SPEED    10   HIGHEST WIND DIRECTION     W (290)
  HIGHEST GUST SPEED    12   HIGHEST GUST DIRECTION     W (280)
  AVERAGE WIND SPEED     3.1


SKY COVER
  AVERAGE SKY COVER 0.3


WEATHER CONDITIONS
THE FOLLOWING WEATHER WAS RECORDED YESTERDAY.
  LIGHT RAIN
  FOG


RELATIVE HUMIDITY (PERCENT)
 HIGHEST    93
 LOWEST     61
 AVERAGE    77

..........................................................


THE YUMA AZ CLIMATE NORMALS FOR TODAY
                         NORMAL    RECORD    YEAR
 MAXIMUM TEMPERATURE (F)   69        84      1962
 MINIMUM TEMPERATURE (F)   47        31      1978


SUNRISE AND SUNSET
DECEMBER  8 2019......SUNRISE   728 AM MST   SUNSET   533 PM MST
DECEMBER  9 2019......SUNRISE   729 AM MST   SUNSET   533 PM MST


-  INDICATES NEGATIVE NUMBERS.
R  INDICATES RECORD WAS SET OR TIED.
MM INDICATES DATA IS MISSING.
T  INDICATES TRACE AMOUNT.




$$
