000
CDUS46 KMTR 180027
CLIOAK


CLIMATE REPORT
NATIONAL WEATHER SERVICE SAN FRANCISCO BAY AREA
527 PM PDT TUE JUL 17 2018


...................................

...THE OAKLAND AIRPORT CLIMATE SUMMARY FOR JULY 17 2018...
VALID TODAY AS OF 0500 PM LOCAL TIME.

CLIMATE NORMAL PERIOD 1981 TO 2010
CLIMATE RECORD PERIOD 1948 TO 2018


WEATHER ITEM   OBSERVED TIME   RECORD YEAR NORMAL DEPARTURE LAST
                VALUE   (LST)  VALUE       VALUE  FROM      YEAR
                                                  NORMAL
..................................................................
TEMPERATURE (F)
 TODAY
  MAXIMUM         69    344 PM  95    1961  70     -1       74
  MINIMUM         56    719 AM  49    1955  56      0       58
  AVERAGE         63                        63      0       66

PRECIPITATION (IN)
  TODAY            0.00          T    2011   0.00   0.00     0.00
  MONTH TO DATE    T                         0.01  -0.01     0.00
  SINCE OCT 1     14.98                     20.54  -5.56    28.48
  SINCE JAN 1     11.76                     13.23  -1.47    20.05

SNOWFALL (IN)
  TODAY            0.0           0.0  1985
  MONTH TO DATE    0.0
  SINCE JUN 1      0.0
  SINCE JUL 1      0.0

DEGREE DAYS
 HEATING
  TODAY            2                         3     -1        0
  MONTH TO DATE   24                        51    -27        9
  SINCE JUN 1    116                       154    -38       48
  SINCE JUL 1     24                        51    -27        9

 COOLING
  TODAY            0                         1     -1        1
  MONTH TO DATE    9                        17     -8       27
  SINCE JUN 1     24                        35    -11       81
  SINCE JAN 1     27                        51    -24      117
..................................................................


WIND (MPH)
  RESULTANT WIND SPEED   8   RESULTANT WIND DIRECTION  NW (300)
  HIGHEST WIND SPEED    17   HIGHEST WIND DIRECTION     W (290)
  HIGHEST GUST SPEED    22   HIGHEST GUST DIRECTION     W (290)
  AVERAGE WIND SPEED     8.5


SKY COVER
  POSSIBLE SUNSHINE  MM
  AVERAGE SKY COVER 0.7


WEATHER CONDITIONS
 THE FOLLOWING WEATHER WAS RECORDED TODAY.
  FOG
  HAZE


RELATIVE HUMIDITY (PERCENT)
 HIGHEST    93          1200 AM
 LOWEST     63           100 PM
 AVERAGE    78

..........................................................


THE OAKLAND AIRPORT CLIMATE NORMALS FOR TOMORROW
                         NORMAL    RECORD    YEAR
 MAXIMUM TEMPERATURE (F)   70        89      1951
 MINIMUM TEMPERATURE (F)   56        51      1955


SUNRISE AND SUNSET
JULY 17 2018..........SUNRISE   601 AM PDT   SUNSET   829 PM PDT
JULY 18 2018..........SUNRISE   601 AM PDT   SUNSET   828 PM PDT


-  INDICATES NEGATIVE NUMBERS.
R  INDICATES RECORD WAS SET OR TIED.
MM INDICATES DATA IS MISSING.
T  INDICATES TRACE AMOUNT.




$$
