000
CDUS46 KMTR 240029
CLIOAK


CLIMATE REPORT
NATIONAL WEATHER SERVICE SAN FRANCISCO BAY AREA
428 PM PST FRI FEB 23 2018


...................................

...THE OAKLAND AIRPORT CLIMATE SUMMARY FOR FEBRUARY 23 2018...
VALID TODAY AS OF 0400 PM LOCAL TIME.

CLIMATE NORMAL PERIOD 1981 TO 2010
CLIMATE RECORD PERIOD 1948 TO 2018


WEATHER ITEM   OBSERVED TIME   RECORD YEAR NORMAL DEPARTURE LAST
                VALUE   (LST)  VALUE       VALUE  FROM      YEAR
                                                  NORMAL
..................................................................
TEMPERATURE (F)
 TODAY
  MAXIMUM         54    343 PM  74    1985  61     -7       55
  MINIMUM         38    707 AM  34    1955  45     -7       41
  AVERAGE         46                        53     -7       48

PRECIPITATION (IN)
  TODAY            0.00          0.69 2010   0.17  -0.17     0.00
  MONTH TO DATE    T                         3.18  -3.18     7.27
  SINCE OCT 1      7.81                     14.48  -6.67    23.23
  SINCE JAN 1      4.59                      7.17  -2.58    14.80

SNOWFALL (IN)
  TODAY            0.0           0.0  1985
  MONTH TO DATE    0.0
  SINCE DEC 1      0.0
  SINCE JUL 1      0.0

DEGREE DAYS
 HEATING
  TODAY           19                        12      7       17
  MONTH TO DATE  272                       302    -30      199
  SINCE DEC 1   1189                      1286    -97     1077
  SINCE JUL 1   1651                      1961   -310     1447

 COOLING
  TODAY            0                         0      0        0
  MONTH TO DATE    0                         0      0        0
  SINCE DEC 1      0                         0      0        0
  SINCE JAN 1      0                         0      0        0
..................................................................


WIND (MPH)
  RESULTANT WIND SPEED   8   RESULTANT WIND DIRECTION  NW (330)
  HIGHEST WIND SPEED    20   HIGHEST WIND DIRECTION     W (290)
  HIGHEST GUST SPEED    22   HIGHEST GUST DIRECTION     W (290)
  AVERAGE WIND SPEED     9.9


SKY COVER
  POSSIBLE SUNSHINE  MM
  AVERAGE SKY COVER 0.0


WEATHER CONDITIONS
 THE FOLLOWING WEATHER WAS RECORDED TODAY.
  NO SIGNIFICANT WEATHER WAS OBSERVED.


RELATIVE HUMIDITY (PERCENT)
 HIGHEST    70           600 AM
 LOWEST     26           100 PM
 AVERAGE    48

..........................................................


THE OAKLAND AIRPORT CLIMATE NORMALS FOR TOMORROW
                         NORMAL    RECORD    YEAR
 MAXIMUM TEMPERATURE (F)   61        74      1954
 MINIMUM TEMPERATURE (F)   45        36      2015
                                             1960


SUNRISE AND SUNSET
FEBRUARY 23 2018......SUNRISE   648 AM PST   SUNSET   557 PM PST
FEBRUARY 24 2018......SUNRISE   647 AM PST   SUNSET   558 PM PST


-  INDICATES NEGATIVE NUMBERS.
R  INDICATES RECORD WAS SET OR TIED.
MM INDICATES DATA IS MISSING.
T  INDICATES TRACE AMOUNT.




$$
