000
CDUS46 KMTR 180836
CLIOAK


CLIMATE REPORT
NATIONAL WEATHER SERVICE SAN FRANCISCO BAY AREA
135 AM PDT THU OCT 18 2018


...................................

...THE OAKLAND AIRPORT CLIMATE SUMMARY FOR OCTOBER 17 2018...

CLIMATE NORMAL PERIOD 1981 TO 2010
CLIMATE RECORD PERIOD 1948 TO 2018


WEATHER ITEM   OBSERVED TIME   RECORD YEAR NORMAL DEPARTURE LAST
                VALUE   (LST)  VALUE       VALUE  FROM      YEAR
                                                  NORMAL
..................................................................
TEMPERATURE (F)
 YESTERDAY
  MAXIMUM         69    145 PM  84    2011  70     -1       76
                                      2008
                                      1974
  MINIMUM         48    458 AM  44    1949  51     -3       49
  AVERAGE         59                        60     -1       63

PRECIPITATION (IN)
  YESTERDAY        0.00          0.21 2004   0.04  -0.04     0.00
  MONTH TO DATE    0.07                      0.47  -0.40     0.00
  SINCE OCT 1      0.07                      0.47  -0.40     0.00
  SINCE JAN 1     11.83                     13.97  -2.14    20.12

SNOWFALL (IN)
  YESTERDAY        0.0                                       0.0
  MONTH TO DATE    0.0                                       0.0
  SINCE SEP 1      0.0                                       0.0
  SINCE JUL 1      0.0                                       0.0

DEGREE DAYS
 HEATING
  YESTERDAY        6                         5      1        2
  MONTH TO DATE   34                        67    -33       50
  SINCE SEP 1    117                       127    -10       71
  SINCE JUL 1    224                       267    -43      123

 COOLING
  YESTERDAY        0                         0      0        0
  MONTH TO DATE   20                        12      8        1
  SINCE SEP 1     26                        57    -31      123
  SINCE JAN 1     63                       137    -74      291
..................................................................


WIND (MPH)
  RESULTANT WIND SPEED   6   RESULTANT WIND DIRECTION  NW (300)
  HIGHEST WIND SPEED    18   HIGHEST WIND DIRECTION     W (290)
  HIGHEST GUST SPEED    21   HIGHEST GUST DIRECTION     W (280)
  AVERAGE WIND SPEED     6.8


SKY COVER
  POSSIBLE SUNSHINE  MM
  AVERAGE SKY COVER 0.3


WEATHER CONDITIONS
 THE FOLLOWING WEATHER WAS RECORDED YESTERDAY.
  FOG
  HAZE


RELATIVE HUMIDITY (PERCENT)
 HIGHEST   100           700 AM
 LOWEST     52           100 PM
 AVERAGE    76

..........................................................


THE OAKLAND AIRPORT CLIMATE NORMALS FOR TODAY
                         NORMAL    RECORD    YEAR
 MAXIMUM TEMPERATURE (F)   69        87      2012
 MINIMUM TEMPERATURE (F)   51        38      1949


SUNRISE AND SUNSET
OCTOBER 18 2018.......SUNRISE   720 AM PDT   SUNSET   627 PM PDT
OCTOBER 19 2018.......SUNRISE   721 AM PDT   SUNSET   626 PM PDT


-  INDICATES NEGATIVE NUMBERS.
R  INDICATES RECORD WAS SET OR TIED.
MM INDICATES DATA IS MISSING.
T  INDICATES TRACE AMOUNT.




$$
