000
CDUS46 KMTR 250845
CLIOAK


CLIMATE REPORT
NATIONAL WEATHER SERVICE SAN FRANCISCO BAY AREA
1245 AM PST TUE FEB 25 2020


...................................

...THE OAKLAND AIRPORT CLIMATE SUMMARY FOR FEBRUARY 24 2020...

CLIMATE NORMAL PERIOD 1981 TO 2010
CLIMATE RECORD PERIOD 1948 TO 2020


WEATHER ITEM   OBSERVED TIME   RECORD YEAR NORMAL DEPARTURE LAST
                VALUE   (LST)  VALUE       VALUE  FROM      YEAR
                                                  NORMAL
..................................................................
TEMPERATURE (F)
 YESTERDAY
  MAXIMUM         68    239 PM  74    1954  61      7       57
  MINIMUM         44    703 AM  33    2018  45     -1       45
  AVERAGE         56                        53      3       51

PRECIPITATION (IN)
  YESTERDAY        0.00          0.84 1958   0.16  -0.16     0.00
  MONTH TO DATE    0.00                      3.34  -3.34     5.16
  SINCE OCT 1      5.80                     14.64  -8.84    13.96
  SINCE JAN 1      1.74                      7.33  -5.59     8.90

SNOWFALL (IN)
  YESTERDAY        0.0                                       0.0
  MONTH TO DATE    0.0                                       0.0
  SINCE DEC 1      0.0                                       0.0
  SINCE JUL 1      0.0                                       0.0

DEGREE DAYS
 HEATING
  YESTERDAY        9                        12     -3       14
  MONTH TO DATE  226                       314    -88      365
  SINCE DEC 1    993                      1298   -305     1117
  SINCE JUL 1   1438                      1973   -535     1694

 COOLING
  YESTERDAY        0                         0      0        0
  MONTH TO DATE    0                         0      0        0
  SINCE DEC 1      0                         0      0        0
  SINCE JAN 1      0                         0      0        0
..................................................................


WIND (MPH)
  RESULTANT WIND SPEED   4   RESULTANT WIND DIRECTION   W (290)
  HIGHEST WIND SPEED    15   HIGHEST WIND DIRECTION     W (280)
  HIGHEST GUST SPEED    18   HIGHEST GUST DIRECTION     W (270)
  AVERAGE WIND SPEED     6.2


SKY COVER
  POSSIBLE SUNSHINE  MM
  AVERAGE SKY COVER 0.1


WEATHER CONDITIONS
 THE FOLLOWING WEATHER WAS RECORDED YESTERDAY.
  FOG


RELATIVE HUMIDITY (PERCENT)
 HIGHEST    86           100 AM
 LOWEST     48           200 PM
 AVERAGE    67

..........................................................


THE OAKLAND AIRPORT CLIMATE NORMALS FOR TODAY
                         NORMAL    RECORD    YEAR
 MAXIMUM TEMPERATURE (F)   61        77      1954
 MINIMUM TEMPERATURE (F)   45        33      1953


SUNRISE AND SUNSET
FEBRUARY 25 2020......SUNRISE   646 AM PST   SUNSET   558 PM PST
FEBRUARY 26 2020......SUNRISE   645 AM PST   SUNSET   559 PM PST


-  INDICATES NEGATIVE NUMBERS.
R  INDICATES RECORD WAS SET OR TIED.
MM INDICATES DATA IS MISSING.
T  INDICATES TRACE AMOUNT.




$$
