541
CDUS46 KMTR 140036
CLIOAK


CLIMATE REPORT
NATIONAL WEATHER SERVICE SAN FRANCISCO BAY AREA
536 PM PDT SUN OCT 13 2019


...................................

...THE OAKLAND AIRPORT CLIMATE SUMMARY FOR OCTOBER 13 2019...
VALID TODAY AS OF 0500 PM LOCAL TIME.

CLIMATE NORMAL PERIOD 1981 TO 2010
CLIMATE RECORD PERIOD 1948 TO 2019


WEATHER ITEM   OBSERVED TIME   RECORD YEAR NORMAL DEPARTURE LAST
                VALUE   (LST)  VALUE       VALUE  FROM      YEAR
                                                  NORMAL
..................................................................
TEMPERATURE (F)
 TODAY
  MAXIMUM         71    144 PM  92    2010  70      1       70
  MINIMUM         47    620 AM  43    2017  52     -5       48
  AVERAGE         59                        61     -2       59

PRECIPITATION (IN)
  TODAY            0.00          4.52 1962   0.04  -0.04     0.00
  MONTH TO DATE    0.00                      0.33  -0.33     0.07
  SINCE OCT 1      0.00                      0.33  -0.33     0.07
  SINCE JAN 1     15.94                     13.83   2.11    11.83

SNOWFALL (IN)
  TODAY            0.0           0.0  1985
  MONTH TO DATE    0.0
  SINCE SEP 1      0.0
  SINCE JUL 1      0.0

DEGREE DAYS
 HEATING
  TODAY            6                         4      2        6
  MONTH TO DATE   41                        47     -6       22
  SINCE SEP 1     56                       107    -51      105
  SINCE JUL 1     71                       247   -176      212

 COOLING
  TODAY            0                         0      0        0
  MONTH TO DATE    9                        12     -3       20
  SINCE SEP 1    114                        57     57       26
  SINCE JAN 1    373                       137    236       63
..................................................................


WIND (MPH)
  RESULTANT WIND SPEED   4   RESULTANT WIND DIRECTION  NW (300)
  HIGHEST WIND SPEED    16   HIGHEST WIND DIRECTION     W (290)
  HIGHEST GUST SPEED    20   HIGHEST GUST DIRECTION     W (290)
  AVERAGE WIND SPEED     5.2


SKY COVER
  POSSIBLE SUNSHINE  MM
  AVERAGE SKY COVER 0.5


WEATHER CONDITIONS
 THE FOLLOWING WEATHER WAS RECORDED TODAY.
  NO SIGNIFICANT WEATHER WAS OBSERVED.


RELATIVE HUMIDITY (PERCENT)
 HIGHEST    86           600 AM
 LOWEST     39           100 PM
 AVERAGE    63

..........................................................


THE OAKLAND AIRPORT CLIMATE NORMALS FOR TOMORROW
                         NORMAL    RECORD    YEAR
 MAXIMUM TEMPERATURE (F)   70        91      2001
 MINIMUM TEMPERATURE (F)   52        44      2017


SUNRISE AND SUNSET
OCTOBER 13 2019.......SUNRISE   715 AM PDT   SUNSET   634 PM PDT
OCTOBER 14 2019.......SUNRISE   716 AM PDT   SUNSET   633 PM PDT


-  INDICATES NEGATIVE NUMBERS.
R  INDICATES RECORD WAS SET OR TIED.
MM INDICATES DATA IS MISSING.
T  INDICATES TRACE AMOUNT.




$$
