538
CDUS43 KOAX 160637
CLIOAX


CLIMATE REPORT
NATIONAL WEATHER SERVICE OMAHA NEBRASKA
134 AM CDT WED OCT 16 2019


...................................

...THE VALLEY NWS NE CLIMATE SUMMARY FOR OCTOBER 15 2019...

CLIMATE NORMAL PERIOD 1981 TO 2010
CLIMATE RECORD PERIOD 1997 TO 2019


WEATHER ITEM   OBSERVED TIME   NORMAL DEPARTURE LAST
                VALUE   (LST)  VALUE  FROM      YEAR
                                      NORMAL
......................................................
TEMPERATURE (F)
 YESTERDAY
  MAXIMUM         57    117 PM  65     -8       48
  MINIMUM         44    656 AM  42      2       28
  AVERAGE         51            54     -3       38

PRECIPITATION (IN)
  YESTERDAY        0.00          0.08  -0.08     0.00
  MONTH TO DATE    5.16          1.20   3.96     2.72
  SINCE SEP 1     11.39          4.05   7.34     8.63
  SINCE JAN 1     36.80         28.97   7.83    36.19

SNOWFALL (IN)
  YESTERDAY        0.0                           0.0
  MONTH TO DATE    T                             3.2
  SINCE SEP 1      T                             3.2
  SINCE JUL 1      T                             3.2
  SNOW DEPTH       0

DEGREE DAYS
 HEATING
  YESTERDAY       14            12      2       27
  MONTH TO DATE  186           140     46      234
  SINCE SEP 1    192           230    -38      310
  SINCE JUL 1    192           236    -44      311

 COOLING
  YESTERDAY        0             0      0        0
  MONTH TO DATE    0            13    -13        4
  SINCE SEP 1    250           121    129      183
  SINCE JAN 1   1286          1072    214     1355
......................................................


WIND (MPH)
  HIGHEST WIND SPEED    MM   HIGHEST WIND DIRECTION    MM
  HIGHEST GUST SPEED    40   HIGHEST GUST DIRECTION    MM


SKY COVER
  POSSIBLE SUNSHINE  MM


WEATHER CONDITIONS
 THE FOLLOWING WEATHER WAS RECORDED YESTERDAY.
  NO SIGNIFICANT WEATHER WAS OBSERVED.


..........................................................


THE VALLEY NWS NE CLIMATE NORMALS FOR TODAY
                         NORMAL
 MAXIMUM TEMPERATURE (F)   64
 MINIMUM TEMPERATURE (F)   42


SUNRISE AND SUNSET
OCTOBER 16 2019.......SUNRISE   738 AM CDT   SUNSET   643 PM CDT
OCTOBER 17 2019.......SUNRISE   739 AM CDT   SUNSET   642 PM CDT


-  INDICATES NEGATIVE NUMBERS.
R  INDICATES RECORD WAS SET OR TIED.
MM INDICATES DATA IS MISSING.
T  INDICATES TRACE AMOUNT.




$$
