890
CDUS43 KOAX 160644
CLIOAX


CLIMATE REPORT
NATIONAL WEATHER SERVICE OMAHA NEBRASKA
142 AM CDT MON JUL 16 2018


...................................

...THE VALLEY  NWS, NEBRASKA CLIMATE SUMMARY FOR JULY 15 2018...

CLIMATE NORMAL PERIOD 1981 TO 2010
CLIMATE RECORD PERIOD 1997 TO 2018


WEATHER ITEM   OBSERVED TIME   NORMAL DEPARTURE LAST
                VALUE   (LST)  VALUE  FROM      YEAR
                                      NORMAL
......................................................
TEMPERATURE (F)
 YESTERDAY
  MAXIMUM         90    228 PM  86      4       92
  MINIMUM         66    529 AM  67     -1       72
  AVERAGE         78            77      1       82

PRECIPITATION (IN)
  YESTERDAY        0.00          0.15  -0.15     0.00
  MONTH TO DATE    1.07          2.29  -1.22     0.97
  SINCE JUN 1     12.99          7.38   5.61     3.72
  SINCE JAN 1     21.16         18.70   2.46    19.07

SNOWFALL (IN)
  YESTERDAY        0.0                           0.0
  MONTH TO DATE    0.0                           0.0
  SINCE JUL 1      0.0                           0.0
  SNOW DEPTH       0

DEGREE DAYS
 HEATING
  YESTERDAY        0             0      0        0
  MONTH TO DATE    0             0      0        0
  SINCE JUN 1      0            16    -16        0
  SINCE JUL 1      0             0      0        0

 COOLING
  YESTERDAY       13            12      1       17
  MONTH TO DATE  208           172     36      198
  SINCE JUN 1    544           406    138      507
  SINCE JAN 1    735           478    257      571
......................................................


WIND (MPH)
  HIGHEST WIND SPEED    MM   HIGHEST WIND DIRECTION    MM
  HIGHEST GUST SPEED    13   HIGHEST GUST DIRECTION    MM


SKY COVER
  POSSIBLE SUNSHINE  MM


WEATHER CONDITIONS
 THE FOLLOWING WEATHER WAS RECORDED YESTERDAY.
  FOG


..........................................................


THE VALLEY  NWS, NEBRASKA CLIMATE NORMALS FOR TODAY
                         NORMAL
 MAXIMUM TEMPERATURE (F)   86
 MINIMUM TEMPERATURE (F)   68


SUNRISE AND SUNSET
JULY 16 2018..........SUNRISE   606 AM CDT   SUNSET   857 PM CDT
JULY 17 2018..........SUNRISE   607 AM CDT   SUNSET   856 PM CDT


-  INDICATES NEGATIVE NUMBERS.
R  INDICATES RECORD WAS SET OR TIED.
MM INDICATES DATA IS MISSING.
T  INDICATES TRACE AMOUNT.




$$
