787
CDUS43 KOAX 150623
CLIOAX

CLIMATE REPORT
NATIONAL WEATHER SERVICE OMAHA/VALLEY NE
123 AM CDT TUE JUN 15 2021

...................................

...THE VALLEY NWS NE CLIMATE SUMMARY FOR JUNE 14 2021...

CLIMATE NORMAL PERIOD 1991 TO 2020
CLIMATE RECORD PERIOD 1997 TO 2021


WEATHER ITEM   OBSERVED TIME   NORMAL DEPARTURE LAST
                VALUE   (LST)  VALUE  FROM      YEAR
                                      NORMAL
.......................................................
TEMPERATURE (F)
 YESTERDAY
  MAXIMUM         93    302 PM  83     10       92
  MINIMUM         67    402 AM  64      3       73
  AVERAGE         80            73      7       83

PRECIPITATION (IN)
  YESTERDAY        0.00          0.18  -0.18     0.00
  MONTH TO DATE    1.36          2.56  -1.20     1.18
  SINCE JUN 1      1.36          2.56  -1.20     1.18
  SINCE JAN 1     16.37         14.07   2.30     8.43

SNOWFALL (IN)
  YESTERDAY        0.0                           0.0
  MONTH TO DATE    0.0                           0.0
  SINCE JUN 1      0.0                           0.0
  SINCE JUL 1     43.8                          23.4
  SNOW DEPTH       0

DEGREE DAYS
 HEATING
  YESTERDAY        0             0      0        0
  MONTH TO DATE    0            10    -10        0
  SINCE JUN 1      0            10    -10        0
  SINCE JUL 1   5808          5940   -132     5746

 COOLING
  YESTERDAY       15             9      6       18
  MONTH TO DATE  162           101     61      200
  SINCE JUN 1    162           101     61      200
  SINCE JAN 1    267           193     74      236
.......................................................


WIND (MPH)
  HIGHEST WIND SPEED    MM   HIGHEST WIND DIRECTION    MM
  HIGHEST GUST SPEED    13   HIGHEST GUST DIRECTION    MM


WEATHER CONDITIONS
THE FOLLOWING WEATHER WAS RECORDED YESTERDAY.
  NO SIGNIFICANT WEATHER WAS OBSERVED.

..........................................................


THE VALLEY NWS NE CLIMATE NORMALS FOR TODAY
                         NORMAL




SUNRISE AND SUNSET
JUNE 15 2021..........SUNRISE   552 AM CDT   SUNSET   901 PM CDT
JUNE 16 2021..........SUNRISE   552 AM CDT   SUNSET   901 PM CDT


-  INDICATES NEGATIVE NUMBERS.
R  INDICATES RECORD WAS SET OR TIED.
MM INDICATES DATA IS MISSING.
T  INDICATES TRACE AMOUNT.




$$
