000
CDUS43 KOAX 160708
CLIOAX


CLIMATE REPORT
NATIONAL WEATHER SERVICE OMAHA NEBRASKA
107 AM CST WED JAN 16 2019


...................................

...THE VALLEY  NWS, NEBRASKA CLIMATE SUMMARY FOR JANUARY 15 2019...

CLIMATE NORMAL PERIOD 1981 TO 2010
CLIMATE RECORD PERIOD 1997 TO 2019


WEATHER ITEM   OBSERVED TIME   NORMAL DEPARTURE LAST
                VALUE   (LST)  VALUE  FROM      YEAR
                                      NORMAL
......................................................
TEMPERATURE (F)
 YESTERDAY
  MAXIMUM         33    244 AM  32      1       17
  MINIMUM         29   1004 PM  14     15       -2
  AVERAGE         31            23      8        8

PRECIPITATION (IN)
  YESTERDAY        T             0.02  -0.02      T
  MONTH TO DATE    0.22          0.34  -0.12     0.08
  SINCE DEC 1      3.92          1.45   2.47     0.46
  SINCE JAN 1      0.22          0.34  -0.12     0.08

SNOWFALL (IN)
  YESTERDAY        0.0                            T
  MONTH TO DATE    2.3                           1.1
  SINCE JUL 1     13.0                           4.4
  SNOW DEPTH       1

DEGREE DAYS
 HEATING
  YESTERDAY       34            42     -8       57
  MONTH TO DATE  489           630   -141      709
  SINCE DEC 1   1562          1840   -278     1862
  SINCE JUL 1   3005          3110   -105     2937

 COOLING
  YESTERDAY        0             0      0        0
  MONTH TO DATE    0             0      0        0
  SINCE DEC 1      0             0      0        0
  SINCE JAN 1      0             0      0        0
......................................................


WIND (MPH)
  HIGHEST WIND SPEED    MM   HIGHEST WIND DIRECTION    MM
  HIGHEST GUST SPEED    21   HIGHEST GUST DIRECTION    MM


SKY COVER
  POSSIBLE SUNSHINE  MM


WEATHER CONDITIONS
 THE FOLLOWING WEATHER WAS RECORDED YESTERDAY.
  FOG
  FOG W/VISIBILITY <= 1/4 MILE


..........................................................


THE VALLEY  NWS, NEBRASKA CLIMATE NORMALS FOR TODAY
                         NORMAL
 MAXIMUM TEMPERATURE (F)   32
 MINIMUM TEMPERATURE (F)   14


SUNRISE AND SUNSET
JANUARY 16 2019.......SUNRISE   749 AM CST   SUNSET   522 PM CST
JANUARY 17 2019.......SUNRISE   748 AM CST   SUNSET   523 PM CST


-  INDICATES NEGATIVE NUMBERS.
R  INDICATES RECORD WAS SET OR TIED.
MM INDICATES DATA IS MISSING.
T  INDICATES TRACE AMOUNT.




$$
