000
CDUS43 KOAX 170623
CLIOAX


CLIMATE REPORT
NATIONAL WEATHER SERVICE OMAHA NEBRASKA
123 AM CDT WED OCT 17 2018


...................................

...THE VALLEY  NWS, NEBRASKA CLIMATE SUMMARY FOR OCTOBER 16 2018...

CLIMATE NORMAL PERIOD 1981 TO 2010
CLIMATE RECORD PERIOD 1997 TO 2018


WEATHER ITEM   OBSERVED TIME   NORMAL DEPARTURE LAST
                VALUE   (LST)  VALUE  FROM      YEAR
                                      NORMAL
......................................................
TEMPERATURE (F)
 YESTERDAY
  MAXIMUM         69    346 PM  64      5       73
  MINIMUM         33    629 AM  42     -9       40
  AVERAGE         51            53     -2       57

PRECIPITATION (IN)
  YESTERDAY        0.00          0.08  -0.08     0.00
  MONTH TO DATE    2.72          1.28   1.44     5.41
  SINCE SEP 1      8.63          4.13   4.50    10.35
  SINCE JAN 1     36.19         29.05   7.14    35.57

SNOWFALL (IN)
  YESTERDAY        0.0                           0.0
  MONTH TO DATE    3.2                           0.0
  SINCE JUL 1      3.2                           0.0
  SNOW DEPTH       0

DEGREE DAYS
 HEATING
  YESTERDAY       14            12      2        8
  MONTH TO DATE  248           152     96      116
  SINCE SEP 1    324           242     82      150
  SINCE JUL 1    325           248     77      150

 COOLING
  YESTERDAY        0             0      0        0
  MONTH TO DATE    4            13     -9       12
  SINCE SEP 1    183           121     62      198
  SINCE JAN 1   1355          1072    283     1203
......................................................


WIND (MPH)
  HIGHEST WIND SPEED    MM   HIGHEST WIND DIRECTION    MM
  HIGHEST GUST SPEED    23   HIGHEST GUST DIRECTION    MM


SKY COVER
  POSSIBLE SUNSHINE  MM


WEATHER CONDITIONS
 THE FOLLOWING WEATHER WAS RECORDED YESTERDAY.
  NO SIGNIFICANT WEATHER WAS OBSERVED.


..........................................................


THE VALLEY  NWS, NEBRASKA CLIMATE NORMALS FOR TODAY
                         NORMAL
 MAXIMUM TEMPERATURE (F)   64
 MINIMUM TEMPERATURE (F)   42


SUNRISE AND SUNSET
OCTOBER 17 2018.......SUNRISE   740 AM CDT   SUNSET   641 PM CDT
OCTOBER 18 2018.......SUNRISE   741 AM CDT   SUNSET   640 PM CDT


-  INDICATES NEGATIVE NUMBERS.
R  INDICATES RECORD WAS SET OR TIED.
MM INDICATES DATA IS MISSING.
T  INDICATES TRACE AMOUNT.




$$
