000
CDUS43 KOAX 112123
CLIOAX


CLIMATE REPORT
NATIONAL WEATHER SERVICE OMAHA NEBRASKA
422 PM CDT TUE AUG 11 2020


...................................

...THE VALLEY NWS NE CLIMATE SUMMARY FOR AUGUST 11 2020...
VALID TODAY AS OF 0400 PM LOCAL TIME.

CLIMATE NORMAL PERIOD 1981 TO 2010
CLIMATE RECORD PERIOD 1997 TO 2020


WEATHER ITEM   OBSERVED TIME   NORMAL DEPARTURE LAST
                VALUE   (LST)  VALUE  FROM      YEAR
                                      NORMAL
......................................................
TEMPERATURE (F)
 TODAY
  MAXIMUM         86    312 PM  85      1       85
  MINIMUM         61    441 AM  65     -4       71
  AVERAGE         74            75     -1       78

PRECIPITATION (IN)
  TODAY            0.00          0.13  -0.13     3.08
  MONTH TO DATE    1.06          1.38  -0.32     3.18
  SINCE JUN 1      6.62         10.92  -4.30     8.47
  SINCE JAN 1     13.87         22.24  -8.37    23.74

SNOWFALL (IN)
  TODAY            0.0                           0.0
  MONTH TO DATE    0.0                           0.0
  SINCE JUN 1      0.0                            T
  SINCE JUL 1      0.0                           0.0
  SNOW DEPTH       0

DEGREE DAYS
 HEATING
  TODAY            0             0      0        0
  MONTH TO DATE    0             0      0        0
  SINCE JUN 1      0            17    -17        1
  SINCE JUL 1      0             1     -1        0

 COOLING
  TODAY            9            10     -1       13
  MONTH TO DATE   94           118    -24      143
  SINCE JUN 1    900           711    189      816
  SINCE JAN 1    936           783    153      882
......................................................


WIND (MPH)
  HIGHEST WIND SPEED    MM   HIGHEST WIND DIRECTION    MM
  HIGHEST GUST SPEED    18   HIGHEST GUST DIRECTION    MM



WEATHER CONDITIONS
 THE FOLLOWING WEATHER WAS RECORDED TODAY.
  NO SIGNIFICANT WEATHER WAS OBSERVED.


..........................................................


THE VALLEY NWS NE CLIMATE NORMALS FOR TOMORROW
                         NORMAL
 MAXIMUM TEMPERATURE (F)   85
 MINIMUM TEMPERATURE (F)   65


SUNRISE AND SUNSET
AUGUST 11 2020........SUNRISE   631 AM CDT   SUNSET   829 PM CDT
AUGUST 12 2020........SUNRISE   632 AM CDT   SUNSET   828 PM CDT


-  INDICATES NEGATIVE NUMBERS.
R  INDICATES RECORD WAS SET OR TIED.
MM INDICATES DATA IS MISSING.
T  INDICATES TRACE AMOUNT.




$$
