000
CDUS43 KGID 210624
CLIODX


CLIMATE REPORT
NATIONAL WEATHER SERVICE HASTINGS NE
123 AM CDT FRI SEP 21 2018


...................................

...THE ORD NE CLIMATE SUMMARY FOR SEPTEMBER 20 2018...

CLIMATE NORMAL PERIOD 1981 TO 2010
CLIMATE RECORD PERIOD 1895 TO 2018


WEATHER ITEM   OBSERVED TIME   NORMAL DEPARTURE LAST
                VALUE   (LST)  VALUE  FROM      YEAR
                                      NORMAL
......................................................
TEMPERATURE (F)
 YESTERDAY
  MAXIMUM         78   1110 AM  77      1       77
  MINIMUM         54   1159 PM  47      7       47
  AVERAGE         66            62      4       62

PRECIPITATION (IN)
  YESTERDAY        0.19          0.09   0.10     0.00
  MONTH TO DATE    1.45          1.75  -0.30     0.63
  SINCE SEP 1      1.45          1.75  -0.30     0.63
  SINCE JAN 1     25.26         20.66   4.60    20.80

DEGREE DAYS
 HEATING
  YESTERDAY        0             5     -5        3
  MONTH TO DATE    0            51    -51       48
  SINCE SEP 1      0            51    -51       48
  SINCE JUL 1     19            65    -46       56

 COOLING
  YESTERDAY        1             2     -1        0
  MONTH TO DATE  131            71     60       74
  SINCE SEP 1    131            71     60       74
  SINCE JAN 1    917           828     89      818
......................................................


WIND (MPH)
  HIGHEST WIND SPEED    20   HIGHEST WIND DIRECTION    NW (330)
  HIGHEST GUST SPEED    27   HIGHEST GUST DIRECTION     N (340)
  AVERAGE WIND SPEED     8.1


SKY COVER
  AVERAGE SKY COVER 0.7


WEATHER CONDITIONS
 THE FOLLOWING WEATHER WAS RECORDED YESTERDAY.
  THUNDERSTORM
  HEAVY RAIN
  LIGHT RAIN
  FOG


RELATIVE HUMIDITY (PERCENT)
 HIGHEST   100           400 AM
 LOWEST     79          1000 AM
 AVERAGE    90

..........................................................


THE ORD NE CLIMATE NORMALS FOR TODAY
                         NORMAL
 MAXIMUM TEMPERATURE (F)   76
 MINIMUM TEMPERATURE (F)   46


SUNRISE AND SUNSET
SEPTEMBER 21 2018.....SUNRISE   722 AM CDT   SUNSET   735 PM CDT
SEPTEMBER 22 2018.....SUNRISE   723 AM CDT   SUNSET   733 PM CDT


-  INDICATES NEGATIVE NUMBERS.
R  INDICATES RECORD WAS SET OR TIED.
MM INDICATES DATA IS MISSING.
T  INDICATES TRACE AMOUNT.




$$
