000
CDUS43 KGID 180634
CLIODX


CLIMATE REPORT
NATIONAL WEATHER SERVICE HASTINGS NE
132 AM CDT MON JUN 18 2018


...................................

...THE ORD NE CLIMATE SUMMARY FOR JUNE 17 2018...

CLIMATE NORMAL PERIOD 1981 TO 2010
CLIMATE RECORD PERIOD 1895 TO 2018


WEATHER ITEM   OBSERVED TIME   NORMAL DEPARTURE LAST
                VALUE   (LST)  VALUE  FROM      YEAR
                                      NORMAL
......................................................
TEMPERATURE (F)
 YESTERDAY
  MAXIMUM         89    605 PM  82      7       78
  MINIMUM         66   1159 PM  58      8       52
  AVERAGE         78            70      8       65

PRECIPITATION (IN)
  YESTERDAY        0.12          0.14  -0.02      T
  MONTH TO DATE    2.10          2.81  -0.71     0.41
  SINCE JUN 1      2.10          2.81  -0.71     0.41
  SINCE JAN 1      9.93         11.47  -1.54    11.53

DEGREE DAYS
 HEATING
  YESTERDAY        0             1     -1        0
  MONTH TO DATE    1            29    -28        0
  SINCE JUN 1      1            29    -28        0
  SINCE JUL 1   6830          6599    231     5948

 COOLING
  YESTERDAY       13             6      7        0
  MONTH TO DATE  149            69     80      156
  SINCE JUN 1    149            69     80      156
  SINCE JAN 1    245           110    135      170
......................................................


WIND (MPH)
  HIGHEST WIND SPEED    21   HIGHEST WIND DIRECTION    NW (300)
  HIGHEST GUST SPEED    31   HIGHEST GUST DIRECTION     S (170)
  AVERAGE WIND SPEED    12.1


SKY COVER
  AVERAGE SKY COVER 0.5


WEATHER CONDITIONS
 THE FOLLOWING WEATHER WAS RECORDED YESTERDAY.
  THUNDERSTORM
  RAIN
  LIGHT RAIN
  FOG


RELATIVE HUMIDITY (PERCENT)
 HIGHEST    90           900 PM
 LOWEST     52           600 PM
 AVERAGE    71

..........................................................


THE ORD NE CLIMATE NORMALS FOR TODAY
                         NORMAL
 MAXIMUM TEMPERATURE (F)   82
 MINIMUM TEMPERATURE (F)   58


SUNRISE AND SUNSET
JUNE 18 2018..........SUNRISE   601 AM CDT   SUNSET   913 PM CDT
JUNE 19 2018..........SUNRISE   601 AM CDT   SUNSET   913 PM CDT


-  INDICATES NEGATIVE NUMBERS.
R  INDICATES RECORD WAS SET OR TIED.
MM INDICATES DATA IS MISSING.
T  INDICATES TRACE AMOUNT.




$$
