000
CDUS43 KGID 250623
CLIODX


CLIMATE REPORT
NATIONAL WEATHER SERVICE HASTINGS NE
122 AM CDT MON MAY 25 2020


...................................

...THE ORD NE CLIMATE SUMMARY FOR MAY 24 2020...

CLIMATE NORMAL PERIOD 1981 TO 2010
CLIMATE RECORD PERIOD 1895 TO 2020


WEATHER ITEM   OBSERVED TIME   NORMAL DEPARTURE LAST
                VALUE   (LST)  VALUE  FROM      YEAR
                                      NORMAL
......................................................
TEMPERATURE (F)
 YESTERDAY
  MAXIMUM         72    416 PM  74     -2       76
  MINIMUM         54    449 AM  50      4       51
  AVERAGE         63            62      1       64

PRECIPITATION (IN)
  YESTERDAY        1.01          0.15   0.86     0.02
  MONTH TO DATE    3.06          2.79   0.27     4.51
  SINCE MAR 1      6.06          6.83  -0.77    11.53
  SINCE JAN 1      6.97          7.64  -0.67    12.70

DEGREE DAYS
 HEATING
  YESTERDAY        2             5     -3        1
  MONTH TO DATE  251           191     60      295
  SINCE MAR 1   1580          1527     53     1779
  SINCE JUL 1   6562          6544     18     7174

 COOLING
  YESTERDAY        0             2     -2        0
  MONTH TO DATE    4            25    -21       17
  SINCE MAR 1      4            27    -23       17
  SINCE JAN 1      4            27    -23       17
......................................................


WIND (MPH)
  HIGHEST WIND SPEED    40   HIGHEST WIND DIRECTION    NW (310)
  HIGHEST GUST SPEED    54   HIGHEST GUST DIRECTION    NW (300)
  AVERAGE WIND SPEED    12.3


SKY COVER
  AVERAGE SKY COVER 0.6


WEATHER CONDITIONS
 THE FOLLOWING WEATHER WAS RECORDED YESTERDAY.
  THUNDERSTORM
  HEAVY RAIN
  RAIN
  LIGHT RAIN
  FOG


RELATIVE HUMIDITY (PERCENT)
 HIGHEST    93           400 AM
 LOWEST     61           300 PM
 AVERAGE    77

..........................................................


THE ORD NE CLIMATE NORMALS FOR TODAY
                         NORMAL
 MAXIMUM TEMPERATURE (F)   75
 MINIMUM TEMPERATURE (F)   50


SUNRISE AND SUNSET
MAY 25 2020...........SUNRISE   608 AM CDT   SUNSET   858 PM CDT
MAY 26 2020...........SUNRISE   607 AM CDT   SUNSET   859 PM CDT


-  INDICATES NEGATIVE NUMBERS.
R  INDICATES RECORD WAS SET OR TIED.
MM INDICATES DATA IS MISSING.
T  INDICATES TRACE AMOUNT.




$$
