531
CDUS43 KGID 232231
CLIODX


CLIMATE REPORT
NATIONAL WEATHER SERVICE HASTINGS NE
531 PM CDT WED OCT 23 2019


...................................

...THE ORD NE CLIMATE SUMMARY FOR OCTOBER 23 2019...
VALID TODAY AS OF 0500 PM LOCAL TIME.

CLIMATE NORMAL PERIOD 1981 TO 2010
CLIMATE RECORD PERIOD 1895 TO 2019


WEATHER ITEM   OBSERVED TIME   NORMAL DEPARTURE LAST
                VALUE   (LST)  VALUE  FROM      YEAR
                                      NORMAL
......................................................
TEMPERATURE (F)
 TODAY
  MAXIMUM         59    143 PM  60     -1       63
  MINIMUM         34    404 AM  34      0       26
  AVERAGE         47            47      0       45

PRECIPITATION (IN)
  TODAY            T             0.06  -0.06     0.00
  MONTH TO DATE    1.80          1.54   0.26     2.26
  SINCE SEP 1      2.72          3.98  -1.26     3.79
  SINCE JAN 1     35.85         22.89  12.96    27.60

DEGREE DAYS
 HEATING
  TODAY           18            18      0       20
  MONTH TO DATE  401           323     78      433
  SINCE SEP 1    425           446    -21      555
  SINCE JUL 1    435           460    -25      574

 COOLING
  TODAY            0             0      0        0
  MONTH TO DATE    0             6     -6        0
  SINCE SEP 1    158            87     71      131
  SINCE JAN 1    837           844     -7      917
......................................................


WIND (MPH)
  HIGHEST WIND SPEED    29   HIGHEST WIND DIRECTION    NW (310)
  HIGHEST GUST SPEED    40   HIGHEST GUST DIRECTION    NW (310)
  AVERAGE WIND SPEED    12.2


SKY COVER
  AVERAGE SKY COVER 0.3


WEATHER CONDITIONS
 THE FOLLOWING WEATHER WAS RECORDED TODAY.
  LIGHT RAIN


RELATIVE HUMIDITY (PERCENT)
 HIGHEST    92           200 AM
 LOWEST     40          1200 PM
 AVERAGE    66

..........................................................


THE ORD NE CLIMATE NORMALS FOR TOMORROW
                         NORMAL
 MAXIMUM TEMPERATURE (F)   59
 MINIMUM TEMPERATURE (F)   34


SUNRISE AND SUNSET
OCTOBER 23 2019.......SUNRISE   757 AM CDT   SUNSET   643 PM CDT
OCTOBER 24 2019.......SUNRISE   758 AM CDT   SUNSET   641 PM CDT


-  INDICATES NEGATIVE NUMBERS.
R  INDICATES RECORD WAS SET OR TIED.
MM INDICATES DATA IS MISSING.
T  INDICATES TRACE AMOUNT.




$$
