000
CDUS43 KGID 242342
CLIODX


CLIMATE REPORT
NATIONAL WEATHER SERVICE HASTINGS NE
541 PM CST SAT FEB 24 2018


...................................

...THE ORD NE CLIMATE SUMMARY FOR FEBRUARY 24 2018...
VALID TODAY AS OF 0500 PM LOCAL TIME.

CLIMATE NORMAL PERIOD 1981 TO 2010
CLIMATE RECORD PERIOD 1895 TO 2018


WEATHER ITEM   OBSERVED TIME   NORMAL DEPARTURE LAST
                VALUE   (LST)  VALUE  FROM      YEAR
                                      NORMAL
......................................................
TEMPERATURE (F)
 TODAY
  MAXIMUM         34    443 PM  42     -8       26
  MINIMUM          8   1235 AM  17     -9       12
  AVERAGE         21            30     -9       19

PRECIPITATION (IN)
  TODAY           MM             0.01  MM        0.18
  MONTH TO DATE    0.51          0.39   0.12     0.79
  SINCE DEC 1      1.77          1.35   0.42     2.35
  SINCE JAN 1      1.34          0.76   0.58     1.94

DEGREE DAYS
 HEATING
  TODAY           44            35      9       46
  MONTH TO DATE 1121           904    217      712
  SINCE DEC 1   3661          3399    262     3250
  SINCE JUL 1   5006          4880    126     4366

 COOLING
  TODAY            0             0      0        0
  MONTH TO DATE    0             0      0        0
  SINCE DEC 1      0             0      0        0
  SINCE JAN 1      0             0      0        0
......................................................


WIND (MPH)
  HIGHEST WIND SPEED    26   HIGHEST WIND DIRECTION    NW (300)
  HIGHEST GUST SPEED    35   HIGHEST GUST DIRECTION    NW (300)
  AVERAGE WIND SPEED     5.9


SKY COVER
  AVERAGE SKY COVER 0.8


WEATHER CONDITIONS
 THE FOLLOWING WEATHER WAS RECORDED TODAY.
  LIGHT SNOW
  FOG
  HAZE


RELATIVE HUMIDITY (PERCENT)
 HIGHEST    92           300 AM
 LOWEST     61           500 PM
 AVERAGE    77

..........................................................


THE ORD NE CLIMATE NORMALS FOR TOMORROW
                         NORMAL
 MAXIMUM TEMPERATURE (F)   43
 MINIMUM TEMPERATURE (F)   18


SUNRISE AND SUNSET
FEBRUARY 24 2018......SUNRISE   718 AM CST   SUNSET   620 PM CST
FEBRUARY 25 2018......SUNRISE   717 AM CST   SUNSET   622 PM CST


-  INDICATES NEGATIVE NUMBERS.
R  INDICATES RECORD WAS SET OR TIED.
MM INDICATES DATA IS MISSING.
T  INDICATES TRACE AMOUNT.




$$
