000
CDUS43 KGID 160629
CLIODX


CLIMATE REPORT
NATIONAL WEATHER SERVICE HASTINGS NE
1227 AM CST SUN DEC 16 2018


...................................

...THE ORD NE CLIMATE SUMMARY FOR DECEMBER 15 2018...

CLIMATE NORMAL PERIOD 1981 TO 2010
CLIMATE RECORD PERIOD 1895 TO 2018


WEATHER ITEM   OBSERVED TIME   NORMAL DEPARTURE LAST
                VALUE   (LST)  VALUE  FROM      YEAR
                                      NORMAL
......................................................
TEMPERATURE (F)
 YESTERDAY
  MAXIMUM         49    147 PM  36     13       49
  MINIMUM         18    816 AM  13      5       21
  AVERAGE         34            24     10       35

PRECIPITATION (IN)
  YESTERDAY        0.00          0.01  -0.01     0.00
  MONTH TO DATE    1.45          0.44   1.01     0.06
  SINCE DEC 1      1.45          0.44   1.01     0.06
  SINCE JAN 1     30.17         24.79   5.38    28.70

DEGREE DAYS
 HEATING
  YESTERDAY       31            41    -10       30
  MONTH TO DATE  609           580     29      442
  SINCE DEC 1    609           580     29      442
  SINCE JUL 1   2273          2061    212     1787

 COOLING
  YESTERDAY        0             0      0        0
  MONTH TO DATE    0             0      0        0
  SINCE DEC 1      0             0      0        0
  SINCE JAN 1    917           845     72      840
......................................................


WIND (MPH)
  HIGHEST WIND SPEED    17   HIGHEST WIND DIRECTION    SW (210)
  HIGHEST GUST SPEED    23   HIGHEST GUST DIRECTION    SW (230)
  AVERAGE WIND SPEED     3.5


SKY COVER
  AVERAGE SKY COVER 0.0


WEATHER CONDITIONS
 THE FOLLOWING WEATHER WAS RECORDED YESTERDAY.
  NO SIGNIFICANT WEATHER WAS OBSERVED.


RELATIVE HUMIDITY (PERCENT)
 HIGHEST   100           300 AM
 LOWEST     44           200 PM
 AVERAGE    72

..........................................................


THE ORD NE CLIMATE NORMALS FOR TODAY
                         NORMAL
 MAXIMUM TEMPERATURE (F)   36
 MINIMUM TEMPERATURE (F)   13


SUNRISE AND SUNSET
DECEMBER 16 2018......SUNRISE   756 AM CST   SUNSET   507 PM CST
DECEMBER 17 2018......SUNRISE   757 AM CST   SUNSET   507 PM CST


-  INDICATES NEGATIVE NUMBERS.
R  INDICATES RECORD WAS SET OR TIED.
MM INDICATES DATA IS MISSING.
T  INDICATES TRACE AMOUNT.

$$

KELLEY
