000
CDUS43 KGID 300648
CLIODX

CLIMATE REPORT
NATIONAL WEATHER SERVICE HASTINGS NE
148 AM CDT FRI OCT 30 2020

...................................

...THE ORD NE CLIMATE SUMMARY FOR OCTOBER 29 2020...

CLIMATE NORMAL PERIOD 1981 TO 2010
CLIMATE RECORD PERIOD 1895 TO 2020


WEATHER ITEM   OBSERVED TIME   NORMAL DEPARTURE LAST
                VALUE   (LST)  VALUE  FROM      YEAR
                                      NORMAL
.......................................................
TEMPERATURE (F)
 YESTERDAY
  MAXIMUM         53    401 PM  57     -4       30
  MINIMUM         27    721 AM  32     -5       13
  AVERAGE         40            44     -4       22

PRECIPITATION (IN)
  YESTERDAY        0.00          0.05  -0.05     0.00
  MONTH TO DATE    1.16          1.85  -0.69     1.80
  SINCE SEP 1      1.73          4.29  -2.56     2.72
  SINCE JAN 1     20.44         23.20  -2.76    35.85

DEGREE DAYS
 HEATING
  YESTERDAY       25            21      4       43
  MONTH TO DATE  544           441    103      583
  SINCE SEP 1    682           564    118      607
  SINCE JUL 1    682           578    104      617

 COOLING
  YESTERDAY        0             0      0        0
  MONTH TO DATE    4             6     -2        0
  SINCE SEP 1     67            87    -20      158
  SINCE JAN 1    949           844    105      837
.......................................................


WIND (MPH)
  HIGHEST WIND SPEED    18   HIGHEST WIND DIRECTION     N (340)
  HIGHEST GUST SPEED    26   HIGHEST GUST DIRECTION     N (350)
  AVERAGE WIND SPEED     6.6


SKY COVER
  AVERAGE SKY COVER 0.1


WEATHER CONDITIONS
THE FOLLOWING WEATHER WAS RECORDED YESTERDAY.
  NO SIGNIFICANT WEATHER WAS OBSERVED.


RELATIVE HUMIDITY (PERCENT)
 HIGHEST    92           800 AM
 LOWEST     48           400 PM
 AVERAGE    70

..........................................................


THE ORD NE CLIMATE NORMALS FOR TODAY
                         NORMAL    RECORD
 MAXIMUM TEMPERATURE (F)   56        MM
 MINIMUM TEMPERATURE (F)   32        MM


SUNRISE AND SUNSET
OCTOBER 30 2020.......SUNRISE   806 AM CDT   SUNSET   632 PM CDT
OCTOBER 31 2020.......SUNRISE   807 AM CDT   SUNSET   631 PM CDT


-  INDICATES NEGATIVE NUMBERS.
R  INDICATES RECORD WAS SET OR TIED.
MM INDICATES DATA IS MISSING.
T  INDICATES TRACE AMOUNT.




$$
