335
CDUS43 KOAX 180623
CLIOFK


CLIMATE REPORT
NATIONAL WEATHER SERVICE OMAHA NEBRASKA
122 AM CDT FRI OCT 18 2019


...................................

...THE NORFOLK NE CLIMATE SUMMARY FOR OCTOBER 17 2019...

CLIMATE NORMAL PERIOD 1981 TO 2010
CLIMATE RECORD PERIOD 1888 TO 2019


WEATHER ITEM   OBSERVED TIME   RECORD YEAR NORMAL DEPARTURE LAST
                VALUE   (LST)  VALUE       VALUE  FROM      YEAR
                                                  NORMAL
..................................................................
TEMPERATURE (F)
 YESTERDAY
  MAXIMUM         70    345 PM  89    1961  63      7       68
  MINIMUM         33    419 AM  16    1922  38     -5       32
  AVERAGE         52                        51      1       50

PRECIPITATION (IN)
  YESTERDAY        0.00          1.41 1968   0.07  -0.07     0.00
  MONTH TO DATE    1.66                      1.29   0.37     2.77
  SINCE SEP 1      3.17                      3.98  -0.81     6.15
  SINCE JAN 1     23.69                     24.51  -0.82    29.06

SNOWFALL (IN)
  YESTERDAY        0.0                       0.0    0.0      0.0
  MONTH TO DATE    T                         0.2   -0.2      0.5
  SINCE SEP 1      T                         0.2   -0.2      0.5
  SINCE JUL 1      T                         0.2   -0.2      0.5
  SNOW DEPTH       0

DEGREE DAYS
 HEATING
  YESTERDAY       13                        14     -1       15
  MONTH TO DATE  266                       198     68      327
  SINCE SEP 1    292                       324    -32      443
  SINCE JUL 1    296                       340    -44      455

 COOLING
  YESTERDAY        0                         0      0        0
  MONTH TO DATE    0                         8     -8        0
  SINCE SEP 1    187                        98     89      157
  SINCE JAN 1    949                       914     35     1080
..................................................................


WIND (MPH)
  HIGHEST WIND SPEED    20   HIGHEST WIND DIRECTION     S (160)
  HIGHEST GUST SPEED    28   HIGHEST GUST DIRECTION    SE (150)
  AVERAGE WIND SPEED     9.8


SKY COVER
  POSSIBLE SUNSHINE  MM
  AVERAGE SKY COVER 0.0


WEATHER CONDITIONS
 THE FOLLOWING WEATHER WAS RECORDED YESTERDAY.
  NO SIGNIFICANT WEATHER WAS OBSERVED.


RELATIVE HUMIDITY (PERCENT)
 HIGHEST    89           500 AM
 LOWEST     37           100 PM
 AVERAGE    63

..........................................................


THE NORFOLK NE CLIMATE NORMALS FOR TODAY
                         NORMAL    RECORD    YEAR
 MAXIMUM TEMPERATURE (F)   63        89      2005
 MINIMUM TEMPERATURE (F)   38        18      1972


SUNRISE AND SUNSET
OCTOBER 18 2019.......SUNRISE   745 AM CDT   SUNSET   644 PM CDT
OCTOBER 19 2019.......SUNRISE   747 AM CDT   SUNSET   642 PM CDT


-  INDICATES NEGATIVE NUMBERS.
R  INDICATES RECORD WAS SET OR TIED.
MM INDICATES DATA IS MISSING.
T  INDICATES TRACE AMOUNT.




$$
