000
CDUS43 KOAX 172158
CLIOFK


CLIMATE REPORT
NATIONAL WEATHER SERVICE OMAHA NEBRASKA
456 PM CDT TUE JUL 17 2018


...................................

...THE NORFOLK, NEBRASKA CLIMATE SUMMARY FOR JULY 17 2018...
VALID TODAY AS OF 0400 PM LOCAL TIME.

CLIMATE NORMAL PERIOD 1981 TO 2010
CLIMATE RECORD PERIOD 1888 TO 2018


WEATHER ITEM   OBSERVED TIME   RECORD YEAR NORMAL DEPARTURE LAST
                VALUE   (LST)  VALUE       VALUE  FROM      YEAR
                                                  NORMAL
..................................................................
TEMPERATURE (F)
 TODAY
  MAXIMUM         82    251 PM 116    1936  87     -5       93
  MINIMUM         69    750 AM  46    1906  64      5       68
  AVERAGE         76                        75      1       81

PRECIPITATION (IN)
  TODAY            T             1.90 1972   0.11  -0.11     0.00
  MONTH TO DATE    1.96                      1.89   0.07     0.85
  SINCE JUN 1     12.71                      6.15   6.56     3.32
  SINCE JAN 1     19.00                     15.85   3.15    14.93

SNOWFALL (IN)
  TODAY            0.0                       0.0    0.0      0.0
  MONTH TO DATE    0.0                       0.0    0.0      0.0
  SINCE JUL 1      0.0                       0.0    0.0      0.0
  SNOW DEPTH       0

DEGREE DAYS
 HEATING
  TODAY            0                         0      0        0
  MONTH TO DATE    0                         0      0        0
  SINCE JUN 1      6                        30    -24       12
  SINCE JUL 1      0                         0      0        0

 COOLING
  TODAY           11                        10      1       16
  MONTH TO DATE  200                       168     32      202
  SINCE JUN 1    470                       354    116      439
  SINCE JAN 1    610                       415    195      467
..................................................................


WIND (MPH)
  HIGHEST WIND SPEED    17   HIGHEST WIND DIRECTION     N (020)
  HIGHEST GUST SPEED    24   HIGHEST GUST DIRECTION     N (020)
  AVERAGE WIND SPEED     5.9


SKY COVER
  POSSIBLE SUNSHINE  MM
  AVERAGE SKY COVER 0.3


WEATHER CONDITIONS
 THE FOLLOWING WEATHER WAS RECORDED TODAY.
  THUNDERSTORM
  LIGHT RAIN


RELATIVE HUMIDITY (PERCENT)
 HIGHEST    90           200 AM
 LOWEST     62           100 PM
 AVERAGE    76

..........................................................


THE NORFOLK, NEBRASKA CLIMATE NORMALS FOR TOMORROW
                         NORMAL    RECORD    YEAR
 MAXIMUM TEMPERATURE (F)   87       105      1936
 MINIMUM TEMPERATURE (F)   64        49      2009
                                             1992


SUNRISE AND SUNSET
JULY 17 2018..........SUNRISE   609 AM CDT   SUNSET   902 PM CDT
JULY 18 2018..........SUNRISE   610 AM CDT   SUNSET   901 PM CDT


-  INDICATES NEGATIVE NUMBERS.
R  INDICATES RECORD WAS SET OR TIED.
MM INDICATES DATA IS MISSING.
T  INDICATES TRACE AMOUNT.




$$
