000
CDUS43 KOAX 180629
CLIOFK


CLIMATE REPORT
NATIONAL WEATHER SERVICE OMAHA NEBRASKA
128 AM CDT THU OCT 18 2018


...................................

...THE NORFOLK, NEBRASKA CLIMATE SUMMARY FOR OCTOBER 17 2018...

CLIMATE NORMAL PERIOD 1981 TO 2010
CLIMATE RECORD PERIOD 1888 TO 2018


WEATHER ITEM   OBSERVED TIME   RECORD YEAR NORMAL DEPARTURE LAST
                VALUE   (LST)  VALUE       VALUE  FROM      YEAR
                                                  NORMAL
..................................................................
TEMPERATURE (F)
 YESTERDAY
  MAXIMUM         68    440 PM  89    1961  63      5       79
  MINIMUM         32    700 AM  16    1922  38     -6       34
  AVERAGE         50                        51     -1       57

PRECIPITATION (IN)
  YESTERDAY        0.00          1.41 1968   0.07  -0.07     0.00
  MONTH TO DATE    2.77                      1.29   1.48     3.52
  SINCE SEP 1      6.15                      3.98   2.17     5.60
  SINCE JAN 1     29.06                     24.51   4.55    27.38

SNOWFALL (IN)
  YESTERDAY        0.0                       0.0    0.0      0.0
  MONTH TO DATE    0.5                       0.2    0.3      0.0
  SINCE JUL 1      0.5                       0.2    0.3      0.0
  SNOW DEPTH       0

DEGREE DAYS
 HEATING
  YESTERDAY       15                        14      1        8
  MONTH TO DATE  327                       198    129      177
  SINCE SEP 1    443                       324    119      259
  SINCE JUL 1    455                       340    115      270

 COOLING
  YESTERDAY        0                         0      0        0
  MONTH TO DATE    0                         8     -8        3
  SINCE SEP 1    157                        98     59      119
  SINCE JAN 1   1080                       914    166      877
..................................................................


WIND (MPH)
  HIGHEST WIND SPEED    10   HIGHEST WIND DIRECTION     W (280)
  HIGHEST GUST SPEED    16   HIGHEST GUST DIRECTION     W (260)
  AVERAGE WIND SPEED     3.4


SKY COVER
  POSSIBLE SUNSHINE  MM
  AVERAGE SKY COVER 0.0


WEATHER CONDITIONS
 THE FOLLOWING WEATHER WAS RECORDED YESTERDAY.
  NO SIGNIFICANT WEATHER WAS OBSERVED.


RELATIVE HUMIDITY (PERCENT)
 HIGHEST   100           700 AM
 LOWEST     34           300 PM
 AVERAGE    67

..........................................................


THE NORFOLK, NEBRASKA CLIMATE NORMALS FOR TODAY
                         NORMAL    RECORD    YEAR
 MAXIMUM TEMPERATURE (F)   63        89      2005
 MINIMUM TEMPERATURE (F)   38        18      1972


SUNRISE AND SUNSET
OCTOBER 18 2018.......SUNRISE   746 AM CDT   SUNSET   643 PM CDT
OCTOBER 19 2018.......SUNRISE   747 AM CDT   SUNSET   642 PM CDT


-  INDICATES NEGATIVE NUMBERS.
R  INDICATES RECORD WAS SET OR TIED.
MM INDICATES DATA IS MISSING.
T  INDICATES TRACE AMOUNT.




$$
