000
CDUS43 KOAX 200623
CLIOFK

CLIMATE REPORT
NATIONAL WEATHER SERVICE OMAHA/VALLEY NE
123 AM CDT TUE OCT 20 2020

...................................

...THE NORFOLK NE CLIMATE SUMMARY FOR OCTOBER 19 2020...

CLIMATE NORMAL PERIOD 1981 TO 2010
CLIMATE RECORD PERIOD 1888 TO 2020


WEATHER ITEM   OBSERVED TIME   RECORD YEAR NORMAL DEPARTURE LAST
                VALUE   (LST)  VALUE       VALUE  FROM      YEAR
                                                  NORMAL
...................................................................
TEMPERATURE (F)
 YESTERDAY
  MAXIMUM         42    416 PM  89    2003  62    -20       69
  MINIMUM         32   1027 PM  12    1917  38     -6       40
  AVERAGE         37                        50    -13       55

PRECIPITATION (IN)
  YESTERDAY        0.08          1.03 1919   0.07   0.01     0.04
  MONTH TO DATE    0.27                      1.43  -1.16     1.70
  SINCE SEP 1      1.88                      4.12  -2.24     3.21
  SINCE JAN 1     15.95                     24.65  -8.70    23.73

SNOWFALL (IN)
  YESTERDAY        0.8           3.1  1982   0.0    0.8      0.0
  MONTH TO DATE    0.9                       0.2    0.7       T
  SINCE SEP 1      0.9                       0.2    0.7       T
  SINCE JUL 1      0.9                       0.2    0.7       T
  SNOW DEPTH       T

DEGREE DAYS
 HEATING
  YESTERDAY       28                        15     13       10
  MONTH TO DATE  204                       228    -24      277
  SINCE SEP 1    312                       354    -42      303
  SINCE JUL 1    315                       370    -55      307

 COOLING
  YESTERDAY        0                         0      0        0
  MONTH TO DATE   14                         8      6        0
  SINCE SEP 1     99                        98      1      187
  SINCE JAN 1   1132                       914    218      949
...................................................................


WIND (MPH)
  HIGHEST WIND SPEED    16   HIGHEST WIND DIRECTION    SE (150)
  HIGHEST GUST SPEED    21   HIGHEST GUST DIRECTION    SE (150)
  AVERAGE WIND SPEED     7.8


SKY COVER
  POSSIBLE SUNSHINE  MM
  AVERAGE SKY COVER 0.8


WEATHER CONDITIONS
THE FOLLOWING WEATHER WAS RECORDED YESTERDAY.
  LIGHT RAIN
  LIGHT SNOW
  FOG

..........................................................


THE NORFOLK NE CLIMATE NORMALS FOR TODAY
                         NORMAL    RECORD    YEAR
 MAXIMUM TEMPERATURE (F)   62        90      1947
 MINIMUM TEMPERATURE (F)   37        15      1989


SUNRISE AND SUNSET
OCTOBER 20 2020.......SUNRISE   749 AM CDT   SUNSET   640 PM CDT
OCTOBER 21 2020.......SUNRISE   750 AM CDT   SUNSET   638 PM CDT


-  INDICATES NEGATIVE NUMBERS.
R  INDICATES RECORD WAS SET OR TIED.
MM INDICATES DATA IS MISSING.
T  INDICATES TRACE AMOUNT.




$$
