000
CDUS43 KOAX 040628
CLIOFK


CLIMATE REPORT
NATIONAL WEATHER SERVICE OMAHA NEBRASKA
126 AM CDT THU JUN 4 2020


...................................

...THE NORFOLK NE CLIMATE SUMMARY FOR JUNE 3 2020...

CLIMATE NORMAL PERIOD 1981 TO 2010
CLIMATE RECORD PERIOD 1888 TO 2020


WEATHER ITEM   OBSERVED TIME   RECORD YEAR NORMAL DEPARTURE LAST
                VALUE   (LST)  VALUE       VALUE  FROM      YEAR
                                                  NORMAL
..................................................................
TEMPERATURE (F)
 YESTERDAY
  MAXIMUM         91    356 PM  99    1931  78     13       76
  MINIMUM         61    557 AM  38    1945  55      6       57
  AVERAGE         76                        66     10       67

PRECIPITATION (IN)
  YESTERDAY        0.05          2.49 1941   0.16  -0.11     0.40
  MONTH TO DATE    0.05                      0.44  -0.39     0.41
  SINCE JUN 1      0.05                      0.44  -0.39     0.41
  SINCE JAN 1      9.01                     10.14  -1.13    11.77

SNOWFALL (IN)
  YESTERDAY        0.0                       0.0    0.0      0.0
  MONTH TO DATE    0.0                       0.0    0.0      0.0
  SINCE JUN 1      0.0                       0.0    0.0      0.0
  SINCE JUL 1     30.5                      30.5    0.0     29.0
  SNOW DEPTH       0

DEGREE DAYS
 HEATING
  YESTERDAY        0                         2     -2        0
  MONTH TO DATE    0                         7     -7        5
  SINCE JUN 1      0                         7     -7        5
  SINCE JUL 1   6402                      6620   -218     7286

 COOLING
  YESTERDAY       11                         4      7        2
  MONTH TO DATE   45                        10     35        2
  SINCE JUN 1     45                        10     35        2
  SINCE JAN 1     68                        71     -3       38
..................................................................


WIND (MPH)
  HIGHEST WIND SPEED    26   HIGHEST WIND DIRECTION    NW (320)
  HIGHEST GUST SPEED    38   HIGHEST GUST DIRECTION    NW (320)
  AVERAGE WIND SPEED     6.9


SKY COVER
  POSSIBLE SUNSHINE  MM
  AVERAGE SKY COVER 0.0


WEATHER CONDITIONS
 THE FOLLOWING WEATHER WAS RECORDED YESTERDAY.
  THUNDERSTORM
  LIGHT RAIN


RELATIVE HUMIDITY (PERCENT)
 HIGHEST    84           600 AM
 LOWEST     29           300 PM
 AVERAGE    57

..........................................................


THE NORFOLK NE CLIMATE NORMALS FOR TODAY
                         NORMAL    RECORD    YEAR
 MAXIMUM TEMPERATURE (F)   78        98      1977
 MINIMUM TEMPERATURE (F)   55        38      1990


SUNRISE AND SUNSET
JUNE  4 2020..........SUNRISE   555 AM CDT   SUNSET   901 PM CDT
JUNE  5 2020..........SUNRISE   555 AM CDT   SUNSET   902 PM CDT


-  INDICATES NEGATIVE NUMBERS.
R  INDICATES RECORD WAS SET OR TIED.
MM INDICATES DATA IS MISSING.
T  INDICATES TRACE AMOUNT.




$$
