000
CDUS43 KOAX 190638
CLIOFK


CLIMATE REPORT
NATIONAL WEATHER SERVICE OMAHA NEBRASKA
1238 AM CST SAT JAN 19 2019


...................................

...THE NORFOLK, NEBRASKA CLIMATE SUMMARY FOR JANUARY 18 2019...

CLIMATE NORMAL PERIOD 1981 TO 2010
CLIMATE RECORD PERIOD 1888 TO 2019


WEATHER ITEM   OBSERVED TIME   RECORD YEAR NORMAL DEPARTURE LAST
                VALUE   (LST)  VALUE       VALUE  FROM      YEAR
                                                  NORMAL
..................................................................
TEMPERATURE (F)
 YESTERDAY
  MAXIMUM         25   1241 AM  61    1951  33     -8       40
  MINIMUM          9   1159 PM -21    1940  12     -3       10
  AVERAGE         17                        22     -5       25

PRECIPITATION (IN)
  YESTERDAY        T             0.39 1975   0.02  -0.02     0.00
  MONTH TO DATE    0.01                      0.33  -0.32     0.15
  SINCE DEC 1      2.90                      1.08   1.82     0.47
  SINCE JAN 1      0.01                      0.33  -0.32     0.15

SNOWFALL (IN)
  YESTERDAY        T                         0.2   -0.2      0.0
  MONTH TO DATE    T                         3.5   -3.5      1.9
  SINCE JUL 1     10.1                      14.4   -4.3      6.8
  SNOW DEPTH       T

DEGREE DAYS
 HEATING
  YESTERDAY       48                        43      5       40
  MONTH TO DATE  641                       774   -133      900
  SINCE DEC 1   1839                      2035   -196     2147
  SINCE JUL 1   3502                      3480     22     3453

 COOLING
  YESTERDAY        0                         0      0        0
  MONTH TO DATE    0                         0      0        0
  SINCE DEC 1      0                         0      0        0
  SINCE JAN 1      0                         0      0        0
..................................................................


WIND (MPH)
  HIGHEST WIND SPEED    24   HIGHEST WIND DIRECTION     N (360)
  HIGHEST GUST SPEED    32   HIGHEST GUST DIRECTION     N (360)
  AVERAGE WIND SPEED    14.3


SKY COVER
  POSSIBLE SUNSHINE  MM
  AVERAGE SKY COVER 1.0


WEATHER CONDITIONS
 THE FOLLOWING WEATHER WAS RECORDED YESTERDAY.
  LT FREEZING RAIN
  LIGHT SNOW
  FOG


RELATIVE HUMIDITY (PERCENT)
 HIGHEST   100          1200 AM
 LOWEST     83          1000 PM
 AVERAGE    92

..........................................................


THE NORFOLK, NEBRASKA CLIMATE NORMALS FOR TODAY
                         NORMAL    RECORD    YEAR
 MAXIMUM TEMPERATURE (F)   33        66      2014
                                             1921
 MINIMUM TEMPERATURE (F)   12       -27      1943


SUNRISE AND SUNSET
JANUARY 19 2019.......SUNRISE   753 AM CST   SUNSET   528 PM CST
JANUARY 20 2019.......SUNRISE   753 AM CST   SUNSET   529 PM CST


-  INDICATES NEGATIVE NUMBERS.
R  INDICATES RECORD WAS SET OR TIED.
MM INDICATES DATA IS MISSING.
T  INDICATES TRACE AMOUNT.




$$
