000
CDUS42 KCAE 172221
CLIOGB


CLIMATE REPORT
NATIONAL WEATHER SERVICE COLUMBIA SC
520 PM EST SUN FEB 17 2019


...................................

...THE ORANGEBURG AIRPORT SC CLIMATE SUMMARY FOR FEBRUARY 17 2019...
VALID TODAY AS OF 0500 PM LOCAL TIME.

CLIMATE NORMAL PERIOD 1981 TO 2010
CLIMATE RECORD PERIOD 9999 TO 9999


WEATHER ITEM   OBSERVED TIME   NORMAL DEPARTURE LAST
                VALUE   (LST)  VALUE  FROM      YEAR
                                      NORMAL
......................................................
TEMPERATURE (F)
 TODAY
  MAXIMUM         48    315 PM  61    -13       72
  MINIMUM         44    946 AM  38      6       60
  AVERAGE         46            50     -4       66

PRECIPITATION (IN)
  TODAY            T             0.15  -0.15      T
  MONTH TO DATE    0.47          1.94  -1.47     1.13
  SINCE DEC 1      9.90          9.24   0.66     4.46
  SINCE JAN 1      4.15          5.92  -1.77     2.72

DEGREE DAYS
 HEATING
  TODAY           19            15      4        0
  MONTH TO DATE  177           282   -105      163
  SINCE DEC 1   1133          1410   -277     1310
  SINCE JUL 1   1553          1779   -226     1674

 COOLING
  TODAY            0             0      0        1
  MONTH TO DATE    7             0      7       20
  SINCE DEC 1     14             5      9       21
  SINCE JAN 1     12             1     11       21
......................................................


WIND (MPH)
  HIGHEST WIND SPEED    12   HIGHEST WIND DIRECTION    NE (40)
  HIGHEST GUST SPEED    16   HIGHEST GUST DIRECTION     E (80)
  AVERAGE WIND SPEED     5.6


SKY COVER
  AVERAGE SKY COVER 1.0


WEATHER CONDITIONS
 THE FOLLOWING WEATHER WAS RECORDED TODAY.
  LIGHT RAIN
  FOG


RELATIVE HUMIDITY (PERCENT)
 HIGHEST    93           400 PM
 LOWEST     76           100 AM

..........................................................


THE ORANGEBURG AIRPORT SC CLIMATE NORMALS FOR TOMORROW
                         NORMAL
 MAXIMUM TEMPERATURE (F)   62
 MINIMUM TEMPERATURE (F)   39


SUNRISE AND SUNSET
FEBRUARY 17 2019......SUNRISE   706 AM EST   SUNSET   610 PM EST
FEBRUARY 18 2019......SUNRISE   704 AM EST   SUNSET   611 PM EST


-  INDICATES NEGATIVE NUMBERS.
R  INDICATES RECORD WAS SET OR TIED.
MM INDICATES DATA IS MISSING.
T  INDICATES TRACE AMOUNT.




$$
