000
CDUS42 KCAE 150706
CLIOGB


CLIMATE REPORT
NATIONAL WEATHER SERVICE COLUMBIA SC
205 AM EST THU NOV 15 2018


...................................

...THE ORANGEBURG AIRPORT SC CLIMATE SUMMARY FOR NOVEMBER 14 2018...

CLIMATE NORMAL PERIOD 1981 TO 2010
CLIMATE RECORD PERIOD 9999 TO 9999


WEATHER ITEM   OBSERVED TIME   NORMAL DEPARTURE LAST
                VALUE   (LST)  VALUE  FROM      YEAR
                                      NORMAL
......................................................
TEMPERATURE (F)
 YESTERDAY
  MAXIMUM         54    215 AM  69    -15       59
  MINIMUM         43   1159 PM  45     -2       43
  AVERAGE         49            57     -8       51

PRECIPITATION (IN)
  YESTERDAY        0.08          0.10  -0.02     0.00
  MONTH TO DATE    2.48          1.31   1.17     1.25
  SINCE SEP 1     10.54          8.49   2.05     8.03
  SINCE JAN 1     38.52         41.80  -3.28    36.22

DEGREE DAYS
 HEATING
  YESTERDAY       16             9      7       14
  MONTH TO DATE   96           102     -6       94
  SINCE SEP 1    183           192     -9      175
  SINCE JUL 1    183           192     -9      175

 COOLING
  YESTERDAY        0             0      0        0
  MONTH TO DATE   13            12      1       18
  SINCE SEP 1    665           406    259      523
  SINCE JAN 1   2532          2099    433     2410
......................................................


WIND (MPH)
  HIGHEST WIND SPEED    17   HIGHEST WIND DIRECTION    NE (50)
  HIGHEST GUST SPEED    27   HIGHEST GUST DIRECTION    NE (50)
  AVERAGE WIND SPEED    10.9


SKY COVER
  AVERAGE SKY COVER 1.0


WEATHER CONDITIONS
 THE FOLLOWING WEATHER WAS RECORDED YESTERDAY.
  LIGHT RAIN
  FOG


RELATIVE HUMIDITY (PERCENT)
 HIGHEST    93          1200 AM
 LOWEST     76           900 PM

..........................................................


THE ORANGEBURG AIRPORT SC CLIMATE NORMALS FOR TODAY
                         NORMAL    RECORD    YEAR
 MAXIMUM TEMPERATURE (F)   69        MM        MM
 MINIMUM TEMPERATURE (F)   44        MM        MM


SUNRISE AND SUNSET
NOVEMBER 15 2018......SUNRISE   655 AM EST   SUNSET   521 PM EST
NOVEMBER 16 2018......SUNRISE   656 AM EST   SUNSET   520 PM EST


-  INDICATES NEGATIVE NUMBERS.
R  INDICATES RECORD WAS SET OR TIED.
MM INDICATES DATA IS MISSING.
T  INDICATES TRACE AMOUNT.




$$
