000
CDUS42 KCAE 060548
CLIOGB


CLIMATE REPORT
NATIONAL WEATHER SERVICE COLUMBIA SC
147 AM EDT SAT JUN 6 2020


...................................

...THE ORANGEBURG AIRPORT SC CLIMATE SUMMARY FOR JUNE 5 2020...

CLIMATE NORMAL PERIOD 1981 TO 2010
CLIMATE RECORD PERIOD 9999 TO 9999


WEATHER ITEM   OBSERVED TIME   NORMAL DEPARTURE LAST
                VALUE   (LST)  VALUE  FROM      YEAR
                                      NORMAL
......................................................
TEMPERATURE (F)
 YESTERDAY
  MAXIMUM         89    248 PM  87      2       89
  MINIMUM         72   1159 PM  66      6       67
  AVERAGE         81            76      5       78

PRECIPITATION (IN)
  YESTERDAY        0.03          0.17  -0.14     0.16
  MONTH TO DATE    0.12          0.81  -0.69     0.20
  SINCE JUN 1      0.12          0.81  -0.69     0.20
  SINCE JAN 1     19.29         18.43   0.86    11.37

DEGREE DAYS
 HEATING
  YESTERDAY        0             0      0        0
  MONTH TO DATE    0             0      0        0
  SINCE JUN 1      0             0      0        0
  SINCE JUL 1   1814          2332   -518     2030

 COOLING
  YESTERDAY       16            11      5       13
  MONTH TO DATE   53            55     -2       66
  SINCE JUN 1     53            55     -2       66
  SINCE JAN 1    439           358     81      557
......................................................


WIND (MPH)
  HIGHEST WIND SPEED    18   HIGHEST WIND DIRECTION    SW (220)
  HIGHEST GUST SPEED    25   HIGHEST GUST DIRECTION    SW (240)
  AVERAGE WIND SPEED     7.3


SKY COVER
  AVERAGE SKY COVER 0.5


WEATHER CONDITIONS
 THE FOLLOWING WEATHER WAS RECORDED YESTERDAY.
  THUNDERSTORM
  LIGHT RAIN


RELATIVE HUMIDITY (PERCENT)
 HIGHEST    87          1200 AM
 LOWEST     53          1200 PM

..........................................................


THE ORANGEBURG AIRPORT SC CLIMATE NORMALS FOR TODAY
                         NORMAL    RECORD    YEAR
 MAXIMUM TEMPERATURE (F)   87        MM        MM
 MINIMUM TEMPERATURE (F)   66        MM        MM


SUNRISE AND SUNSET
JUNE  6 2020..........SUNRISE   613 AM EDT   SUNSET   831 PM EDT
JUNE  7 2020..........SUNRISE   613 AM EDT   SUNSET   832 PM EDT


-  INDICATES NEGATIVE NUMBERS.
R  INDICATES RECORD WAS SET OR TIED.
MM INDICATES DATA IS MISSING.
T  INDICATES TRACE AMOUNT.




$$
