000
CDUS42 KCAE 190530
CLIOGB


CLIMATE REPORT
NATIONAL WEATHER SERVICE COLUMBIA SC
129 AM EDT MON OCT 19 2020


...................................

...THE ORANGEBURG AIRPORT SC CLIMATE SUMMARY FOR OCTOBER 18 2020...

CLIMATE NORMAL PERIOD 1981 TO 2010
CLIMATE RECORD PERIOD 9999 TO 9999


WEATHER ITEM   OBSERVED TIME   NORMAL DEPARTURE LAST
                VALUE   (LST)  VALUE  FROM      YEAR
                                      NORMAL
......................................................
TEMPERATURE (F)
 YESTERDAY
  MAXIMUM         73    232 PM  76     -3       70
  MINIMUM         50    603 AM  53     -3       48
  AVERAGE         62            64     -2       59

PRECIPITATION (IN)
  YESTERDAY        0.00          0.11  -0.11     0.00
  MONTH TO DATE    0.35          2.32  -1.97     1.15
  SINCE SEP 1      4.29          6.11  -1.82     2.66
  SINCE JAN 1     35.51         39.42  -3.91    20.78

DEGREE DAYS
 HEATING
  YESTERDAY        3             3      0        6
  MONTH TO DATE   13            29    -16       10
  SINCE SEP 1     17            33    -16       10
  SINCE JUL 1     17            33    -16       10

 COOLING
  YESTERDAY        0             2     -2        0
  MONTH TO DATE   97            71     26      147
  SINCE SEP 1    411           372     39      540
  SINCE JAN 1   2227          2065    162     2501
......................................................


WIND (MPH)
  HIGHEST WIND SPEED    12   HIGHEST WIND DIRECTION    NE (30)
  HIGHEST GUST SPEED    16   HIGHEST GUST DIRECTION    NE (40)
  AVERAGE WIND SPEED     5.9


SKY COVER
  AVERAGE SKY COVER 0.4


WEATHER CONDITIONS
 THE FOLLOWING WEATHER WAS RECORDED YESTERDAY.
  NO SIGNIFICANT WEATHER WAS OBSERVED.


RELATIVE HUMIDITY (PERCENT)
 HIGHEST    80          1000 PM
 LOWEST     49          1200 PM

..........................................................


THE ORANGEBURG AIRPORT SC CLIMATE NORMALS FOR TODAY
                         NORMAL    RECORD    YEAR
 MAXIMUM TEMPERATURE (F)   76        MM        MM
 MINIMUM TEMPERATURE (F)   52        MM        MM


SUNRISE AND SUNSET
OCTOBER 19 2020.......SUNRISE   732 AM EDT   SUNSET   644 PM EDT
OCTOBER 20 2020.......SUNRISE   732 AM EDT   SUNSET   643 PM EDT


-  INDICATES NEGATIVE NUMBERS.
R  INDICATES RECORD WAS SET OR TIED.
MM INDICATES DATA IS MISSING.
T  INDICATES TRACE AMOUNT.




$$
