000
CDUS42 KCAE 160646
CLIOGB


CLIMATE REPORT
NATIONAL WEATHER SERVICE COLUMBIA SC
244 AM EDT WED OCT 16 2019


...................................

...THE ORANGEBURG AIRPORT SC CLIMATE SUMMARY FOR OCTOBER 15 2019...

CLIMATE NORMAL PERIOD 1981 TO 2010
CLIMATE RECORD PERIOD 9999 TO 9999


WEATHER ITEM   OBSERVED TIME   NORMAL DEPARTURE LAST
                VALUE   (LST)  VALUE  FROM      YEAR
                                      NORMAL
......................................................
TEMPERATURE (F)
 YESTERDAY
  MAXIMUM         75    230 PM  77     -2       86
  MINIMUM         57    644 AM  54      3       63
  AVERAGE         66            65      1       75

PRECIPITATION (IN)
  YESTERDAY        0.16          0.12   0.04     0.00
  MONTH TO DATE    0.82          1.98  -1.16     0.77
  SINCE SEP 1      2.07          5.77  -3.70     6.23
  SINCE JAN 1     19.37         39.08 -19.71    34.21

DEGREE DAYS
 HEATING
  YESTERDAY        0             2     -2        0
  MONTH TO DATE    0            21    -21        0
  SINCE SEP 1      0            25    -25        0
  SINCE JUL 1      0            25    -25        0

 COOLING
  YESTERDAY        1             3     -2       10
  MONTH TO DATE  142            64     78      165
  SINCE SEP 1    535           365    170      623
  SINCE JAN 1   2496          2058    438     2490
......................................................


WIND (MPH)
  HIGHEST WIND SPEED     8   HIGHEST WIND DIRECTION    SE (120)
  HIGHEST GUST SPEED    11   HIGHEST GUST DIRECTION    SE (130)
  AVERAGE WIND SPEED     3.1


SKY COVER
  AVERAGE SKY COVER 0.5


WEATHER CONDITIONS
 THE FOLLOWING WEATHER WAS RECORDED YESTERDAY.
  LIGHT RAIN
  FOG


RELATIVE HUMIDITY (PERCENT)
 HIGHEST    93          1200 AM
 LOWEST     43           200 PM

..........................................................


THE ORANGEBURG AIRPORT SC CLIMATE NORMALS FOR TODAY
                         NORMAL    RECORD    YEAR
 MAXIMUM TEMPERATURE (F)   77        MM        MM
 MINIMUM TEMPERATURE (F)   54        MM        MM


SUNRISE AND SUNSET
OCTOBER 16 2019.......SUNRISE   729 AM EDT   SUNSET   649 PM EDT
OCTOBER 17 2019.......SUNRISE   729 AM EDT   SUNSET   648 PM EDT


-  INDICATES NEGATIVE NUMBERS.
R  INDICATES RECORD WAS SET OR TIED.
MM INDICATES DATA IS MISSING.
T  INDICATES TRACE AMOUNT.




$$
