000
CDUS42 KCAE 210545
CLIOGB


CLIMATE REPORT
NATIONAL WEATHER SERVICE COLUMBIA SC
145 AM EDT SAT JUL 21 2018


...................................

...THE ORANGEBURG AIRPORT SC CLIMATE SUMMARY FOR JULY 20 2018...

CLIMATE NORMAL PERIOD 1981 TO 2010
CLIMATE RECORD PERIOD 9999 TO 9999


WEATHER ITEM   OBSERVED TIME   NORMAL DEPARTURE LAST
                VALUE   (LST)  VALUE  FROM      YEAR
                                      NORMAL
......................................................
TEMPERATURE (F)
 YESTERDAY
  MAXIMUM         82    214 PM  93    -11       93
  MINIMUM         73    922 AM  72      1       70
  AVERAGE         78            82     -4       82

PRECIPITATION (IN)
  YESTERDAY        1.09          0.16   0.93      T
  MONTH TO DATE    2.46          3.59  -1.13     3.68
  SINCE JUN 1      6.06          8.71  -2.65     7.16
  SINCE JAN 1     22.68         26.33  -3.65    23.67

DEGREE DAYS
 HEATING
  YESTERDAY        0             0      0        0
  MONTH TO DATE    0             0      0        0
  SINCE JUN 1      0             1     -1        0
  SINCE JUL 1      0             0      0        0

 COOLING
  YESTERDAY       13            17     -4       17
  MONTH TO DATE  327           333     -6      345
  SINCE JUN 1    805           731     74      743
  SINCE JAN 1   1206          1034    172     1211
......................................................


WIND (MPH)
  HIGHEST WIND SPEED    18   HIGHEST WIND DIRECTION     N (20)
  HIGHEST GUST SPEED    23   HIGHEST GUST DIRECTION    NE (30)
  AVERAGE WIND SPEED     6.0


SKY COVER
  AVERAGE SKY COVER 0.7


WEATHER CONDITIONS
 THE FOLLOWING WEATHER WAS RECORDED YESTERDAY.
  HEAVY RAIN
  RAIN
  LIGHT RAIN
  FOG


RELATIVE HUMIDITY (PERCENT)
 HIGHEST    93           800 AM
 LOWEST     79           200 PM

..........................................................


THE ORANGEBURG AIRPORT SC CLIMATE NORMALS FOR TODAY
                         NORMAL    RECORD    YEAR
 MAXIMUM TEMPERATURE (F)   93        MM        MM
 MINIMUM TEMPERATURE (F)   72        MM        MM


SUNRISE AND SUNSET
JULY 21 2018..........SUNRISE   628 AM EDT   SUNSET   831 PM EDT
JULY 22 2018..........SUNRISE   629 AM EDT   SUNSET   830 PM EDT


-  INDICATES NEGATIVE NUMBERS.
R  INDICATES RECORD WAS SET OR TIED.
MM INDICATES DATA IS MISSING.
T  INDICATES TRACE AMOUNT.




$$
