656
CDHW42 PHFO 220229
CLIOGG


CLIMATE REPORT
NATIONAL WEATHER SERVICE HONOLULU HI
426 PM HST MON OCT 21 2019


...................................

...THE KAHULUI HI CLIMATE SUMMARY FOR OCTOBER 21 2019...
VALID TODAY AS OF 0400 PM LOCAL TIME.

CLIMATE NORMAL PERIOD 1981 TO 2010
CLIMATE RECORD PERIOD 1954 TO 2019


WEATHER ITEM   OBSERVED TIME   RECORD YEAR NORMAL DEPARTURE LAST
                VALUE   (LST)  VALUE       VALUE  FROM      YEAR
                                                  NORMAL
..................................................................
TEMPERATURE (F)
 TODAY
  MAXIMUM         92R   135 PM  92    2009  87      5       88
  MINIMUM         69    616 AM  58    1953  69      0       75
  AVERAGE         81                        78      3       82

PRECIPITATION (IN)
  TODAY            0.00          0.30 1965   0.05  -0.05      T
  MONTH TO DATE    0.21                      0.71  -0.50     1.10
  SINCE SEP 1      0.42                      1.09  -0.67     3.07
  SINCE JAN 1      9.67                     11.79  -2.12    18.98

SNOWFALL (IN)
  TODAY            0.0
  MONTH TO DATE    0.0
  SINCE SEP 1      0.0
  SINCE JUL 1      0.0
  SNOW DEPTH      MM

DEGREE DAYS
 HEATING
  TODAY            0                         0      0        0
  MONTH TO DATE    0                         0      0        0
  SINCE SEP 1      0                         0      0        0
  SINCE JUL 1      0                         0      0        0

 COOLING
  TODAY           16                        13      3       17
  MONTH TO DATE  355                       282     73      322
  SINCE SEP 1    903                       708    195      816
  SINCE JAN 1   3938                      3250    688     3394
..................................................................


WIND (MPH)
  HIGHEST WIND SPEED    28   HIGHEST WIND DIRECTION     E (80)
  HIGHEST GUST SPEED    35   HIGHEST GUST DIRECTION     E (80)
  AVERAGE WIND SPEED    MM


SKY COVER
  POSSIBLE SUNSHINE  MM
  AVERAGE SKY COVER  MM


WEATHER CONDITIONS
 THE FOLLOWING WEATHER WAS RECORDED TODAY.
  NO SIGNIFICANT WEATHER WAS OBSERVED.


RELATIVE HUMIDITY (PERCENT)
 HIGHEST    MM
 LOWEST     MM
 AVERAGE    MM

..........................................................


THE KAHULUI HI CLIMATE NORMALS FOR TOMORROW
                         NORMAL    RECORD    YEAR
 MAXIMUM TEMPERATURE (F)   87        95      1953
 MINIMUM TEMPERATURE (F)   69        62      1998


SUNRISE AND SUNSET
OCTOBER 21 2019.......SUNRISE   623 AM HST   SUNSET   557 PM HST
OCTOBER 22 2019.......SUNRISE   624 AM HST   SUNSET   556 PM HST


-  INDICATES NEGATIVE NUMBERS.
R  INDICATES RECORD WAS SET OR TIED.
MM INDICATES DATA IS MISSING.
T  INDICATES TRACE AMOUNT.




$$
