000
CDHW42 PHFO 270235
CLIOGG


CLIMATE REPORT
NATIONAL WEATHER SERVICE HONOLULU HI
435 PM HST WED FEB 26 2020


...................................

...THE KAHULUI HI CLIMATE SUMMARY FOR FEBRUARY 26 2020...
VALID TODAY AS OF 0400 PM LOCAL TIME.

CLIMATE NORMAL PERIOD 1981 TO 2010
CLIMATE RECORD PERIOD 1954 TO 2020


WEATHER ITEM   OBSERVED TIME   RECORD YEAR NORMAL DEPARTURE LAST
                VALUE   (LST)  VALUE       VALUE  FROM      YEAR
                                                  NORMAL
..................................................................
TEMPERATURE (F)
 TODAY
  MAXIMUM         82    227 PM  89    1961  81      1       76
  MINIMUM         68    255 AM  54    2008  63      5       62
  AVERAGE         75                        72      3       69

PRECIPITATION (IN)
  TODAY            0.02          1.01 1990   0.06  -0.04     0.08
  MONTH TO DATE    1.97                      1.75   0.22     5.62
  SINCE DEC 1      7.03                      7.97  -0.94     7.47
  SINCE JAN 1      4.83                      4.62   0.21     6.93

SNOWFALL (IN)
  TODAY            0.0
  MONTH TO DATE    0.0
  SINCE DEC 1      0.0
  SINCE JUL 1      0.0
  SNOW DEPTH      MM

DEGREE DAYS
 HEATING
  TODAY            0                         0      0        0
  MONTH TO DATE    0                         0      0        0
  SINCE DEC 1      0                         0      0        0
  SINCE JUL 1      0                         0      0        0

 COOLING
  TODAY           10                         7      3        4
  MONTH TO DATE  224                       182     42      176
  SINCE DEC 1    872                       658    214      758
  SINCE JAN 1    509                       399    110      435
..................................................................


WIND (MPH)
  HIGHEST WIND SPEED    28   HIGHEST WIND DIRECTION    NE (30)
  HIGHEST GUST SPEED    33   HIGHEST GUST DIRECTION    NE (40)
  AVERAGE WIND SPEED    MM


SKY COVER
  POSSIBLE SUNSHINE  MM
  AVERAGE SKY COVER  MM


WEATHER CONDITIONS
 THE FOLLOWING WEATHER WAS RECORDED TODAY.
  HAZE


RELATIVE HUMIDITY (PERCENT)
 HIGHEST    MM
 LOWEST     MM
 AVERAGE    MM

..........................................................


THE KAHULUI HI CLIMATE NORMALS FOR TOMORROW
                         NORMAL    RECORD    YEAR
 MAXIMUM TEMPERATURE (F)   81        89      1951
 MINIMUM TEMPERATURE (F)   63        54      2008
                                             1953


SUNRISE AND SUNSET
FEBRUARY 26 2020......SUNRISE   648 AM HST   SUNSET   629 PM HST
FEBRUARY 27 2020......SUNRISE   648 AM HST   SUNSET   629 PM HST


-  INDICATES NEGATIVE NUMBERS.
R  INDICATES RECORD WAS SET OR TIED.
MM INDICATES DATA IS MISSING.
T  INDICATES TRACE AMOUNT.




$$
