000
CDHW42 PHFO 140225
CLIOGG


CLIMATE REPORT
NATIONAL WEATHER SERVICE HONOLULU HI
425 PM HST THU DEC 13 2018


...................................

...THE KAHULUI HI CLIMATE SUMMARY FOR DECEMBER 13 2018...
VALID TODAY AS OF 0400 PM LOCAL TIME.

CLIMATE NORMAL PERIOD 1981 TO 2010
CLIMATE RECORD PERIOD 1946 TO 2018


WEATHER ITEM   OBSERVED TIME   RECORD YEAR NORMAL DEPARTURE LAST
                VALUE   (LST)  VALUE       VALUE  FROM      YEAR
                                                  NORMAL
..................................................................
TEMPERATURE (F)
 TODAY
  MAXIMUM         81    257 PM  90    1991  82     -1       80
  MINIMUM         71    208 AM  55    1972  65      6       71
  AVERAGE         76                        74      2       76

PRECIPITATION (IN)
  TODAY            0.01          2.02 1996   0.11  -0.10     0.00
  MONTH TO DATE    0.35                      1.35  -1.00     0.30
  SINCE DEC 1      0.35                      1.35  -1.00     0.30
  SINCE JAN 1     21.48                     15.83   5.65    18.33

SNOWFALL (IN)
  TODAY            0.0
  MONTH TO DATE    0.0
  SINCE DEC 1      0.0
  SINCE JUL 1      0.0
  SNOW DEPTH      MM

DEGREE DAYS
 HEATING
  TODAY            0                         0      0        0
  MONTH TO DATE    0                         0      0        0
  SINCE DEC 1      0                         0      0        0
  SINCE JUL 1      0                         0      0        0

 COOLING
  TODAY           11                         9      2       11
  MONTH TO DATE  146                       119     27      101
  SINCE DEC 1    146                       119     27      101
  SINCE JAN 1   4042                      3826    216     4047
..................................................................


WIND (MPH)
  HIGHEST WIND SPEED    24   HIGHEST WIND DIRECTION    NE (40)
  HIGHEST GUST SPEED    30   HIGHEST GUST DIRECTION    NE (40)
  AVERAGE WIND SPEED    MM


SKY COVER
  POSSIBLE SUNSHINE  MM
  AVERAGE SKY COVER  MM


WEATHER CONDITIONS
 THE FOLLOWING WEATHER WAS RECORDED TODAY.
  NO SIGNIFICANT WEATHER WAS OBSERVED.


RELATIVE HUMIDITY (PERCENT)
 HIGHEST    MM
 LOWEST     MM
 AVERAGE    MM

..........................................................


THE KAHULUI HI CLIMATE NORMALS FOR TOMORROW
                         NORMAL    RECORD    YEAR
 MAXIMUM TEMPERATURE (F)   82        87      2010
                                             1991
                                             1949
 MINIMUM TEMPERATURE (F)   65        57      2002


SUNRISE AND SUNSET
DECEMBER 13 2018......SUNRISE   654 AM HST   SUNSET   546 PM HST
DECEMBER 14 2018......SUNRISE   654 AM HST   SUNSET   547 PM HST


-  INDICATES NEGATIVE NUMBERS.
R  INDICATES RECORD WAS SET OR TIED.
MM INDICATES DATA IS MISSING.
T  INDICATES TRACE AMOUNT.




$$
