000
CDHW42 PHFO 210253
CLIOGG


CLIMATE REPORT
NATIONAL WEATHER SERVICE HONOLULU HI
451 PM HST THU SEP 20 2018


...................................

...THE KAHULUI HI CLIMATE SUMMARY FOR SEPTEMBER 20 2018...
VALID TODAY AS OF 0400 PM LOCAL TIME.

CLIMATE NORMAL PERIOD 1981 TO 2010
CLIMATE RECORD PERIOD 1946 TO 2018


WEATHER ITEM   OBSERVED TIME   RECORD YEAR NORMAL DEPARTURE LAST
                VALUE   (LST)  VALUE       VALUE  FROM      YEAR
                                                  NORMAL
..................................................................
TEMPERATURE (F)
 TODAY
  MAXIMUM         94    305 PM  95    2014  88      6       90


  MINIMUM         71    454 AM  60    1952  70      1       74
  AVERAGE         83                        79      4       82

PRECIPITATION (IN)
  TODAY            0.00          0.33 1981   0.01  -0.01     0.01
  MONTH TO DATE    1.63                      0.23   1.40     0.06
  SINCE SEP 1      1.63                      0.23   1.40     0.06
  SINCE JAN 1     17.54                     10.93   6.61    15.16

SNOWFALL (IN)
  TODAY            0.0
  MONTH TO DATE    0.0
  SINCE SEP 1      0.0
  SINCE JUL 1      0.0
  SNOW DEPTH      MM

DEGREE DAYS
 HEATING
  TODAY            0                         0      0        0
  MONTH TO DATE    0                         0      0        0
  SINCE SEP 1      0                         0      0        0
  SINCE JUL 1      0                         0      0        0

 COOLING
  TODAY           18                        14      4       17
  MONTH TO DATE  323                       282     41      311
  SINCE SEP 1    323                       282     41      311
  SINCE JAN 1   2901                      2824     77     3075
..................................................................


WIND (MPH)
  HIGHEST WIND SPEED    16   HIGHEST WIND DIRECTION     N (20)
  HIGHEST GUST SPEED    22   HIGHEST GUST DIRECTION     N (20)
  AVERAGE WIND SPEED    MM


SKY COVER
  POSSIBLE SUNSHINE  MM
  AVERAGE SKY COVER  MM


WEATHER CONDITIONS
 THE FOLLOWING WEATHER WAS RECORDED TODAY.
  NO SIGNIFICANT WEATHER WAS OBSERVED.


RELATIVE HUMIDITY (PERCENT)
 HIGHEST    MM
 LOWEST     MM
 AVERAGE    MM

..........................................................


THE KAHULUI HI CLIMATE NORMALS FOR TOMORROW
                         NORMAL    RECORD    YEAR
 MAXIMUM TEMPERATURE (F)   88        93      1977
 MINIMUM TEMPERATURE (F)   70        59      2003


SUNRISE AND SUNSET
SEPTEMBER 20 2018.....SUNRISE   614 AM HST   SUNSET   624 PM HST
SEPTEMBER 21 2018.....SUNRISE   614 AM HST   SUNSET   623 PM HST


-  INDICATES NEGATIVE NUMBERS.
R  INDICATES RECORD WAS SET OR TIED.
MM INDICATES DATA IS MISSING.
T  INDICATES TRACE AMOUNT.




$$
