503
CDHW42 PHFO 260231
CLIOGG


CLIMATE REPORT
NATIONAL WEATHER SERVICE HONOLULU HI
426 PM HST SUN FEB 25 2018


...................................

...THE KAHULUI HI CLIMATE SUMMARY FOR FEBRUARY 25 2018...
VALID TODAY AS OF 0400 PM LOCAL TIME.

CLIMATE NORMAL PERIOD 1981 TO 2010
CLIMATE RECORD PERIOD 1946 TO 2018


WEATHER ITEM   OBSERVED TIME   RECORD YEAR NORMAL DEPARTURE LAST
                VALUE   (LST)  VALUE       VALUE  FROM      YEAR
                                                  NORMAL
..................................................................
TEMPERATURE (F)
 TODAY
  MAXIMUM         83    320 PM  88    1952  81      2       76
  MINIMUM         70    635 AM  56    1971  63      7       59
  AVERAGE         77                        72      5       68

PRECIPITATION (IN)
  TODAY            0.05          2.71 1990   0.07  -0.02     0.00
  MONTH TO DATE    5.48                      1.69   3.79     1.84
  SINCE DEC 1     13.67                      7.91   5.76     8.98
  SINCE JAN 1      5.75                      4.56   1.19     2.39

SNOWFALL (IN)
  TODAY            0.0
  MONTH TO DATE    0.0
  SINCE DEC 1      0.0
  SINCE JUL 1      0.0
  SNOW DEPTH      MM

DEGREE DAYS
 HEATING
  TODAY            0                         0      0        0
  MONTH TO DATE    0                         0      0        0
  SINCE DEC 1      0                         0      0        0
  SINCE JUL 1      0                         0      0        0

 COOLING
  TODAY           12                         7      5        3
  MONTH TO DATE  206                       175     31      219
  SINCE DEC 1    647                       651     -4      741
  SINCE JAN 1    424                       392     32      446
..................................................................


WIND (MPH)
  HIGHEST WIND SPEED    18   HIGHEST WIND DIRECTION    NE (60)
  HIGHEST GUST SPEED    23   HIGHEST GUST DIRECTION    NE (60)
  AVERAGE WIND SPEED    MM


SKY COVER
  POSSIBLE SUNSHINE  MM
  AVERAGE SKY COVER  MM


WEATHER CONDITIONS
 THE FOLLOWING WEATHER WAS RECORDED TODAY.
  FOG


RELATIVE HUMIDITY (PERCENT)
 HIGHEST    MM
 LOWEST     MM
 AVERAGE    MM

..........................................................


THE KAHULUI HI CLIMATE NORMALS FOR TOMORROW
                         NORMAL    RECORD    YEAR
 MAXIMUM TEMPERATURE (F)   81        89      1961
 MINIMUM TEMPERATURE (F)   63        54      2008


SUNRISE AND SUNSET
FEBRUARY 25 2018......SUNRISE   649 AM HST   SUNSET   629 PM HST
FEBRUARY 26 2018......SUNRISE   648 AM HST   SUNSET   629 PM HST


-  INDICATES NEGATIVE NUMBERS.
R  INDICATES RECORD WAS SET OR TIED.
MM INDICATES DATA IS MISSING.
T  INDICATES TRACE AMOUNT.




$$
