141
CDUS43 KEAX 200632
CLIOJC


CLIMATE REPORT
NATIONAL WEATHER SERVICE KANSAS CITY/PLEASANT HILL MO
132 AM CDT SUN OCT 20 2019


...................................

...THE JOHNSON COUNTY EXECUTIVE KS CLIMATE SUMMARY FOR OCTOBER 19 2019...

CLIMATE NORMAL PERIOD 1981 TO 2010
CLIMATE RECORD PERIOD 9999 TO 9999


WEATHER ITEM   OBSERVED TIME   NORMAL DEPARTURE LAST
                VALUE   (LST)  VALUE  FROM      YEAR
                                      NORMAL
......................................................
TEMPERATURE (F)
 YESTERDAY
  MAXIMUM         69    656 AM  66      3       60
  MINIMUM         46   1159 PM  46      0       51
  AVERAGE         58            56      2       56

PRECIPITATION (IN)
  YESTERDAY        0.17          0.11   0.06     0.01
  MONTH TO DATE    0.88          2.30  -1.42     9.76
  SINCE SEP 1      7.03          6.81   0.22    12.93
  SINCE JAN 1     46.85         34.77  12.08    29.75

DEGREE DAYS
 HEATING
  YESTERDAY        7            10     -3        9
  MONTH TO DATE  185           134     51      182
  SINCE SEP 1    185           182      3      220
  SINCE JUL 1    185           183      2      220

 COOLING
  YESTERDAY        0             1     -1        0
  MONTH TO DATE   21            26     -5       38
  SINCE SEP 1    326           182    144      243
  SINCE JAN 1   1382          1347     35     1698
......................................................


WIND (MPH)
  HIGHEST WIND SPEED    12   HIGHEST WIND DIRECTION     N (10)
  HIGHEST GUST SPEED    18   HIGHEST GUST DIRECTION     S (200)
  AVERAGE WIND SPEED     4.5


SKY COVER
  AVERAGE SKY COVER 0.5


WEATHER CONDITIONS
 THE FOLLOWING WEATHER WAS RECORDED YESTERDAY.
  LIGHT RAIN
  FOG


RELATIVE HUMIDITY (PERCENT)
 HIGHEST   100           300 AM
 LOWEST     63           400 PM
 AVERAGE    82

..........................................................


THE JOHNSON COUNTY EXECUTIVE KS CLIMATE NORMALS FOR TODAY
                         NORMAL
 MAXIMUM TEMPERATURE (F)   66
 MINIMUM TEMPERATURE (F)   46


SUNRISE AND SUNSET
OCTOBER 20 2019.......SUNRISE   733 AM CDT   SUNSET   634 PM CDT
OCTOBER 21 2019.......SUNRISE   734 AM CDT   SUNSET   632 PM CDT


-  INDICATES NEGATIVE NUMBERS.
R  INDICATES RECORD WAS SET OR TIED.
MM INDICATES DATA IS MISSING.
T  INDICATES TRACE AMOUNT.




$$
