150
CDUS43 KEAX 250033
CLIOJC


CLIMATE REPORT
NATIONAL WEATHER SERVICE KANSAS CITY/PLEASANT HILL MO
732 PM CDT SUN JUN 24 2018


...................................

...THE JOHNSON COUNTY EXECUTIVE KS CLIMATE SUMMARY FOR JUNE 24 2018...
VALID TODAY AS OF 0700 PM LOCAL TIME.

CLIMATE NORMAL PERIOD 1981 TO 2010
CLIMATE RECORD PERIOD 9999 TO 9999


WEATHER ITEM   OBSERVED TIME   NORMAL DEPARTURE LAST
                VALUE   (LST)  VALUE  FROM      YEAR
                                      NORMAL
......................................................
TEMPERATURE (F)
 TODAY
  MAXIMUM         82   1057 AM  85     -3       79
  MINIMUM         68    436 AM  66      2       59
  AVERAGE         75            75      0       69

PRECIPITATION (IN)
  TODAY            0.16          0.19  -0.03     0.00
  MONTH TO DATE    0.94          4.97  -4.03     2.21
  SINCE JUN 1      0.94          4.97  -4.03     2.21
  SINCE JAN 1     10.38         19.71  -9.33    15.57

DEGREE DAYS
 HEATING
  TODAY            0             0      0        0
  MONTH TO DATE    0             6     -6        0
  SINCE JUN 1      0             6     -6        0
  SINCE JUL 1   5063          4932    131     4018

 COOLING
  TODAY           10            10      0        4
  MONTH TO DATE  293           191    102      232
  SINCE JUN 1    293           191    102      232
  SINCE JAN 1    545           295    250      328
......................................................


WIND (MPH)
  HIGHEST WIND SPEED    20   HIGHEST WIND DIRECTION     S (170)
  HIGHEST GUST SPEED    24   HIGHEST GUST DIRECTION     S (180)
  AVERAGE WIND SPEED     5.9


SKY COVER
  AVERAGE SKY COVER 0.2


WEATHER CONDITIONS
 THE FOLLOWING WEATHER WAS RECORDED TODAY.
  THUNDERSTORM
  HEAVY RAIN
  LIGHT RAIN
  FOG


RELATIVE HUMIDITY (PERCENT)
 HIGHEST    93           200 PM
 LOWEST     58          1100 AM
 AVERAGE    76

..........................................................


THE JOHNSON COUNTY EXECUTIVE KS CLIMATE NORMALS FOR TOMORROW
                         NORMAL
 MAXIMUM TEMPERATURE (F)   85
 MINIMUM TEMPERATURE (F)   66


SUNRISE AND SUNSET
JUNE 24 2018..........SUNRISE   555 AM CDT   SUNSET   848 PM CDT
JUNE 25 2018..........SUNRISE   555 AM CDT   SUNSET   848 PM CDT


-  INDICATES NEGATIVE NUMBERS.
R  INDICATES RECORD WAS SET OR TIED.
MM INDICATES DATA IS MISSING.
T  INDICATES TRACE AMOUNT.




$$
