000
CDUS43 KEAX 200631
CLIOJC

CLIMATE REPORT
NATIONAL WEATHER SERVICE
131 AM CDT TUE OCT 20 2020

...................................

...THE JOHNSON COUNTY EXECUTIVE KS CLIMATE SUMMARY FOR OCTOBER 19 2020...

CLIMATE NORMAL PERIOD: 1981 TO 2010
CLIMATE RECORD PERIOD: 9999 TO 9999


WEATHER ITEM   OBSERVED TIME   NORMAL DEPARTURE LAST
                VALUE   (LST)  VALUE  FROM      YEAR
                                      NORMAL
.......................................................
TEMPERATURE (F)
 YESTERDAY
  MAXIMUM         47   3:22 PM  66    -19       69
  MINIMUM         41   8:18 AM  46     -5       46
  AVERAGE         44            56    -12       58

PRECIPITATION (IN)
  YESTERDAY        0.00          0.11  -0.11     0.17
  MONTH TO DATE    T             2.30  -2.30     0.88
  SINCE SEP 1      2.25          6.81  -4.56     7.03
  SINCE JAN 1     29.68         34.77  -5.09    46.85

DEGREE DAYS
 HEATING
  YESTERDAY       21            10     11        7
  MONTH TO DATE  128           134     -6      185
  SINCE SEP 1    185           182      3      185
  SINCE JUL 1    185           183      2      185

 COOLING
  YESTERDAY        0             1     -1        0
  MONTH TO DATE   37            26     11       21
  SINCE SEP 1    160           182    -22      326
  SINCE JAN 1   1316          1347    -31     1382
.......................................................


WIND (MPH)
  HIGHEST WIND SPEED    16   HIGHEST WIND DIRECTION     E (70)
  HIGHEST GUST SPEED    24   HIGHEST GUST DIRECTION    NE (50)
  AVERAGE WIND SPEED     8.8


SKY COVER
  AVERAGE SKY COVER 1.0


WEATHER CONDITIONS
THE FOLLOWING WEATHER WAS RECORDED YESTERDAY.
  NO SIGNIFICANT WEATHER WAS OBSERVED.


RELATIVE HUMIDITY (PERCENT)
 HIGHEST    68           8:00 PM
 LOWEST     53           6:00 AM
 AVERAGE    61

..........................................................


THE JOHNSON COUNTY EXECUTIVE KS CLIMATE NORMALS FOR TODAY
                         NORMAL




SUNRISE AND SUNSET
OCTOBER 20 2020.......SUNRISE   7:34 AM CDT   SUNSET   6:33 PM CDT
OCTOBER 21 2020.......SUNRISE   7:35 AM CDT   SUNSET   6:31 PM CDT


-  INDICATES NEGATIVE NUMBERS.
R  INDICATES RECORD WAS SET OR TIED.
MM INDICATES DATA IS MISSING.
T  INDICATES TRACE AMOUNT.




$$
