000
CDUS43 KEAX 230632
CLIOJC


CLIMATE REPORT
NATIONAL WEATHER SERVICE KANSAS CITY/PLEASANT HILL MO
132 AM CDT SUN SEP 23 2018


...................................

...THE JOHNSON COUNTY EXECUTIVE KS CLIMATE SUMMARY FOR SEPTEMBER 22 2018...

CLIMATE NORMAL PERIOD 1981 TO 2010
CLIMATE RECORD PERIOD 9999 TO 9999


WEATHER ITEM   OBSERVED TIME   NORMAL DEPARTURE LAST
                VALUE   (LST)  VALUE  FROM      YEAR
                                      NORMAL
......................................................
TEMPERATURE (F)
 YESTERDAY
  MAXIMUM         72    440 PM  76     -4       87
  MINIMUM         49    646 AM  56     -7       70
  AVERAGE         61            66     -5       79

PRECIPITATION (IN)
  YESTERDAY        0.00          0.12  -0.12     0.00
  MONTH TO DATE    2.91          3.50  -0.59     1.90
  SINCE SEP 1      2.91          3.50  -0.59     1.90
  SINCE JAN 1     19.73         31.46 -11.73    40.50

DEGREE DAYS
 HEATING
  YESTERDAY        4             2      2        0
  MONTH TO DATE    4            18    -14        6
  SINCE SEP 1      4            18    -14        6
  SINCE JUL 1      4            19    -15        9

 COOLING
  YESTERDAY        0             3     -3       14
  MONTH TO DATE  192           134     58      149
  SINCE SEP 1    192           134     58      149
  SINCE JAN 1   1647          1299    348     1156
......................................................


WIND (MPH)
  HIGHEST WIND SPEED    13   HIGHEST WIND DIRECTION    NE (60)
  HIGHEST GUST SPEED    21   HIGHEST GUST DIRECTION    NE (60)
  AVERAGE WIND SPEED     6.5


SKY COVER
  AVERAGE SKY COVER 0.0


WEATHER CONDITIONS
 THE FOLLOWING WEATHER WAS RECORDED YESTERDAY.
  NO SIGNIFICANT WEATHER WAS OBSERVED.


RELATIVE HUMIDITY (PERCENT)
 HIGHEST    93           600 AM
 LOWEST     44           300 PM
 AVERAGE    69

..........................................................


THE JOHNSON COUNTY EXECUTIVE KS CLIMATE NORMALS FOR TODAY
                         NORMAL
 MAXIMUM TEMPERATURE (F)   76
 MINIMUM TEMPERATURE (F)   56


SUNRISE AND SUNSET
SEPTEMBER 23 2018.....SUNRISE   708 AM CDT   SUNSET   714 PM CDT
SEPTEMBER 24 2018.....SUNRISE   708 AM CDT   SUNSET   713 PM CDT


-  INDICATES NEGATIVE NUMBERS.
R  INDICATES RECORD WAS SET OR TIED.
MM INDICATES DATA IS MISSING.
T  INDICATES TRACE AMOUNT.




$$
