000
CDUS43 KEAX 280032
CLIOJC

CLIMATE REPORT
NATIONAL WEATHER SERVICE
732 PM CDT WED MAY 27 2020

...................................

...THE JOHNSON COUNTY EXECUTIVE KS CLIMATE SUMMARY FOR MAY 27 2020...
VALID TODAY AS OF 0700 PM LOCAL TIME.

CLIMATE NORMAL PERIOD: 1981 TO 2010
CLIMATE RECORD PERIOD: 9999 TO 9999


WEATHER ITEM   OBSERVED TIME   NORMAL DEPARTURE LAST
                VALUE   (LST)  VALUE  FROM      YEAR
                                      NORMAL
.......................................................
TEMPERATURE (F)
 TODAY
  MAXIMUM         76   1:40 PM  78     -2       82
  MINIMUM         62   2:41 AM  59      3       63
  AVERAGE         69            68      1       73

PRECIPITATION (IN)
  TODAY            T             0.17  -0.17     0.03
  MONTH TO DATE    3.00          4.74  -1.74     9.24
  SINCE MAR 1     10.86         11.36  -0.50    18.08
  SINCE JAN 1     13.12         14.05  -0.93    20.16

DEGREE DAYS
 HEATING
  TODAY            0             1     -1        0
  MONTH TO DATE  150            89     61      135
  SINCE MAR 1   1016          1027    -11     1147
  SINCE JUL 1   4898          4920    -22     5428

 COOLING
  TODAY            4             5     -1        8
  MONTH TO DATE   49            65    -16       61
  SINCE MAR 1     57            83    -26       73
  SINCE JAN 1     57            83    -26       73
.......................................................


WIND (MPH)
  HIGHEST WIND SPEED     9   HIGHEST WIND DIRECTION     N (360)
  HIGHEST GUST SPEED    12   HIGHEST GUST DIRECTION     N (360)
  AVERAGE WIND SPEED     3.3


SKY COVER
  AVERAGE SKY COVER 0.8


WEATHER CONDITIONS
THE FOLLOWING WEATHER WAS RECORDED TODAY.
  FOG


RELATIVE HUMIDITY (PERCENT)
 HIGHEST   100          12:00 AM
 LOWEST     64           2:00 PM
 AVERAGE    82

..........................................................


THE JOHNSON COUNTY EXECUTIVE KS CLIMATE NORMALS FOR TOMORROW
                         NORMAL




SUNRISE AND SUNSET
MAY 27 2020...........SUNRISE   5:58 AM CDT   SUNSET   8:35 PM CDT
MAY 28 2020...........SUNRISE   5:57 AM CDT   SUNSET   8:36 PM CDT


-  INDICATES NEGATIVE NUMBERS.
R  INDICATES RECORD WAS SET OR TIED.
MM INDICATES DATA IS MISSING.
T  INDICATES TRACE AMOUNT.




$$
