000
CDUS46 KSGX 210930
CLIOKB


CLIMATE REPORT
NATIONAL WEATHER SERVICE SAN DIEGO, CA
230 AM PDT WED OCT 21 2020


...................................

...THE OCEANSIDE AIRPORT CA CLIMATE SUMMARY FOR OCTOBER 20 2020...

CLIMATE NORMAL PERIOD 1981 TO 2010
CLIMATE RECORD PERIOD 1999 TO 2020


WEATHER ITEM   OBSERVED TIME   RECORD YEAR NORMAL DEPARTURE LAST
                VALUE   (LST)  VALUE       VALUE  FROM      YEAR
                                                  NORMAL
..................................................................
TEMPERATURE (F)
 YESTERDAY
  MAXIMUM         75   1237 PM  91    2016  73      2       78
  MINIMUM         62    648 PM  41    2013  51     11       47
  AVERAGE         69                        62      7       63

PRECIPITATION (IN)
  YESTERDAY        0.00          1.62 2004   0.02  -0.02     0.00
  MONTH TO DATE    0.00                      0.36  -0.36     0.00
  SINCE OCT 1      0.00                      0.36  -0.36     0.00
  SINCE JAN 1     10.59                     10.14   0.45    11.10

DEGREE DAYS
 HEATING
  YESTERDAY        0                         3     -3        2
  MONTH TO DATE    1                        40    -39       35
  SINCE SEP 1      1                        50    -49       38
  SINCE JUL 1      2                        55    -53       38

 COOLING
  YESTERDAY        4                         0      4        0
  MONTH TO DATE   75                        18     57       12
  SINCE SEP 1    219                       112    107      182
  SINCE JAN 1    743                       412    331      552
..................................................................


WIND (MPH)
  RESULTANT WIND SPEED   1   RESULTANT WIND DIRECTION   W (270)
  HIGHEST WIND SPEED    12   HIGHEST WIND DIRECTION    SW (230)
  HIGHEST GUST SPEED    15   HIGHEST GUST DIRECTION    SW (230)
  AVERAGE WIND SPEED     3.6


SKY COVER
  POSSIBLE SUNSHINE  MM
  AVERAGE SKY COVER 0.7


WEATHER CONDITIONS
 THE FOLLOWING WEATHER WAS RECORDED YESTERDAY.
  NO SIGNIFICANT WEATHER WAS OBSERVED.


RELATIVE HUMIDITY (PERCENT)
 HIGHEST   100           300 AM
 LOWEST     68          1000 AM
 AVERAGE    84

..........................................................


THE OCEANSIDE AIRPORT CA CLIMATE NORMALS FOR TODAY
                         NORMAL    RECORD    YEAR
 MAXIMUM TEMPERATURE (F)   73        93      2019
 MINIMUM TEMPERATURE (F)   51        44      2006


SUNRISE AND SUNSET
OCTOBER 21 2020.......SUNRISE   659 AM PDT   SUNSET   608 PM PDT
OCTOBER 22 2020.......SUNRISE   700 AM PDT   SUNSET   607 PM PDT


-  INDICATES NEGATIVE NUMBERS.
R  INDICATES RECORD WAS SET OR TIED.
MM INDICATES DATA IS MISSING.
T  INDICATES TRACE AMOUNT.




$$
