000
CDUS46 KSGX 170023
CLIOKB


CLIMATE REPORT
NATIONAL WEATHER SERVICE SAN DIEGO, CA
423 PM PST SUN DEC 16 2018


...................................

...THE OCEANSIDE AIRPORT CA CLIMATE SUMMARY FOR DECEMBER 16 2018...
VALID TODAY AS OF 0400 PM LOCAL TIME.

CLIMATE NORMAL PERIOD 1981 TO 2010
CLIMATE RECORD PERIOD 1999 TO 2018


WEATHER ITEM   OBSERVED TIME   RECORD YEAR NORMAL DEPARTURE LAST
                VALUE   (LST)  VALUE       VALUE  FROM      YEAR
                                                  NORMAL
..................................................................
TEMPERATURE (F)
 TODAY
  MAXIMUM         68   1129 AM  84    2013  65      3       67
  MINIMUM         37    636 AM  29    2015  40     -3       39
  AVERAGE         53                        52      1       53

PRECIPITATION (IN)
  TODAY            0.00          0.72 2016   0.07  -0.07     0.00
  MONTH TO DATE    2.51                      0.70   1.81     0.00
  SINCE OCT 1      3.63                      2.43   1.20     0.04
  SINCE JAN 1      8.55                     12.21  -3.66     9.88

DEGREE DAYS
 HEATING
  TODAY           12                        13     -1       12
  MONTH TO DATE  153                       192    -39      106
  SINCE DEC 1    153                       192    -39      106
  SINCE JUL 1    367                       542   -175      275

 COOLING
  TODAY            0                         0      0        0
  MONTH TO DATE    0                         0      0        2
  SINCE DEC 1      0                         0      0        2
  SINCE JAN 1    770                       419    351      761
..................................................................


WIND (MPH)
  RESULTANT WIND SPEED   2   RESULTANT WIND DIRECTION   W (270)
  HIGHEST WIND SPEED    15   HIGHEST WIND DIRECTION     W (280)
  HIGHEST GUST SPEED    20   HIGHEST GUST DIRECTION     W (290)
  AVERAGE WIND SPEED     2.9


SKY COVER
  POSSIBLE SUNSHINE  MM
  AVERAGE SKY COVER 0.1


WEATHER CONDITIONS
 THE FOLLOWING WEATHER WAS RECORDED TODAY.
  NO SIGNIFICANT WEATHER WAS OBSERVED.


RELATIVE HUMIDITY (PERCENT)
 HIGHEST   100           200 AM
 LOWEST     48          1100 AM
 AVERAGE    74

..........................................................


THE OCEANSIDE AIRPORT CA CLIMATE NORMALS FOR TOMORROW
                         NORMAL    RECORD    YEAR
 MAXIMUM TEMPERATURE (F)   65        77      2013
                                             2004
 MINIMUM TEMPERATURE (F)   40        32      2015


SUNRISE AND SUNSET
DECEMBER 16 2018......SUNRISE   646 AM PST   SUNSET   444 PM PST
DECEMBER 17 2018......SUNRISE   647 AM PST   SUNSET   444 PM PST


-  INDICATES NEGATIVE NUMBERS.
R  INDICATES RECORD WAS SET OR TIED.
MM INDICATES DATA IS MISSING.
T  INDICATES TRACE AMOUNT.




$$
