000
CDUS46 KSGX 250935
CLIOKB


CLIMATE REPORT
NATIONAL WEATHER SERVICE SAN DIEGO, CA
135 AM PST TUE FEB 25 2020


...................................

...THE OCEANSIDE AIRPORT CA CLIMATE SUMMARY FOR FEBRUARY 24 2020...

CLIMATE NORMAL PERIOD 1981 TO 2010
CLIMATE RECORD PERIOD 1999 TO 2020


WEATHER ITEM   OBSERVED TIME   RECORD YEAR NORMAL DEPARTURE LAST
                VALUE   (LST)  VALUE       VALUE  FROM      YEAR
                                                  NORMAL
..................................................................
TEMPERATURE (F)
 YESTERDAY
  MAXIMUM         66    135 PM  80    2016  65      1       61
  MINIMUM         43    625 AM  32    2018  44     -1       36
  AVERAGE         55                        54      1       49

PRECIPITATION (IN)
  YESTERDAY        0.00          0.38 2008   0.14  -0.14     0.00
  MONTH TO DATE    0.42                      2.60  -2.18     5.64
  SINCE OCT 1      7.91                      9.13  -1.22    12.52
  SINCE JAN 1      1.03                      5.25  -4.22     8.58

DEGREE DAYS
 HEATING
  YESTERDAY       10                        11     -1       16
  MONTH TO DATE  275                       264     11      349
  SINCE DEC 1    908                      1019   -111     1036
  SINCE JUL 1   1153                      1369   -216     1250

 COOLING
  YESTERDAY        0                         0      0        0
  MONTH TO DATE    0                         0      0        0
  SINCE DEC 1      0                         0      0        0
  SINCE JAN 1      0                         0      0        0
..................................................................


WIND (MPH)
  RESULTANT WIND SPEED   2   RESULTANT WIND DIRECTION   W (270)
  HIGHEST WIND SPEED    15   HIGHEST WIND DIRECTION     W (260)
  HIGHEST GUST SPEED    19   HIGHEST GUST DIRECTION     W (260)
  AVERAGE WIND SPEED     2.8


SKY COVER
  POSSIBLE SUNSHINE  MM
  AVERAGE SKY COVER 0.1


WEATHER CONDITIONS
 THE FOLLOWING WEATHER WAS RECORDED YESTERDAY.
  FOG
  HAZE


RELATIVE HUMIDITY (PERCENT)
 HIGHEST    93           100 AM
 LOWEST     63          1100 AM
 AVERAGE    78

..........................................................


THE OCEANSIDE AIRPORT CA CLIMATE NORMALS FOR TODAY
                         NORMAL    RECORD    YEAR
 MAXIMUM TEMPERATURE (F)   65        79      2016
                                             2005
 MINIMUM TEMPERATURE (F)   44        31      2018


SUNRISE AND SUNSET
FEBRUARY 25 2020......SUNRISE   623 AM PST   SUNSET   543 PM PST
FEBRUARY 26 2020......SUNRISE   622 AM PST   SUNSET   544 PM PST


-  INDICATES NEGATIVE NUMBERS.
R  INDICATES RECORD WAS SET OR TIED.
MM INDICATES DATA IS MISSING.
T  INDICATES TRACE AMOUNT.




$$
