000
CDUS46 KSGX 191138
CLIOKB


CLIMATE REPORT
NATIONAL WEATHER SERVICE SAN DIEGO, CA
437 AM PDT TUE JUN 19 2018


...................................

...THE OCEANSIDE AIRPORT CA CLIMATE SUMMARY FOR JUNE 18 2018...

CLIMATE NORMAL PERIOD 1981 TO 2010
CLIMATE RECORD PERIOD 1999 TO 2018


WEATHER ITEM   OBSERVED TIME   RECORD YEAR NORMAL DEPARTURE LAST
                VALUE   (LST)  VALUE       VALUE  FROM      YEAR
                                                  NORMAL
..................................................................
TEMPERATURE (F)
 YESTERDAY
  MAXIMUM         74   1244 PM  80    2016  73      1       75
  MINIMUM         55    320 AM  52    2016  59     -4       59
  AVERAGE         65                        66     -1       67

PRECIPITATION (IN)
  YESTERDAY        0.00          0.00 2006   0.00   0.00     0.00
                                      2005
                                      2004
  MONTH TO DATE    0.00                      0.06  -0.06     0.05
  SINCE OCT 1      4.93                     13.10  -8.17    14.97
  SINCE JAN 1      4.89                      9.22  -4.33     9.82

DEGREE DAYS
 HEATING
  YESTERDAY        0                         1     -1        0
  MONTH TO DATE    5                        23    -18       14
  SINCE JUN 1      5                        23    -18       14
  SINCE JUL 1   1506                      2024   -518     1426

 COOLING
  YESTERDAY        0                         1     -1        2
  MONTH TO DATE   26                        14     12       14
  SINCE JUN 1     26                        14     12       14
  SINCE JAN 1     35                        24     11       31
..................................................................


WIND (MPH)
  RESULTANT WIND SPEED   6   RESULTANT WIND DIRECTION   W (270)
  HIGHEST WIND SPEED    18   HIGHEST WIND DIRECTION     W (250)
  HIGHEST GUST SPEED    28   HIGHEST GUST DIRECTION     W (260)
  AVERAGE WIND SPEED     6.9


SKY COVER
  POSSIBLE SUNSHINE  MM
  AVERAGE SKY COVER 0.5


WEATHER CONDITIONS
 THE FOLLOWING WEATHER WAS RECORDED YESTERDAY.
  NO SIGNIFICANT WEATHER WAS OBSERVED.


RELATIVE HUMIDITY (PERCENT)
 HIGHEST    78           800 PM
 LOWEST     53          1200 PM
 AVERAGE    66

..........................................................


THE OCEANSIDE AIRPORT CA CLIMATE NORMALS FOR TODAY
                         NORMAL    RECORD    YEAR
 MAXIMUM TEMPERATURE (F)   73        84      2016
                                             2008
 MINIMUM TEMPERATURE (F)   59        51      2014
                                             2005


SUNRISE AND SUNSET
JUNE 19 2018..........SUNRISE   540 AM PDT   SUNSET   801 PM PDT
JUNE 20 2018..........SUNRISE   540 AM PDT   SUNSET   802 PM PDT


-  INDICATES NEGATIVE NUMBERS.
R  INDICATES RECORD WAS SET OR TIED.
MM INDICATES DATA IS MISSING.
T  INDICATES TRACE AMOUNT.




$$
