000
CDUS46 KSGX 221140
CLIOKB


CLIMATE REPORT
NATIONAL WEATHER SERVICE SAN DIEGO, CA
440 AM PDT SAT SEP 22 2018


...................................

...THE OCEANSIDE AIRPORT CA CLIMATE SUMMARY FOR SEPTEMBER 21 2018...

CLIMATE NORMAL PERIOD 1981 TO 2010
CLIMATE RECORD PERIOD 1999 TO 2018


WEATHER ITEM   OBSERVED TIME   RECORD YEAR NORMAL DEPARTURE LAST
                VALUE   (LST)  VALUE       VALUE  FROM      YEAR
                                                  NORMAL
..................................................................
TEMPERATURE (F)
 YESTERDAY
  MAXIMUM         74   1231 PM  90    2004  76     -2       74
  MINIMUM         54    538 AM  46    2007  58     -4       56
  AVERAGE         64                        67     -3       65

PRECIPITATION (IN)
  YESTERDAY        0.00          0.06 2016   0.00   0.00      T
  MONTH TO DATE    T                         0.18  -0.18      T
  SINCE OCT 1      4.96                     13.60  -8.64    14.99
  SINCE JAN 1      4.92                      9.72  -4.80     9.84

DEGREE DAYS
 HEATING
  YESTERDAY        1                         0      1        0
  MONTH TO DATE    1                         0      1        0
  SINCE SEP 1      1                         0      1        0
  SINCE JUL 1      1                         5     -4        0

 COOLING
  YESTERDAY        0                         3     -3        0
  MONTH TO DATE   73                        75     -2      142
  SINCE SEP 1     73                        75     -2      142
  SINCE JAN 1    705                       375    330      661
..................................................................


WIND (MPH)
  RESULTANT WIND SPEED   3   RESULTANT WIND DIRECTION   W (250)
  HIGHEST WIND SPEED    13   HIGHEST WIND DIRECTION     W (250)
  HIGHEST GUST SPEED    18   HIGHEST GUST DIRECTION    SW (230)
  AVERAGE WIND SPEED     4.2


SKY COVER
  POSSIBLE SUNSHINE  MM
  AVERAGE SKY COVER 0.3


WEATHER CONDITIONS
 THE FOLLOWING WEATHER WAS RECORDED YESTERDAY.
  FOG
  HAZE


RELATIVE HUMIDITY (PERCENT)
 HIGHEST    93           200 AM
 LOWEST     64           200 PM
 AVERAGE    79

..........................................................


THE OCEANSIDE AIRPORT CA CLIMATE NORMALS FOR TODAY
                         NORMAL    RECORD    YEAR
 MAXIMUM TEMPERATURE (F)   76        89      2004
 MINIMUM TEMPERATURE (F)   58        49      2004


SUNRISE AND SUNSET
SEPTEMBER 22 2018.....SUNRISE   638 AM PDT   SUNSET   646 PM PDT
SEPTEMBER 23 2018.....SUNRISE   638 AM PDT   SUNSET   645 PM PDT


-  INDICATES NEGATIVE NUMBERS.
R  INDICATES RECORD WAS SET OR TIED.
MM INDICATES DATA IS MISSING.
T  INDICATES TRACE AMOUNT.




$$
