574
CDUS44 KOUN 220642
CLIOKC

CLIMATE REPORT
NATIONAL WEATHER SERVICE NORMAN OK
142 AM CDT TUE OCT 22 2019

...................................

...THE OKLAHOMA CITY CLIMATE SUMMARY FOR OCTOBER 21 2019...

CLIMATE NORMAL PERIOD 1981 TO 2010
CLIMATE RECORD PERIOD 1890 TO 2019


WEATHER ITEM   OBSERVED TIME   RECORD YEAR NORMAL DEPARTURE LAST
                VALUE   (LST)  VALUE       VALUE  FROM      YEAR
                                                  NORMAL
..................................................................
TEMPERATURE (F)
 YESTERDAY
  MAXIMUM         69    254 PM  90    2004  72     -3       68
                                      1978
  MINIMUM         38    659 AM  30    1917  50    -12       43
  AVERAGE         54                        61     -7       56

PRECIPITATION (IN)
  YESTERDAY        0.00          3.70 1972   0.12  -0.12     0.00
  MONTH TO DATE    0.05                      2.57  -2.52     4.80
  SINCE SEP 1      2.26                      6.63  -4.37    13.22
  SINCE JAN 1     40.39                     31.52   8.87    40.57

SNOWFALL (IN)
  YESTERDAY        0.0           T    2017   0.0    0.0      0.0
  MONTH TO DATE    0.0                       0.0    0.0      0.0
  SINCE SEP 1      0.0                       0.0    0.0      0.0
  SINCE JUL 1      0.0                       0.0    0.0      0.0
  SNOW DEPTH       0

DEGREE DAYS
 HEATING
  YESTERDAY       11                         5      6        9
  MONTH TO DATE  106                        74     32      150
  SINCE SEP 1    106                        93     13      163
  SINCE JUL 1    106                        93     13      163

 COOLING
  YESTERDAY        0                         1     -1        0
  MONTH TO DATE   57                        57      0       66
  SINCE SEP 1    477                       345    132      327
  SINCE JAN 1   1984                      2082    -98     2082
..................................................................


WIND (MPH)
  HIGHEST WIND SPEED    29   HIGHEST WIND DIRECTION    NW (330)
  HIGHEST GUST SPEED    36   HIGHEST GUST DIRECTION    NW (330)
  AVERAGE WIND SPEED    12.1


SKY COVER
  AVERAGE SKY COVER 0.1


WEATHER CONDITIONS
 THE FOLLOWING WEATHER WAS RECORDED YESTERDAY.
  NO SIGNIFICANT WEATHER WAS OBSERVED.


RELATIVE HUMIDITY (PERCENT)
 HIGHEST    76           700 AM
 LOWEST     15           300 PM
 AVERAGE    46

..........................................................


THE OKLAHOMA CITY CLIMATE NORMALS FOR TODAY
                         NORMAL    RECORD    YEAR
 MAXIMUM TEMPERATURE (F)   72        87      1939
 MINIMUM TEMPERATURE (F)   50        31      1898


SUNRISE AND SUNSET
OCTOBER 22 2019.......SUNRISE   743 AM CDT   SUNSET   647 PM CDT
OCTOBER 23 2019.......SUNRISE   743 AM CDT   SUNSET   645 PM CDT


-  INDICATES NEGATIVE NUMBERS.
R  INDICATES RECORD WAS SET OR TIED.
MM INDICATES DATA IS MISSING.
T  INDICATES TRACE AMOUNT.




$$
