332
CDUS44 KOUN 170633
CLIOKC

OUNCLIOKC 000
TTAA00 KOUN 170632


CLIMATE REPORT
NATIONAL WEATHER SERVICE NORMAN OK
1232 AM CST MON DEC 17 2018


...................................

...THE OKLAHOMA CITY CLIMATE SUMMARY FOR DECEMBER 16 2018...

CLIMATE NORMAL PERIOD 1981 TO 2010
CLIMATE RECORD PERIOD 1890 TO 2018


WEATHER ITEM   OBSERVED TIME   RECORD YEAR NORMAL DEPARTURE LAST
                VALUE   (LST)  VALUE       VALUE  FROM      YEAR
                                                  NORMAL
..................................................................
TEMPERATURE (F)
 YESTERDAY
  MAXIMUM         54    333 PM  76    2006  50      4       61
  MINIMUM         33    117 AM   7    1989  30      3       32
  AVERAGE         44                        40      4       47

PRECIPITATION (IN)
  YESTERDAY        0.00          0.56 1931   0.06  -0.06     0.01
  MONTH TO DATE    1.06                      1.03   0.03     0.01
  SINCE DEC 1      1.06                      1.03   0.03     0.01
  SINCE JAN 1     42.75                     35.67   7.08    33.05

SNOWFALL (IN)
  YESTERDAY        0.0           2.0  1906   0.1   -0.1      0.0
  MONTH TO DATE    T                         0.9   -0.9      0.0
  SINCE DEC 1      T                         0.9   -0.9      0.0
  SINCE JUL 1      0.8                       1.3   -0.5       T
  SNOW DEPTH       0

DEGREE DAYS
 HEATING
  YESTERDAY       21                        25     -4       18
  MONTH TO DATE  407                       371     36      326
  SINCE DEC 1    407                       371     36      326
  SINCE JUL 1   1238                       970    268      876

 COOLING
  YESTERDAY        0                         0      0        0
  MONTH TO DATE    0                         0      0        0
  SINCE DEC 1      0                         0      0        0
  SINCE JAN 1   2082                      2099    -17     1916
..................................................................


WIND (MPH)
  HIGHEST WIND SPEED    15   HIGHEST WIND DIRECTION    NW (320)
  HIGHEST GUST SPEED    18   HIGHEST GUST DIRECTION    NW (310)
  AVERAGE WIND SPEED     6.7


SKY COVER
  AVERAGE SKY COVER 0.7


WEATHER CONDITIONS
 THE FOLLOWING WEATHER WAS RECORDED YESTERDAY.
  HAZE


RELATIVE HUMIDITY (PERCENT)
 HIGHEST    70           400 AM
 LOWEST     38           300 PM
 AVERAGE    54

..........................................................


THE OKLAHOMA CITY CLIMATE NORMALS FOR TODAY
                         NORMAL    RECORD    YEAR
 MAXIMUM TEMPERATURE (F)   50        75      1939
 MINIMUM TEMPERATURE (F)   30         2      1979


SUNRISE AND SUNSET
DECEMBER 17 2018......SUNRISE   733 AM CST   SUNSET   520 PM CST
DECEMBER 18 2018......SUNRISE   734 AM CST   SUNSET   520 PM CST


-  INDICATES NEGATIVE NUMBERS.
R  INDICATES RECORD WAS SET OR TIED.
MM INDICATES DATA IS MISSING.
T  INDICATES TRACE AMOUNT.




$$
