000
CDUS44 KOUN 060655
CLIOKC

CLIMATE REPORT
NATIONAL WEATHER SERVICE NORMAN OK
153 AM CDT SAT JUN 6 2020


...................................

...THE OKLAHOMA CITY CLIMATE SUMMARY FOR JUNE 5 2020...

CLIMATE NORMAL PERIOD 1981 TO 2010
CLIMATE RECORD PERIOD 1890 TO 2020


WEATHER ITEM   OBSERVED TIME   RECORD YEAR NORMAL DEPARTURE LAST
                VALUE   (LST)  VALUE       VALUE  FROM      YEAR
                                                  NORMAL
..................................................................
TEMPERATURE (F)
 YESTERDAY
  MAXIMUM         94    342 PM  99    1917  85      9       88
  MINIMUM         63    522 AM  48    1919  65     -2       66
  AVERAGE         79                        75      4       77

PRECIPITATION (IN)
  YESTERDAY        0.00          1.48 1927   0.19  -0.19      T
  MONTH TO DATE    T                         0.93  -0.93     0.30
  SINCE JUN 1      T                         0.93  -0.93     0.30
  SINCE JAN 1     14.94                     14.68   0.26    24.19

SNOWFALL (IN)
  YESTERDAY        0.0           0.0    MM   0.0    0.0      0.0
  MONTH TO DATE    0.0                       0.0    0.0      0.0
  SINCE JUN 1      0.0                       0.0    0.0      0.0
  SINCE JUL 1      5.1                       7.6   -2.5      5.8
  SNOW DEPTH       0

DEGREE DAYS
 HEATING
  YESTERDAY        0                         0      0        0
  MONTH TO DATE    0                         0      0        0
  SINCE JUN 1      0                         0      0        0
  SINCE JUL 1   3499                      3364    135     3907

 COOLING
  YESTERDAY       14                        10      4       12
  MONTH TO DATE   65                        49     16       50
  SINCE JUN 1     65                        49     16       50
  SINCE JAN 1    257                       299    -42      200
..................................................................


WIND (MPH)
  HIGHEST WIND SPEED    15   HIGHEST WIND DIRECTION     S (180)
  HIGHEST GUST SPEED    19   HIGHEST GUST DIRECTION     S (190)
  AVERAGE WIND SPEED     7.0


SKY COVER
  AVERAGE SKY COVER 0.3


WEATHER CONDITIONS
 THE FOLLOWING WEATHER WAS RECORDED YESTERDAY.
  NO SIGNIFICANT WEATHER WAS OBSERVED.


RELATIVE HUMIDITY (PERCENT)
 HIGHEST    87           300 AM
 LOWEST     46           300 PM
 AVERAGE    67

..........................................................


THE OKLAHOMA CITY CLIMATE NORMALS FOR TODAY
                         NORMAL    RECORD    YEAR
 MAXIMUM TEMPERATURE (F)   86       102      1911
 MINIMUM TEMPERATURE (F)   66        50      1998


SUNRISE AND SUNSET
JUNE  6 2020..........SUNRISE   615 AM CDT   SUNSET   843 PM CDT
JUNE  7 2020..........SUNRISE   615 AM CDT   SUNSET   844 PM CDT


-  INDICATES NEGATIVE NUMBERS.
R  INDICATES RECORD WAS SET OR TIED.
MM INDICATES DATA IS MISSING.
T  INDICATES TRACE AMOUNT.




$$
