000
CDUS44 KOUN 200627
CLIOKC

CLIMATE REPORT
NATIONAL WEATHER SERVICE NORMAN OK
127 AM CDT TUE OCT 20 2020

...................................

...THE OKLAHOMA CITY CLIMATE SUMMARY FOR OCTOBER 19 2020...

CLIMATE NORMAL PERIOD 1981 TO 2010
CLIMATE RECORD PERIOD 1890 TO 2020


WEATHER ITEM   OBSERVED TIME   RECORD YEAR NORMAL DEPARTURE LAST
                VALUE   (LST)  VALUE       VALUE  FROM      YEAR
                                                  NORMAL
...................................................................
TEMPERATURE (F)
 YESTERDAY
  MAXIMUM         59    414 PM  92    1894  72    -13       74
  MINIMUM         41    709 AM  25    1917  51    -10       52
  AVERAGE         50                        62    -12       63

PRECIPITATION (IN)
  YESTERDAY        T             4.98 1983   0.13  -0.13     0.03
  MONTH TO DATE    T                         2.33  -2.33     0.05
  SINCE SEP 1      2.56                      6.39  -3.83     2.26
  SINCE JAN 1     30.89                     31.28  -0.39    40.39

SNOWFALL (IN)
  YESTERDAY        0.0           0.0    MM   0.0    0.0      0.0
  MONTH TO DATE    0.0                       0.0    0.0      0.0
  SINCE SEP 1      0.0                       0.0    0.0      0.0
  SINCE JUL 1      0.0                       0.0    0.0      0.0
  SNOW DEPTH       0

DEGREE DAYS
 HEATING
  YESTERDAY       15                         5     10        2
  MONTH TO DATE   64                        64      0       93
  SINCE SEP 1     95                        83     12       93
  SINCE JUL 1     95                        83     12       93

 COOLING
  YESTERDAY        0                         1     -1        0
  MONTH TO DATE   41                        55    -14       57
  SINCE SEP 1    223                       343   -120      477
  SINCE JAN 1   1762                      2080   -318     1984
...................................................................


WIND (MPH)
  HIGHEST WIND SPEED    15   HIGHEST WIND DIRECTION     N (10)
  HIGHEST GUST SPEED    18   HIGHEST GUST DIRECTION    NE (50)
  AVERAGE WIND SPEED     7.2


SKY COVER
  AVERAGE SKY COVER 0.9


WEATHER CONDITIONS
THE FOLLOWING WEATHER WAS RECORDED YESTERDAY.
  LIGHT RAIN
  FOG


RELATIVE HUMIDITY (PERCENT)
 HIGHEST    96           400 AM
 LOWEST     55           200 PM
 AVERAGE    76

..........................................................


THE OKLAHOMA CITY CLIMATE NORMALS FOR TODAY
                         NORMAL    RECORD    YEAR
 MAXIMUM TEMPERATURE (F)   72        93      1979
 MINIMUM TEMPERATURE (F)   50        26      1976


SUNRISE AND SUNSET
OCTOBER 20 2020.......SUNRISE   741 AM CDT   SUNSET   648 PM CDT
OCTOBER 21 2020.......SUNRISE   742 AM CDT   SUNSET   647 PM CDT


-  INDICATES NEGATIVE NUMBERS.
R  INDICATES RECORD WAS SET OR TIED.
MM INDICATES DATA IS MISSING.
T  INDICATES TRACE AMOUNT.




$$
