000
CDUS44 KOUN 150628
CLIOKC

CLIMATE REPORT
NATIONAL WEATHER SERVICE NORMAN OK
128 AM CDT TUE OCT 15 2019


...................................

...THE OKLAHOMA CITY CLIMATE SUMMARY FOR OCTOBER 14 2019...

CLIMATE NORMAL PERIOD 1981 TO 2010
CLIMATE RECORD PERIOD 1890 TO 2019


WEATHER ITEM   OBSERVED TIME   RECORD YEAR NORMAL DEPARTURE LAST
                VALUE   (LST)  VALUE       VALUE  FROM      YEAR
                                                  NORMAL
..................................................................
TEMPERATURE (F)
 YESTERDAY
  MAXIMUM         80    410 PM  93    2015  74      6       60
  MINIMUM         51    620 AM  32    1969  52     -1       35
  AVERAGE         66                        63      3       48

PRECIPITATION (IN)
  YESTERDAY        0.00          2.45 1956   0.12  -0.12      T
  MONTH TO DATE    0.01                      1.69  -1.68     4.26
  SINCE SEP 1      2.22                      5.75  -3.53    12.68
  SINCE JAN 1     40.35                     30.64   9.71    40.03

SNOWFALL (IN)
  YESTERDAY        0.0           0.0    MM   0.0    0.0      0.0
  MONTH TO DATE    0.0                       0.0    0.0      0.0
  SINCE SEP 1      0.0                       0.0    0.0      0.0
  SINCE JUL 1      0.0                       0.0    0.0      0.0
  SNOW DEPTH       0

DEGREE DAYS
 HEATING
  YESTERDAY        0                         4     -4       17
  MONTH TO DATE   68                        41     27       63
  SINCE SEP 1     68                        60      8       76
  SINCE JUL 1     68                        60      8       76

 COOLING
  YESTERDAY        1                         2     -1        0
  MONTH TO DATE   54                        46      8       66
  SINCE SEP 1    474                       334    140      327
  SINCE JAN 1   1981                      2071    -90     2082
..................................................................


WIND (MPH)
  HIGHEST WIND SPEED    17   HIGHEST WIND DIRECTION     S (170)
  HIGHEST GUST SPEED    24   HIGHEST GUST DIRECTION     S (170)
  AVERAGE WIND SPEED    11.7


SKY COVER
  AVERAGE SKY COVER 0.4


WEATHER CONDITIONS
 THE FOLLOWING WEATHER WAS RECORDED YESTERDAY.
  NO SIGNIFICANT WEATHER WAS OBSERVED.


RELATIVE HUMIDITY (PERCENT)
 HIGHEST   100          1100 PM
 LOWEST     45           300 PM
 AVERAGE    73

..........................................................


THE OKLAHOMA CITY CLIMATE NORMALS FOR TODAY
                         NORMAL    RECORD    YEAR
 MAXIMUM TEMPERATURE (F)   74        92      1962
 MINIMUM TEMPERATURE (F)   52        35      2018


SUNRISE AND SUNSET
OCTOBER 15 2019.......SUNRISE   736 AM CDT   SUNSET   655 PM CDT
OCTOBER 16 2019.......SUNRISE   737 AM CDT   SUNSET   654 PM CDT


-  INDICATES NEGATIVE NUMBERS.
R  INDICATES RECORD WAS SET OR TIED.
MM INDICATES DATA IS MISSING.
T  INDICATES TRACE AMOUNT.




$$
