220
CDUS44 KOUN 242243
CLIOKC

CLIMATE REPORT
NATIONAL WEATHER SERVICE NORMAN OK
543 PM CDT SUN JUN 24 2018


...................................

...THE OKLAHOMA CITY CLIMATE SUMMARY FOR JUNE 24 2018...
VALID TODAY AS OF 0500 PM LOCAL TIME.

CLIMATE NORMAL PERIOD 1981 TO 2010
CLIMATE RECORD PERIOD 1890 TO 2018


WEATHER ITEM   OBSERVED TIME   RECORD YEAR NORMAL DEPARTURE LAST
                VALUE   (LST)  VALUE       VALUE  FROM      YEAR
                                                  NORMAL
..................................................................
TEMPERATURE (F)
 TODAY
  MAXIMUM         81   1133 AM 104    1911  90     -9       85
  MINIMUM         65    135 PM  54    1957  70     -5       69
  AVERAGE         73                        80     -7       77

PRECIPITATION (IN)
  TODAY            1.95          2.06 1948   0.14   1.81     0.00
  MONTH TO DATE    4.13                      4.13   0.00     0.09
  SINCE JUN 1      4.13                      4.13   0.00     0.09
  SINCE JAN 1     14.15                     17.88  -3.73    14.75

SNOWFALL (IN)
  TODAY            0.0           0.0    MM   0.0    0.0      0.0
  MONTH TO DATE    0.0                       0.0    0.0      0.0
  SINCE JUN 1      0.0                       0.0    0.0      0.0
  SINCE JUL 1      0.4                       7.6   -7.2      2.1

DEGREE DAYS
 HEATING
  TODAY            0                         0      0        0
  MONTH TO DATE    0                         0      0        0
  SINCE JUN 1      0                         0      0        0
  SINCE JUL 1   3559                      3364    195     2701

 COOLING
  TODAY            8                        15     -7       12
  MONTH TO DATE  343                       294     49      303
  SINCE JUN 1    343                       294     49      303
  SINCE JAN 1    669                       544    125      528
..................................................................


WIND (MPH)
  HIGHEST WIND SPEED    40   HIGHEST WIND DIRECTION     N (350)
  HIGHEST GUST SPEED    52   HIGHEST GUST DIRECTION     N (360)
  AVERAGE WIND SPEED    12.8


SKY COVER
  AVERAGE SKY COVER 0.9


WEATHER CONDITIONS
 THE FOLLOWING WEATHER WAS RECORDED TODAY.
  THUNDERSTORM
  HEAVY RAIN
  RAIN
  LIGHT RAIN
  FOG


RELATIVE HUMIDITY (PERCENT)
 HIGHEST    93           700 AM
 LOWEST     67          1100 AM
 AVERAGE    80

..........................................................


THE OKLAHOMA CITY CLIMATE NORMALS FOR TOMORROW
                         NORMAL    RECORD    YEAR
 MAXIMUM TEMPERATURE (F)   91       105      1980
 MINIMUM TEMPERATURE (F)   70        51      1974


SUNRISE AND SUNSET
JUNE 24 2018..........SUNRISE   616 AM CDT   SUNSET   849 PM CDT
JUNE 25 2018..........SUNRISE   617 AM CDT   SUNSET   849 PM CDT


-  INDICATES NEGATIVE NUMBERS.
R  INDICATES RECORD WAS SET OR TIED.
MM INDICATES DATA IS MISSING.
T  INDICATES TRACE AMOUNT.




$$
