000
CDUS44 KOUN 230627
CLIOKC

OUNCLIOKC 000
TTAA00 KOUN 230627


CLIMATE REPORT
NATIONAL WEATHER SERVICE NORMAN OK
127 AM CDT SUN SEP 23 2018


...................................

...THE OKLAHOMA CITY CLIMATE SUMMARY FOR SEPTEMBER 22 2018...

CLIMATE NORMAL PERIOD 1981 TO 2010
CLIMATE RECORD PERIOD 1890 TO 2018


WEATHER ITEM   OBSERVED TIME   RECORD YEAR NORMAL DEPARTURE LAST
                VALUE   (LST)  VALUE       VALUE  FROM      YEAR
                                                  NORMAL
..................................................................
TEMPERATURE (F)
 YESTERDAY
  MAXIMUM         75    448 PM  96    2000  82     -7       88
                                      1956
                                      1948
  MINIMUM         59    812 AM  41    1995  61     -2       70
  AVERAGE         67                        71     -4       79

PRECIPITATION (IN)
  YESTERDAY        T             7.53 1970   0.14  -0.14     0.00
  MONTH TO DATE    7.88                      2.99   4.89     0.47
  SINCE SEP 1      7.88                      2.99   4.89     0.47
  SINCE JAN 1     35.23                     27.88   7.35    23.68

SNOWFALL (IN)
  YESTERDAY        0.0           0.0    MM   0.0    0.0      0.0
  MONTH TO DATE    0.0                       0.0    0.0      0.0
  SINCE SEP 1      0.0                       0.0    0.0      0.0
  SINCE JUL 1      0.0                       0.0    0.0      0.0
  SNOW DEPTH       0

DEGREE DAYS
 HEATING
  YESTERDAY        0                         1     -1        0
  MONTH TO DATE    0                         7     -7        0
  SINCE SEP 1      0                         7     -7        0
  SINCE JUL 1      0                         7     -7        0

 COOLING
  YESTERDAY        2                         7     -5       14
  MONTH TO DATE  227                       238    -11      206
  SINCE SEP 1    227                       238    -11      206
  SINCE JAN 1   1982                      1975      7     1777
..................................................................


WIND (MPH)
  HIGHEST WIND SPEED    22   HIGHEST WIND DIRECTION    NE (30)
  HIGHEST GUST SPEED    28   HIGHEST GUST DIRECTION    NE (40)
  AVERAGE WIND SPEED    13.8


SKY COVER
  AVERAGE SKY COVER 0.8


WEATHER CONDITIONS
 THE FOLLOWING WEATHER WAS RECORDED YESTERDAY.
  LIGHT RAIN


RELATIVE HUMIDITY (PERCENT)
 HIGHEST    84          1200 AM
 LOWEST     64           200 PM
 AVERAGE    74

..........................................................


THE OKLAHOMA CITY CLIMATE NORMALS FOR TODAY
                         NORMAL    RECORD    YEAR
 MAXIMUM TEMPERATURE (F)   82        97      1931
                                             1926
 MINIMUM TEMPERATURE (F)   60        38      1995


SUNRISE AND SUNSET
SEPTEMBER 23 2018.....SUNRISE   719 AM CDT   SUNSET   726 PM CDT
SEPTEMBER 24 2018.....SUNRISE   720 AM CDT   SUNSET   724 PM CDT


-  INDICATES NEGATIVE NUMBERS.
R  INDICATES RECORD WAS SET OR TIED.
MM INDICATES DATA IS MISSING.
T  INDICATES TRACE AMOUNT.




$$
