000
CDUS45 KGGW 230742
CLIOLF


CLIMATE REPORT
NATIONAL WEATHER SERVICE GLASGOW MT
1242 AM MST FRI FEB 23 2018


...................................

...THE WOLF POINT MT CLIMATE SUMMARY FOR FEBRUARY 22 2018...

CLIMATE NORMAL PERIOD 1981 TO 2010
CLIMATE RECORD PERIOD 9999 TO 9999


WEATHER ITEM   OBSERVED RECORD YEAR NORMAL DEPARTURE
                VALUE   VALUE       VALUE  FROM
                                           NORMAL
........................................................
TEMPERATURE (F)
 YESTERDAY
  MAXIMUM         -1     MM      MM  33
  MINIMUM        -28     MM      MM   8
  AVERAGE        -14

PRECIPITATION (IN)
  YESTERDAY        0.00  MM      MM   0.01  -0.01
  MONTH TO DATE    0.04               0.14  -0.10
  SINCE OCT 1      0.87               1.95  -1.08
  SINCE JAN 1      0.06               0.45  -0.39

SNOWFALL (IN)
  YESTERDAY        0.0   MM      MM  MM
  MONTH TO DATE    0.0               MM
  SINCE DEC 1      0.0               MM
  SINCE JUL 1      0.0               MM

DEGREE DAYS
 HEATING
  YESTERDAY       79

 COOLING
  YESTERDAY        0
........................................................







THE WOLF POINT MT CLIMATE NORMALS FOR TODAY
                         NORMAL    RECORD    YEAR
 MAXIMUM TEMPERATURE (F)   33        MM        MM
 MINIMUM TEMPERATURE (F)    9        MM        MM


SUNRISE AND SUNSET
FEBRUARY 23 2018......SUNRISE   654 AM MST   SUNSET   538 PM MST
FEBRUARY 24 2018......SUNRISE   653 AM MST   SUNSET   539 PM MST


-  INDICATES NEGATIVE NUMBERS.
R  INDICATES RECORD WAS SET OR TIED.
MM INDICATES DATA IS MISSING.
T  INDICATES TRACE AMOUNT.




$$
