000
CDUS45 KGGW 090016
CLIOLF

CLIMATE REPORT
NATIONAL WEATHER SERVICE GLASGOW, MT
616 PM MDT SAT MAY 08 2021

...................................

...THE WOLF POINT MT CLIMATE SUMMARY FOR MAY 8 2021...
VALID TODAY AS OF 0600 PM LOCAL TIME.

CLIMATE NORMAL PERIOD: 1991 TO 2020
CLIMATE RECORD PERIOD: 9999 TO 9999


WEATHER ITEM   OBSERVED RECORD YEAR NORMAL DEPARTURE LAST
                VALUE   VALUE       VALUE  FROM      YEAR
                                           NORMAL
............................................................
TEMPERATURE (F)
 TODAY
  MAXIMUM         46     MM      MM  67    -21       66
  MINIMUM         33     MM      MM  37     -4       36
  AVERAGE         40                 52    -12       51

PRECIPITATION (IN)
  TODAY            0.86  MM      MM   0.05   0.81     0.08
  MONTH TO DATE    0.95               0.38   0.57     0.24
  SINCE MAR 1      1.34               1.66  -0.32     0.72
  SINCE OCT 1      2.13               3.21  -1.08     1.86
  SINCE JAN 1      1.42               2.01  -0.59     1.03

SNOWFALL (IN)
  TODAY           MM     MM      MM  MM              MM

DEGREE DAYS
 HEATING
  TODAY           25                 13     12       14
  MONTH TO DATE  119                116      3      109
  SINCE MAR 1   1645               1797   -152     1852
  SINCE JUL 1   7784               8194   -410     8168

 COOLING
  TODAY            0                  0      0        0
  MONTH TO DATE    0                  0      0        0
  SINCE MAR 1      0                  0      0        0
  SINCE JAN 1      0                  0      0        0
............................................................


WIND (MPH)
  RESULTANT WIND SPEED  16   RESULTANT WIND DIRECTION   E (90)
  HIGHEST WIND SPEED    33   HIGHEST WIND DIRECTION     E (90)
  HIGHEST GUST SPEED    47   HIGHEST GUST DIRECTION     E (80)


SKY COVER
  POSSIBLE SUNSHINE  MM
  AVERAGE SKY COVER 1.0


WEATHER CONDITIONS
THE FOLLOWING WEATHER WAS RECORDED TODAY.
  RAIN
  LIGHT RAIN
  HEAVY SNOW
  SNOW
  LIGHT SNOW
  FOG
  FOG W/VISIBILITY <= 1/4 MILE


RELATIVE HUMIDITY (PERCENT)
 HIGHEST    92
 LOWEST     60
 AVERAGE    76

..........................................................


THE WOLF POINT MT CLIMATE NORMALS FOR TOMORROW
                         NORMAL    RECORD    YEAR
 MAXIMUM TEMPERATURE (F)   67        MM        MM
 MINIMUM TEMPERATURE (F)   37        MM        MM


SUNRISE AND SUNSET
MAY  8 2021...........SUNRISE   5:32 AM MDT   SUNSET   8:26 PM MDT
MAY  9 2021...........SUNRISE   5:31 AM MDT   SUNSET   8:27 PM MDT


-  INDICATES NEGATIVE NUMBERS.
R  INDICATES RECORD WAS SET OR TIED.
MM INDICATES DATA IS MISSING.
T  INDICATES TRACE AMOUNT.




$$
