000
CDUS45 KGGW 100017
CLIOLF

CLIMATE REPORT
NATIONAL WEATHER SERVICE GLASGOW, MT
617 PM MDT SUN AUG 09 2020

...................................

...THE WOLF POINT MT CLIMATE SUMMARY FOR AUGUST 9 2020...
VALID TODAY AS OF 0600 PM LOCAL TIME.

CLIMATE NORMAL PERIOD: 1981 TO 2010
CLIMATE RECORD PERIOD: 9999 TO 9999


WEATHER ITEM   OBSERVED RECORD YEAR NORMAL DEPARTURE LAST
                VALUE   VALUE       VALUE  FROM      YEAR
                                           NORMAL
............................................................
TEMPERATURE (F)
 TODAY
  MAXIMUM         80     MM      MM  87     -7       91
  MINIMUM         60     MM      MM  55      5       58
  AVERAGE         70                 71     -1       75

PRECIPITATION (IN)
  TODAY            0.00  MM      MM   0.05  -0.05     0.00
  MONTH TO DATE    T                  0.45  -0.45     0.50
  SINCE JUN 1      5.12               5.14  -0.02     7.76
  SINCE OCT 1      7.55              10.34  -2.79    12.66
  SINCE JAN 1      6.72               8.84  -2.12    10.58

SNOWFALL (IN)
  TODAY           MM     MM      MM  MM               0.0

DEGREE DAYS
 HEATING
  TODAY            0                  1     -1        0
  MONTH TO DATE    0                  5     -5        1
  SINCE JUN 1     90                133    -43      100
  SINCE JUL 1      4                 25    -21       17

 COOLING
  TODAY            5                  7     -2       10
  MONTH TO DATE   52                 64    -12       81
  SINCE JUN 1    294                308    -14      305
  SINCE JAN 1    312                317     -5      305
............................................................


WIND (MPH)
  RESULTANT WIND SPEED  12   RESULTANT WIND DIRECTION  NW (310)
  HIGHEST WIND SPEED    21   HIGHEST WIND DIRECTION    NW (300)
  HIGHEST GUST SPEED    35   HIGHEST GUST DIRECTION    NW (310)


SKY COVER
  POSSIBLE SUNSHINE  MM
  AVERAGE SKY COVER 0.1


WEATHER CONDITIONS
THE FOLLOWING WEATHER WAS RECORDED TODAY.
  NO SIGNIFICANT WEATHER WAS OBSERVED.


RELATIVE HUMIDITY (PERCENT)
 HIGHEST    58
 LOWEST     16
 AVERAGE    37

..........................................................


THE WOLF POINT MT CLIMATE NORMALS FOR TOMORROW
                         NORMAL    RECORD    YEAR
 MAXIMUM TEMPERATURE (F)   87        MM        MM
 MINIMUM TEMPERATURE (F)   55        MM        MM


SUNRISE AND SUNSET
AUGUST  9 2020........SUNRISE   5:50 AM MDT   SUNSET   8:25 PM MDT
AUGUST 10 2020........SUNRISE   5:51 AM MDT   SUNSET   8:23 PM MDT


-  INDICATES NEGATIVE NUMBERS.
R  INDICATES RECORD WAS SET OR TIED.
MM INDICATES DATA IS MISSING.
T  INDICATES TRACE AMOUNT.




$$
