000
CDUS46 KSEW 260826
CLIOLM


CLIMATE REPORT
NATIONAL WEATHER SERVICE SEATTLE WA
126 AM PDT MON OCT 26 2020


...................................

...THE OLYMPIA WA AIRPORT CLIMATE SUMMARY FOR OCTOBER 25 2020...

CLIMATE NORMAL PERIOD 1981 TO 2010
CLIMATE RECORD PERIOD 1941 TO 2020


WEATHER ITEM   OBSERVED TIME   RECORD YEAR NORMAL DEPARTURE LAST
                VALUE   (LST)  VALUE       VALUE  FROM      YEAR
                                                  NORMAL
..................................................................
TEMPERATURE (F)
 YESTERDAY
  MAXIMUM         49    257 PM  68    1965  57     -8       60
  MINIMUM         26R  1159 PM  29    1978  39    -13       35
                                      1970
                                      1954
  AVERAGE         38                        48    -10       48

PRECIPITATION (IN)
  YESTERDAY        0.00          1.51 1986   0.19  -0.19     0.00
  MONTH TO DATE    3.93                      3.34   0.59     5.26
  SINCE OCT 1      3.93                      3.34   0.59     5.26
  SINCE JAN 1     36.61                     32.65   3.96    25.90

DEGREE DAYS
 HEATING
  YESTERDAY       27                        17     10       17
  MONTH TO DATE  290                       348    -58      401
  SINCE SEP 1    372                       538   -166      568
  SINCE JUL 1    504                       688   -184      646

 COOLING
  YESTERDAY        0                         0      0        0
  MONTH TO DATE    0                         0      0        0
  SINCE SEP 1     19                         7     12        3
  SINCE JAN 1    144                       106     38       97
..................................................................


WIND (MPH)
  RESULTANT WIND SPEED   6   RESULTANT WIND DIRECTION  NE (30)
  HIGHEST WIND SPEED    15   HIGHEST WIND DIRECTION     N (10)
  HIGHEST GUST SPEED    22   HIGHEST GUST DIRECTION    NE (30)
  AVERAGE WIND SPEED     6.6


SKY COVER
  AVERAGE SKY COVER 0.0


WEATHER CONDITIONS
 THE FOLLOWING WEATHER WAS RECORDED YESTERDAY.
  NO SIGNIFICANT WEATHER WAS OBSERVED.


RELATIVE HUMIDITY (PERCENT)
 HIGHEST    92          1000 PM
 LOWEST     34          1100 AM
 AVERAGE    63

..........................................................


THE OLYMPIA WA AIRPORT CLIMATE NORMALS FOR TODAY
                         NORMAL    RECORD    YEAR
 MAXIMUM TEMPERATURE (F)   56        67      1959
                                             1958
 MINIMUM TEMPERATURE (F)   39        25      1970


SUNRISE AND SUNSET
OCTOBER 26 2020.......SUNRISE   746 AM PDT   SUNSET   604 PM PDT
OCTOBER 27 2020.......SUNRISE   748 AM PDT   SUNSET   602 PM PDT


-  INDICATES NEGATIVE NUMBERS.
R  INDICATES RECORD WAS SET OR TIED.
MM INDICATES DATA IS MISSING.
T  INDICATES TRACE AMOUNT.




$$
