000
CDUS46 KSEW 170842
CLIOLM


CLIMATE REPORT
NATIONAL WEATHER SERVICE SEATTLE WA
1241 AM PST SAT FEB 17 2018


...................................

...THE OLYMPIA WA AIRPORT CLIMATE SUMMARY FOR FEBRUARY 16 2018...

CLIMATE NORMAL PERIOD 1981 TO 2010
CLIMATE RECORD PERIOD 1948 TO 2018


WEATHER ITEM   OBSERVED TIME   RECORD YEAR NORMAL DEPARTURE LAST
                VALUE   (LST)  VALUE       VALUE  FROM      YEAR
                                                  NORMAL
..................................................................
TEMPERATURE (F)
 YESTERDAY
  MAXIMUM         47    557 PM  60    2015  49     -2       54
  MINIMUM         40    736 AM  14    1956  33      7       44
  AVERAGE         44                        41      3       49

PRECIPITATION (IN)
  YESTERDAY        0.29          2.23 1949   0.17   0.12     0.15
  MONTH TO DATE    1.58                      3.13  -1.55     7.41
  SINCE OCT 1     37.21                     31.66   5.55    39.33
  SINCE JAN 1     11.45                     10.97   0.48    11.23

DEGREE DAYS
 HEATING
  YESTERDAY       21                        24     -3       16
  MONTH TO DATE  347                       385    -38      403
  SINCE DEC 1   1895                      1991    -96     2231
  SINCE JUL 1   3197                      3436   -239     3428

 COOLING
  YESTERDAY        0                         0      0        0
  MONTH TO DATE    0                         0      0        0
  SINCE DEC 1      0                         0      0        0
  SINCE JAN 1      0                         0      0        0
..................................................................


WIND (MPH)
  RESULTANT WIND SPEED   9   RESULTANT WIND DIRECTION   S (200)
  HIGHEST WIND SPEED    17   HIGHEST WIND DIRECTION     S (180)
  HIGHEST GUST SPEED    23   HIGHEST GUST DIRECTION     S (180)
  AVERAGE WIND SPEED     9.5


SKY COVER
  AVERAGE SKY COVER 0.9


WEATHER CONDITIONS
 THE FOLLOWING WEATHER WAS RECORDED YESTERDAY.
  LIGHT RAIN
  FOG


RELATIVE HUMIDITY (PERCENT)
 HIGHEST   100           100 AM
 LOWEST     92          1200 PM
 AVERAGE    96

..........................................................


THE OLYMPIA WA AIRPORT CLIMATE NORMALS FOR TODAY
                         NORMAL    RECORD    YEAR
 MAXIMUM TEMPERATURE (F)   50        62      2015
                                             2007
 MINIMUM TEMPERATURE (F)   33        20      2005


SUNRISE AND SUNSET
FEBRUARY 17 2018......SUNRISE   712 AM PST   SUNSET   539 PM PST
FEBRUARY 18 2018......SUNRISE   711 AM PST   SUNSET   541 PM PST


-  INDICATES NEGATIVE NUMBERS.
R  INDICATES RECORD WAS SET OR TIED.
MM INDICATES DATA IS MISSING.
T  INDICATES TRACE AMOUNT.




$$
