000
CDUS46 KSEW 220116
CLIOLM


CLIMATE REPORT
NATIONAL WEATHER SERVICE SEATTLE WA
516 PM PST FRI FEB 21 2020


...................................

...THE OLYMPIA WA AIRPORT CLIMATE SUMMARY FOR FEBRUARY 21 2020...
VALID TODAY AS OF 0500 PM LOCAL TIME.

CLIMATE NORMAL PERIOD 1981 TO 2010
CLIMATE RECORD PERIOD 1941 TO 2020


WEATHER ITEM   OBSERVED TIME   RECORD YEAR NORMAL DEPARTURE LAST
                VALUE   (LST)  VALUE       VALUE  FROM      YEAR
                                                  NORMAL
..................................................................
TEMPERATURE (F)
 TODAY
  MAXIMUM         57    328 PM  63    1978  50      7       48
                                      1973
                                      1970
  MINIMUM         23    509 AM  13    2018  33    -10       23
  AVERAGE         40                        41     -1       36

PRECIPITATION (IN)
  TODAY            0.00          1.30 1961   0.17  -0.17     0.00
  MONTH TO DATE    2.60                      4.02  -1.42     4.59
  SINCE OCT 1     34.60                     32.55   2.05    27.20
  SINCE JAN 1     18.16                     11.86   6.30     9.47

DEGREE DAYS
 HEATING
  TODAY           25                        24      1       29
  MONTH TO DATE  522                       505     17      664
  SINCE DEC 1   1905                      2111   -206     2172
  SINCE JUL 1   3386                      3556   -170     3519

 COOLING
  TODAY            0                         0      0        0
  MONTH TO DATE    0                         0      0        0
  SINCE DEC 1      0                         0      0        0
  SINCE JAN 1      0                         0      0        0
..................................................................


WIND (MPH)
  RESULTANT WIND SPEED   2   RESULTANT WIND DIRECTION   S (190)
  HIGHEST WIND SPEED    10   HIGHEST WIND DIRECTION    SW (210)
  HIGHEST GUST SPEED    14   HIGHEST GUST DIRECTION    SW (210)
  AVERAGE WIND SPEED     2.8


SKY COVER
  AVERAGE SKY COVER 0.0


WEATHER CONDITIONS
 THE FOLLOWING WEATHER WAS RECORDED TODAY.
  NO SIGNIFICANT WEATHER WAS OBSERVED.


RELATIVE HUMIDITY (PERCENT)
 HIGHEST   100           100 AM
 LOWEST     41           200 PM
 AVERAGE    71

..........................................................


THE OLYMPIA WA AIRPORT CLIMATE NORMALS FOR TOMORROW
                         NORMAL    RECORD    YEAR
 MAXIMUM TEMPERATURE (F)   50        64      1973
 MINIMUM TEMPERATURE (F)   33        17      2018


SUNRISE AND SUNSET
FEBRUARY 21 2020......SUNRISE   706 AM PST   SUNSET   545 PM PST
FEBRUARY 22 2020......SUNRISE   705 AM PST   SUNSET   546 PM PST


-  INDICATES NEGATIVE NUMBERS.
R  INDICATES RECORD WAS SET OR TIED.
MM INDICATES DATA IS MISSING.
T  INDICATES TRACE AMOUNT.




$$
