000
CDUS46 KSEW 240830
CLIOLM


CLIMATE REPORT
NATIONAL WEATHER SERVICE SEATTLE WA
129 AM PDT SUN JUN 24 2018


...................................

...THE OLYMPIA WA AIRPORT CLIMATE SUMMARY FOR JUNE 23 2018...

CLIMATE NORMAL PERIOD 1981 TO 2010
CLIMATE RECORD PERIOD 1948 TO 2018


WEATHER ITEM   OBSERVED TIME   RECORD YEAR NORMAL DEPARTURE LAST
                VALUE   (LST)  VALUE       VALUE  FROM      YEAR
                                                  NORMAL
..................................................................
TEMPERATURE (F)
 YESTERDAY
  MAXIMUM         73    535 PM  96    1992  72      1       83
  MINIMUM         52   1159 PM  37    1952  48      4       44
  AVERAGE         63                        60      3       64

PRECIPITATION (IN)
  YESTERDAY        0.00          0.86 1996   0.05  -0.05     0.00
  MONTH TO DATE    0.79                      1.47  -0.68     1.33
  SINCE OCT 1     50.12                     46.43   3.69    62.37
  SINCE JAN 1     24.36                     25.74  -1.38    34.27

DEGREE DAYS
 HEATING
  YESTERDAY        2                         5     -3        1
  MONTH TO DATE  142                       154    -12      138
  SINCE JUN 1    142                       154    -12      138
  SINCE JUL 1   5109                      5350   -241     5299

 COOLING
  YESTERDAY        0                         1     -1        0
  MONTH TO DATE   20                         2     18        3
  SINCE JUN 1     20                         2     18        3
  SINCE JAN 1     23                         5     18       13
..................................................................


WIND (MPH)
  RESULTANT WIND SPEED   1   RESULTANT WIND DIRECTION   N (20)
  HIGHEST WIND SPEED    12   HIGHEST WIND DIRECTION     N (10)
  HIGHEST GUST SPEED    13   HIGHEST GUST DIRECTION     N (10)
  AVERAGE WIND SPEED     2.5


SKY COVER
  AVERAGE SKY COVER 0.7


WEATHER CONDITIONS
 THE FOLLOWING WEATHER WAS RECORDED YESTERDAY.
  FOG


RELATIVE HUMIDITY (PERCENT)
 HIGHEST    86           100 AM
 LOWEST     46           500 PM
 AVERAGE    66

..........................................................


THE OLYMPIA WA AIRPORT CLIMATE NORMALS FOR TODAY
                         NORMAL    RECORD    YEAR
 MAXIMUM TEMPERATURE (F)   72        95      1992
 MINIMUM TEMPERATURE (F)   49        39      2003
                                             1997
                                             1988


SUNRISE AND SUNSET
JUNE 24 2018..........SUNRISE   518 AM PDT   SUNSET   911 PM PDT
JUNE 25 2018..........SUNRISE   518 AM PDT   SUNSET   911 PM PDT


-  INDICATES NEGATIVE NUMBERS.
R  INDICATES RECORD WAS SET OR TIED.
MM INDICATES DATA IS MISSING.
T  INDICATES TRACE AMOUNT.




$$
