000
CDUS46 KSEW 150124
CLIOLM


CLIMATE REPORT
NATIONAL WEATHER SERVICE SEATTLE WA
623 PM PDT MON OCT 14 2019


...................................

...THE OLYMPIA WA AIRPORT CLIMATE SUMMARY FOR OCTOBER 14 2019...
VALID TODAY AS OF 0500 PM LOCAL TIME.

CLIMATE NORMAL PERIOD 1981 TO 2010
CLIMATE RECORD PERIOD 1941 TO 2019


WEATHER ITEM   OBSERVED TIME   RECORD YEAR NORMAL DEPARTURE LAST
                VALUE   (LST)  VALUE       VALUE  FROM      YEAR
                                                  NORMAL
..................................................................
TEMPERATURE (F)
 TODAY
  MAXIMUM         61    342 PM  82    1961  61      0       67
  MINIMUM         33    421 AM  22    1969  41     -8       30
  AVERAGE         47                        51     -4       49

PRECIPITATION (IN)
  TODAY            0.00          2.01 2016   0.14  -0.14     0.00
  MONTH TO DATE    1.03                      1.51  -0.48     1.58
  SINCE OCT 1      1.03                      1.51  -0.48     1.58
  SINCE JAN 1     21.67                     30.82  -9.15    28.33

DEGREE DAYS
 HEATING
  TODAY           18                        14      4       16
  MONTH TO DATE  240                       173     67      206
  SINCE SEP 1    407                       363     44      411
  SINCE JUL 1    485                       513    -28      492

 COOLING
  TODAY            0                         0      0        0
  MONTH TO DATE    0                         0      0        0
  SINCE SEP 1      3                         7     -4        0
  SINCE JAN 1     97                       106     -9      193
..................................................................


WIND (MPH)
  RESULTANT WIND SPEED   0   RESULTANT WIND DIRECTION   S (160)
  HIGHEST WIND SPEED     9   HIGHEST WIND DIRECTION    NE (30)
  HIGHEST GUST SPEED    21   HIGHEST GUST DIRECTION    NE (30)
  AVERAGE WIND SPEED     1.0


SKY COVER
  AVERAGE SKY COVER 0.3


WEATHER CONDITIONS
 THE FOLLOWING WEATHER WAS RECORDED TODAY.
  FOG
  FOG W/VISIBILITY <= 1/4 MILE


RELATIVE HUMIDITY (PERCENT)
 HIGHEST   100           300 AM
 LOWEST     49           200 PM
 AVERAGE    75

..........................................................


THE OLYMPIA WA AIRPORT CLIMATE NORMALS FOR TOMORROW
                         NORMAL    RECORD    YEAR
 MAXIMUM TEMPERATURE (F)   60        80      1991
 MINIMUM TEMPERATURE (F)   41        26      1992
                                             1970


SUNRISE AND SUNSET
OCTOBER 14 2019.......SUNRISE   728 AM PDT   SUNSET   626 PM PDT
OCTOBER 15 2019.......SUNRISE   729 AM PDT   SUNSET   625 PM PDT


-  INDICATES NEGATIVE NUMBERS.
R  INDICATES RECORD WAS SET OR TIED.
MM INDICATES DATA IS MISSING.
T  INDICATES TRACE AMOUNT.




$$
