000
CDUS43 KOAX 220649
CLIOMA

CLIMATE REPORT
NATIONAL WEATHER SERVICE OMAHA/VALLEY NE
149 AM CDT THU OCT 22 2020

...................................

...THE OMAHA NE CLIMATE SUMMARY FOR OCTOBER 21 2020...

CLIMATE NORMAL PERIOD 1981 TO 2010
CLIMATE RECORD PERIOD 1871 TO 2020


WEATHER ITEM   OBSERVED TIME   RECORD YEAR NORMAL DEPARTURE LAST
                VALUE   (LST)  VALUE       VALUE  FROM      YEAR
                                                  NORMAL
...................................................................
TEMPERATURE (F)
 YESTERDAY
  MAXIMUM         49        MM  90    1947  63    -14       56
  MINIMUM         35        MM  20    1913  40     -5       42
  AVERAGE         42                        51     -9       49

PRECIPITATION (IN)
  YESTERDAY        0.02          1.18 1900   0.07  -0.05     0.05
  MONTH TO DATE    0.83                      1.52  -0.69     5.56
  SINCE SEP 1      2.53                      4.20  -1.67    11.51
  SINCE JAN 1     14.43                     27.31 -12.88    36.81

SNOWFALL (IN)
  YESTERDAY        0.0           T    1949   0.0    0.0      0.0
                                      2006
  MONTH TO DATE    T                         0.1   -0.1      0.0
  SINCE SEP 1      T                         0.1   -0.1      0.0
  SINCE JUL 1      T                         0.1   -0.1      0.0
  SNOW DEPTH       0

DEGREE DAYS
 HEATING
  YESTERDAY       23                        14      9       16
  MONTH TO DATE  218                       221     -3      242
  SINCE SEP 1    301                       316    -15      246
  SINCE JUL 1    301                       324    -23      246

 COOLING
  YESTERDAY        0                         0      0        0
  MONTH TO DATE   23                        12     11        0
  SINCE SEP 1    136                       129      7      270
  SINCE JAN 1   1408                      1109    299     1406
...................................................................


WIND (MPH)
  HIGHEST WIND SPEED     9   HIGHEST WIND DIRECTION    NE (50)
  HIGHEST GUST SPEED    MM   HIGHEST GUST DIRECTION    MM
  AVERAGE WIND SPEED     6.3


SKY COVER
  POSSIBLE SUNSHINE  MM
  AVERAGE SKY COVER 0.9


WEATHER CONDITIONS
THE FOLLOWING WEATHER WAS RECORDED YESTERDAY.
  LIGHT RAIN
  FOG
  FOG W/VISIBILITY <= 1/4 MILE

..........................................................


THE OMAHA NE CLIMATE NORMALS FOR TODAY
                         NORMAL    RECORD    YEAR
 MAXIMUM TEMPERATURE (F)   62        89      1975
 MINIMUM TEMPERATURE (F)   40        20      1976


SUNRISE AND SUNSET
OCTOBER 22 2020.......SUNRISE   744 AM CDT   SUNSET   631 PM CDT
OCTOBER 23 2020.......SUNRISE   745 AM CDT   SUNSET   630 PM CDT


-  INDICATES NEGATIVE NUMBERS.
R  INDICATES RECORD WAS SET OR TIED.
MM INDICATES DATA IS MISSING.
T  INDICATES TRACE AMOUNT.




$$
