000
CDUS43 KOAX 202134
CLIOMA


CLIMATE REPORT
NATIONAL WEATHER SERVICE OMAHA NEBRASKA
434 PM CDT SUN OCT 20 2019


...................................

...THE OMAHA NE CLIMATE SUMMARY FOR OCTOBER 20 2019...
VALID TODAY AS OF 0400 PM LOCAL TIME.

CLIMATE NORMAL PERIOD 1981 TO 2010
CLIMATE RECORD PERIOD 1871 TO 2019


WEATHER ITEM   OBSERVED TIME   RECORD YEAR NORMAL DEPARTURE LAST
                VALUE   (LST)  VALUE       VALUE  FROM      YEAR
                                                  NORMAL
..................................................................
TEMPERATURE (F)
 TODAY
  MAXIMUM         64   1224 PM  89    1947  63      1       57
  MINIMUM         45    656 AM  20    1916  40      5       36
  AVERAGE         55                        52      3       47

PRECIPITATION (IN)
  TODAY            T             0.81 1949   0.07  -0.07     0.00
  MONTH TO DATE    5.50                      1.45   4.05     2.77
  SINCE SEP 1     11.45                      4.13   7.32     6.23
  SINCE JAN 1     36.75                     27.24   9.51    32.66

SNOWFALL (IN)
  TODAY            0.0                       0.0    0.0      0.0
  MONTH TO DATE    0.0                       0.1   -0.1      1.4
  SINCE SEP 1      0.0                       0.1   -0.1      1.4
  SINCE JUL 1      0.0                       0.1   -0.1      1.4
  SNOW DEPTH       0

DEGREE DAYS
 HEATING
  TODAY           10                        14     -4       18
  MONTH TO DATE  226                       207     19      268
  SINCE SEP 1    230                       302    -72      336
  SINCE JUL 1    230                       310    -80      336

 COOLING
  TODAY            0                         0      0        0
  MONTH TO DATE    0                        12    -12        6
  SINCE SEP 1    270                       129    141      215
  SINCE JAN 1   1406                      1109    297     1565
..................................................................


WIND (MPH)
  HIGHEST WIND SPEED    32   HIGHEST WIND DIRECTION    SE (140)
  HIGHEST GUST SPEED    42   HIGHEST GUST DIRECTION    SE (140)
  AVERAGE WIND SPEED     9.5


SKY COVER
  POSSIBLE SUNSHINE  MM
  AVERAGE SKY COVER 0.4


WEATHER CONDITIONS
 THE FOLLOWING WEATHER WAS RECORDED TODAY.
  LIGHT RAIN


RELATIVE HUMIDITY (PERCENT)
 HIGHEST    92           400 AM
 LOWEST     52           100 PM
 AVERAGE    72

..........................................................


THE OMAHA NE CLIMATE NORMALS FOR TOMORROW
                         NORMAL    RECORD    YEAR
 MAXIMUM TEMPERATURE (F)   63        90      1947
 MINIMUM TEMPERATURE (F)   40        20      1913


SUNRISE AND SUNSET
OCTOBER 20 2019.......SUNRISE   741 AM CDT   SUNSET   635 PM CDT
OCTOBER 21 2019.......SUNRISE   742 AM CDT   SUNSET   634 PM CDT


-  INDICATES NEGATIVE NUMBERS.
R  INDICATES RECORD WAS SET OR TIED.
MM INDICATES DATA IS MISSING.
T  INDICATES TRACE AMOUNT.




$$
