000
CDUS43 KOAX 172142
CLIOMA


CLIMATE REPORT
NATIONAL WEATHER SERVICE OMAHA NEBRASKA
441 PM CDT WED OCT 17 2018


...................................

...THE OMAHA EPPLEY, NEBRASKA CLIMATE SUMMARY FOR OCTOBER 17 2018...
VALID TODAY AS OF 0400 PM LOCAL TIME.

CLIMATE NORMAL PERIOD 1981 TO 2010
CLIMATE RECORD PERIOD 1871 TO 2018


WEATHER ITEM   OBSERVED TIME   RECORD YEAR NORMAL DEPARTURE LAST
                VALUE   (LST)  VALUE       VALUE  FROM      YEAR
                                                  NORMAL
..................................................................
TEMPERATURE (F)
 TODAY
  MAXIMUM         64    259 PM  85    2016  64      0       72
  MINIMUM         38    704 AM  18    1976  41     -3       46
  AVERAGE         51                        53     -2       59

PRECIPITATION (IN)
  TODAY            0.00          2.72 1883   0.07  -0.07     0.00
  MONTH TO DATE    2.76                      1.24   1.52     3.98
  SINCE SEP 1      6.22                      3.92   2.30     6.57
  SINCE JAN 1     32.65                     27.03   5.62    25.54

SNOWFALL (IN)
  TODAY            0.0                       0.0    0.0      0.0
  MONTH TO DATE    1.4                       0.1    1.3      0.0
  SINCE JUL 1      1.4                       0.1    1.3      0.0
  SNOW DEPTH       0

DEGREE DAYS
 HEATING
  TODAY           14                        12      2        6
  MONTH TO DATE  240                       167     73      108
  SINCE SEP 1    308                       262     46      135
  SINCE JUL 1    308                       270     38      135

 COOLING
  TODAY            0                         0      0        0
  MONTH TO DATE    6                        12     -6       15
  SINCE SEP 1    215                       129     86      218
  SINCE JAN 1   1565                      1109    456     1347
..................................................................


WIND (MPH)
  HIGHEST WIND SPEED    13   HIGHEST WIND DIRECTION     N (360)
  HIGHEST GUST SPEED    15   HIGHEST GUST DIRECTION     N (360)
  AVERAGE WIND SPEED     2.6


SKY COVER
  POSSIBLE SUNSHINE  MM
  AVERAGE SKY COVER 0.0


WEATHER CONDITIONS
 THE FOLLOWING WEATHER WAS RECORDED TODAY.
  NO SIGNIFICANT WEATHER WAS OBSERVED.


RELATIVE HUMIDITY (PERCENT)
 HIGHEST    92           700 AM
 LOWEST     36           200 PM
 AVERAGE    64

..........................................................


THE OMAHA EPPLEY, NEBRASKA CLIMATE NORMALS FOR TOMORROW
                         NORMAL    RECORD    YEAR
 MAXIMUM TEMPERATURE (F)   64        86      2005
                                             1950
                                             1945
 MINIMUM TEMPERATURE (F)   41        20      1972


SUNRISE AND SUNSET
OCTOBER 17 2018.......SUNRISE   738 AM CDT   SUNSET   640 PM CDT
OCTOBER 18 2018.......SUNRISE   739 AM CDT   SUNSET   638 PM CDT


-  INDICATES NEGATIVE NUMBERS.
R  INDICATES RECORD WAS SET OR TIED.
MM INDICATES DATA IS MISSING.
T  INDICATES TRACE AMOUNT.




$$
