000
CDUS43 KOAX 260628
CLIOMA


CLIMATE REPORT
NATIONAL WEATHER SERVICE OMAHA NEBRASKA
127 AM CDT TUE MAY 26 2020


...................................

...THE OMAHA NE CLIMATE SUMMARY FOR MAY 25 2020...

CLIMATE NORMAL PERIOD 1981 TO 2010
CLIMATE RECORD PERIOD 1871 TO 2020


WEATHER ITEM   OBSERVED TIME   RECORD YEAR NORMAL DEPARTURE LAST
                VALUE   (LST)  VALUE       VALUE  FROM      YEAR
                                                  NORMAL
..................................................................
TEMPERATURE (F)
 YESTERDAY
  MAXIMUM         71   1244 PM  97    2018  77     -6       79
                                      1967
  MINIMUM         63   1159 PM  40    1925  54      9       66
  AVERAGE         67                        65      2       73

PRECIPITATION (IN)
  YESTERDAY        0.10          2.35 1904   0.15  -0.05     0.00
  MONTH TO DATE    2.22                      3.79  -1.57     4.67
  SINCE MAR 1      4.89                      8.74  -3.85     8.70
  SINCE JAN 1      6.24                     10.31  -4.07    11.57

SNOWFALL (IN)
  YESTERDAY        0.0                       0.0    0.0      0.0
  MONTH TO DATE    0.0                       0.1   -0.1      0.0
  SINCE MAR 1      8.0                       5.3    2.7      2.9
  SINCE JUL 1     22.7                      26.5   -3.8     52.7
  SNOW DEPTH       0

DEGREE DAYS
 HEATING
  YESTERDAY        0                         3     -3        0
  MONTH TO DATE  173                       134     39      168
  SINCE MAR 1   1232                      1338   -106     1381
  SINCE JUL 1   5727                      6136   -409     6444

 COOLING
  YESTERDAY        2                         3     -1        8
  MONTH TO DATE   21                        44    -23       64
  SINCE MAR 1     31                        60    -29       73
  SINCE JAN 1     31                        60    -29       73
..................................................................


WIND (MPH)
  HIGHEST WIND SPEED    15   HIGHEST WIND DIRECTION     N (010)
  HIGHEST GUST SPEED    19   HIGHEST GUST DIRECTION     N (010)
  AVERAGE WIND SPEED     6.8


SKY COVER
  POSSIBLE SUNSHINE  MM
  AVERAGE SKY COVER 1.0


WEATHER CONDITIONS
 THE FOLLOWING WEATHER WAS RECORDED YESTERDAY.
  THUNDERSTORM
  LIGHT RAIN
  FOG


RELATIVE HUMIDITY (PERCENT)
 HIGHEST   100           200 AM
 LOWEST     78           100 PM
 AVERAGE    89

..........................................................


THE OMAHA NE CLIMATE NORMALS FOR TODAY
                         NORMAL    RECORD    YEAR
 MAXIMUM TEMPERATURE (F)   77       100      2018
 MINIMUM TEMPERATURE (F)   54        41      1992


SUNRISE AND SUNSET
MAY 26 2020...........SUNRISE   556 AM CDT   SUNSET   846 PM CDT
MAY 27 2020...........SUNRISE   555 AM CDT   SUNSET   847 PM CDT


-  INDICATES NEGATIVE NUMBERS.
R  INDICATES RECORD WAS SET OR TIED.
MM INDICATES DATA IS MISSING.
T  INDICATES TRACE AMOUNT.




$$
