000
CDUS43 KOAX 160708
CLIOMA


CLIMATE REPORT
NATIONAL WEATHER SERVICE OMAHA NEBRASKA
107 AM CST WED JAN 16 2019


...................................

...THE OMAHA EPPLEY, NEBRASKA CLIMATE SUMMARY FOR JANUARY 15 2019...

CLIMATE NORMAL PERIOD 1981 TO 2010
CLIMATE RECORD PERIOD 1871 TO 2019


WEATHER ITEM   OBSERVED TIME   RECORD YEAR NORMAL DEPARTURE LAST
                VALUE   (LST)  VALUE       VALUE  FROM      YEAR
                                                  NORMAL
..................................................................
TEMPERATURE (F)
 YESTERDAY
  MAXIMUM         34    523 PM  62    2006  33      1       18
  MINIMUM         31   1103 PM -25    1888  13     18       -2
  AVERAGE         33                        23     10        8

PRECIPITATION (IN)
  YESTERDAY        T             0.78 1889   0.02  -0.02      T
  MONTH TO DATE    0.42                      0.33   0.09     0.19
  SINCE DEC 1      3.37                      1.37   2.00     0.61
  SINCE JAN 1      0.42                      0.33   0.09     0.19

SNOWFALL (IN)
  YESTERDAY        0.0                       0.2   -0.2      0.1
  MONTH TO DATE    5.7                       2.9    2.8      2.3
  SINCE JUL 1     15.6                      11.9    3.7      5.9
  SNOW DEPTH       4

DEGREE DAYS
 HEATING
  YESTERDAY       32                        42    -10       57
  MONTH TO DATE  480                       630   -150      715
  SINCE DEC 1   1567                      1839   -272     1874
  SINCE JUL 1   2976                      3109   -133     2934

 COOLING
  YESTERDAY        0                         0      0        0
  MONTH TO DATE    0                         0      0        0
  SINCE DEC 1      0                         0      0        0
  SINCE JAN 1      0                         0      0        0
..................................................................


WIND (MPH)
  HIGHEST WIND SPEED    16   HIGHEST WIND DIRECTION     N (350)
  HIGHEST GUST SPEED    21   HIGHEST GUST DIRECTION    SW (210)
  AVERAGE WIND SPEED     8.1


SKY COVER
  POSSIBLE SUNSHINE  MM
  AVERAGE SKY COVER 0.9


WEATHER CONDITIONS
 THE FOLLOWING WEATHER WAS RECORDED YESTERDAY.
  LIGHT RAIN
  FOG
  HAZE


RELATIVE HUMIDITY (PERCENT)
 HIGHEST    92          1100 AM
 LOWEST     82           300 PM
 AVERAGE    87

..........................................................


THE OMAHA EPPLEY, NEBRASKA CLIMATE NORMALS FOR TODAY
                         NORMAL    RECORD    YEAR
 MAXIMUM TEMPERATURE (F)   33        61      1894
 MINIMUM TEMPERATURE (F)   13       -21      1977


SUNRISE AND SUNSET
JANUARY 16 2019.......SUNRISE   747 AM CST   SUNSET   520 PM CST
JANUARY 17 2019.......SUNRISE   746 AM CST   SUNSET   521 PM CST


-  INDICATES NEGATIVE NUMBERS.
R  INDICATES RECORD WAS SET OR TIED.
MM INDICATES DATA IS MISSING.
T  INDICATES TRACE AMOUNT.




$$
