000
CDAK49 PAFG 180939
CLIOME

CLIMATE REPORT
NATIONAL WEATHER SERVICE FAIRBANKS AK
1239 AM AKST TUE FEB 18 2020


...................................

...THE NOME AK CLIMATE SUMMARY FOR FEBRUARY 17 2020...

CLIMATE NORMAL PERIOD 1981 TO 2010
CLIMATE RECORD PERIOD 1906 TO 2020


WEATHER ITEM   OBSERVED TIME   RECORD YEAR NORMAL DEPARTURE LAST
                VALUE   (LST)  VALUE       VALUE  FROM      YEAR
                                                  NORMAL
..................................................................
TEMPERATURE (F)
 YESTERDAY
  MAXIMUM         21   1052 PM  36    2001  16      5       28
                                      1947
  MINIMUM         14    226 PM -40    1971   0     14       13
  AVERAGE         18                         8     10       21

PRECIPITATION (IN)
  YESTERDAY        0.12          0.60 1944   0.04   0.08     0.07
  MONTH TO DATE    0.65                      0.57   0.08     1.30
  SINCE DEC 1      1.43                      2.59  -1.16     3.30
  SINCE JAN 1      1.06                      1.51  -0.45     2.39

DEGREE DAYS
 HEATING
  YESTERDAY       47                        57    -10       44
  MONTH TO DATE 1157                       991    166      767
  SINCE DEC 1   4870                      4566    304     4404
  SINCE JUL 1   8553                      8659   -106     7743

 COOLING
  YESTERDAY        0                         0      0        0
  MONTH TO DATE    0                         0      0        0
  SINCE DEC 1      0                         0      0        0
  SINCE JAN 1      0                         0      0        0
..................................................................


WIND (MPH)
  HIGHEST GUST SPEED    35   HIGHEST GUST DIRECTION    NE (50)


SKY COVER
  AVERAGE SKY COVER 0.8


WEATHER CONDITIONS
 THE FOLLOWING WEATHER WAS RECORDED YESTERDAY.
  SNOW
  LIGHT SNOW
  FOG
  FOG W/VISIBILITY <= 1/4 MILE


RELATIVE HUMIDITY (PERCENT)
 HIGHEST    91
 LOWEST     71
 AVERAGE    81

..........................................................


THE NOME AK CLIMATE NORMALS FOR TODAY
                         NORMAL    RECORD    YEAR
 MAXIMUM TEMPERATURE (F)   16        39      1934
 MINIMUM TEMPERATURE (F)    0       -36      1984


SUNRISE AND SUNSET
FEBRUARY 18 2020......SUNRISE   950 AM AKST  SUNSET   644 PM AKST
FEBRUARY 19 2020......SUNRISE   946 AM AKST  SUNSET   647 PM AKST

-  INDICATES NEGATIVE NUMBERS.
R  INDICATES RECORD WAS SET OR TIED.
MM INDICATES DATA IS MISSING.
T  INDICATES TRACE AMOUNT.

&&

----------------------------
AVAILABLE DAYLIGHT

AMOUNT OF DAYLIGHT TODAY  (HOUR:MIN)........8:54
GAIN/LOSS SINCE YESTERDAY (HOUR:MIN:SEC)....+0:06:42
----------------------------

NOME TIDAL INFORMATION FOR 18 FEBRUARY 2020
0629  +0.1
1324  +1.3
1821  +0.8

$$
FEB 20
