000
CDAK49 PAFG 190056
CLIOME

CLIMATE REPORT
NATIONAL WEATHER SERVICE FAIRBANKS AK
356 PM AKST SUN NOV 18 2018


...................................

...THE NOME AK CLIMATE SUMMARY FOR NOVEMBER 18 2018...
VALID TODAY AS OF 0300 PM LOCAL TIME.

CLIMATE NORMAL PERIOD 1981 TO 2010
CLIMATE RECORD PERIOD 1906 TO 2018


WEATHER ITEM   OBSERVED TIME   RECORD YEAR NORMAL DEPARTURE LAST
                VALUE   (LST)  VALUE       VALUE  FROM      YEAR
                                                  NORMAL
..................................................................
TEMPERATURE (F)
 TODAY
  MAXIMUM         32    838 AM  44    2014  22     10       28
  MINIMUM         30    259 PM -20    1969  10     20        9
  AVERAGE         31                        16     15       19

PRECIPITATION (IN)
  TODAY            0.18          0.48 1927   0.04   0.14     0.31
  MONTH TO DATE    0.89                      0.77   0.12     1.73
  SINCE SEP 1      3.88                      4.83  -0.95     7.55
  SINCE JAN 1     13.84                     15.28  -1.44    17.28

SNOWFALL (IN)
  TODAY            1.7           5.3  2017   0.5    1.2      5.3
  MONTH TO DATE    6.4                       7.1   -0.7     19.2
  SINCE SEP 1      7.9                      12.3   -4.4     28.6
  SINCE JUL 1      7.9                      12.3   -4.4     28.6
  SNOW DEPTH       2

DEGREE DAYS
 HEATING
  TODAY           34                        49    -15       46
  MONTH TO DATE  652                       833   -181      663
  SINCE SEP 1   1992                      2623   -631     2372
  SINCE JUL 1   2796                      3483   -687     3218

 COOLING
  TODAY            0                         0      0        0
  MONTH TO DATE    0                         0      0        0
  SINCE SEP 1      0                         0      0        0
  SINCE JAN 1      0                         3     -3        4
..................................................................


WIND (MPH)
  HIGHEST GUST SPEED    13   HIGHEST GUST DIRECTION     E (90)


SKY COVER
  AVERAGE SKY COVER 1.0


WEATHER CONDITIONS
 THE FOLLOWING WEATHER WAS RECORDED TODAY.
  LIGHT SNOW
  FOG


RELATIVE HUMIDITY (PERCENT)
 HIGHEST   100
 LOWEST    100
 AVERAGE   100

..........................................................


THE NOME AK CLIMATE NORMALS FOR TOMORROW
                         NORMAL    RECORD    YEAR
 MAXIMUM TEMPERATURE (F)   22        41      2001
 MINIMUM TEMPERATURE (F)    9       -22      1969


SUNRISE AND SUNSET
NOVEMBER 18 2018......SUNRISE  1046 AM AKST  SUNSET   449 PM AKST
NOVEMBER 19 2018......SUNRISE  1049 AM AKST  SUNSET   446 PM AKST

-  INDICATES NEGATIVE NUMBERS.
R  INDICATES RECORD WAS SET OR TIED.
MM INDICATES DATA IS MISSING.
T  INDICATES TRACE AMOUNT.

&&

SNOW DEPTH IS MEASURED AT 3AM AKST/4AM AKDT.

----------------------------
AVAILABLE DAYLIGHT

AMOUNT OF DAYLIGHT TODAY  (HOUR:MIN)........6:03
GAIN/LOSS SINCE YESTERDAY (HOUR:MIN:SEC)....-0:06:12

NOME TIDAL INFORMATION FOR 19 NOVEMBER 2018
0205  +1.43
0806  +0.96
1337  +1.24
1951  +0.56

$$
NOV 18
