000
CDAK49 PAFG 200941
CLIOME

CLIMATE REPORT
NATIONAL WEATHER SERVICE FAIRBANKS AK
141 AM AKDT MON AUG 20 2018


...................................

...THE NOME AK CLIMATE SUMMARY FOR AUGUST 19 2018...

CLIMATE NORMAL PERIOD 1981 TO 2010
CLIMATE RECORD PERIOD 1906 TO 2018


WEATHER ITEM   OBSERVED TIME   RECORD YEAR NORMAL DEPARTURE LAST
                VALUE   (LST)  VALUE       VALUE  FROM      YEAR
                                                  NORMAL
..................................................................
TEMPERATURE (F)
 YESTERDAY
  MAXIMUM         57    613 PM  80    2004  56      1       51
  MINIMUM         42    326 AM  28    1966  44     -2       37
                                      1929
  AVERAGE         50                        50      0       44

PRECIPITATION (IN)
  YESTERDAY        T             1.72 1998   0.11  -0.11      T
  MONTH TO DATE    1.59                      2.01  -0.42     1.48
  SINCE JUN 1      3.34                      5.10  -1.76     6.59
  SINCE JAN 1      9.01                      9.24  -0.23     9.44

SNOWFALL (IN)
  YESTERDAY        0.0           0.0    MM   0.0    0.0      0.0
  MONTH TO DATE    0.0                       0.0    0.0      0.0
  SINCE JUN 1      0.0                       0.3   -0.3      0.0
  SINCE JUL 1      0.0                       0.0    0.0      0.0
  SNOW DEPTH       0

DEGREE DAYS
 HEATING
  YESTERDAY       15                        15      0       21
  MONTH TO DATE  270                       273     -3      245
  SINCE JUN 1   1035                      1188   -153      969
  SINCE JUL 1    620                       671    -51      604

 COOLING
  YESTERDAY        0                         0      0        0
  MONTH TO DATE    0                         0      0        0
  SINCE JUN 1      0                         3     -3        4
  SINCE JAN 1      0                         3     -3        4
..................................................................


WIND (MPH)
  HIGHEST GUST SPEED    18   HIGHEST GUST DIRECTION    SE (120)


SKY COVER
  AVERAGE SKY COVER 0.7


WEATHER CONDITIONS
 THE FOLLOWING WEATHER WAS RECORDED YESTERDAY.
  LIGHT RAIN
  FOG


RELATIVE HUMIDITY (PERCENT)
 HIGHEST   100
 LOWEST     80
 AVERAGE    90

..........................................................


THE NOME AK CLIMATE NORMALS FOR TODAY
                         NORMAL    RECORD    YEAR
 MAXIMUM TEMPERATURE (F)   56        78      2004
 MINIMUM TEMPERATURE (F)   44        32      2017
                                             1980


SUNRISE AND SUNSET
AUGUST 20 2018........SUNRISE   707 AM AKDT  SUNSET  1101 PM AKDT
AUGUST 21 2018........SUNRISE   711 AM AKDT  SUNSET  1058 PM AKDT

-  INDICATES NEGATIVE NUMBERS.
R  INDICATES RECORD WAS SET OR TIED.
MM INDICATES DATA IS MISSING.
T  INDICATES TRACE AMOUNT.

&&

SNOW DEPTH IS MEASURED AT 3AM AKST/4AM AKDT.

----------------------------
AVAILABLE DAYLIGHT

AMOUNT OF DAYLIGHT TODAY  (HOUR:MIN)........15:54
GAIN/LOSS SINCE YESTERDAY (HOUR:MIN:SEC)....-0:06:42

NOME TIDAL INFORMATION FOR 20 AUGUST 2018
0113  +1.0
0605  +0.6
1230  +1.3
2013  +0.1

$$
AY AUG 18
