000
CDAK49 PAFG 210950
CLIOME

CLIMATE REPORT
NATIONAL WEATHER SERVICE FAIRBANKS AK
1250 AM AKST THU FEB 21 2019


...................................

...THE NOME AK CLIMATE SUMMARY FOR FEBRUARY 20 2019...

CLIMATE NORMAL PERIOD 1981 TO 2010
CLIMATE RECORD PERIOD 1906 TO 2019


WEATHER ITEM   OBSERVED TIME   RECORD YEAR NORMAL DEPARTURE LAST
                VALUE   (LST)  VALUE       VALUE  FROM      YEAR
                                                  NORMAL
..................................................................
TEMPERATURE (F)
 YESTERDAY
  MAXIMUM         26   1159 PM  39    1957  16     10       31
  MINIMUM         17   1111 AM -39    1984   0     17       27
  AVERAGE         22                         8     14       29

PRECIPITATION (IN)
  YESTERDAY        0.26          0.34 1918   0.04   0.22     0.00
  MONTH TO DATE    1.18                      0.68   0.50     1.33
  SINCE DEC 1      3.18                      2.70   0.48     3.35
  SINCE JAN 1      2.27                      1.62   0.65     1.79

SNOWFALL (IN)
  YESTERDAY        4.1           6.4  2011   0.5    3.6      0.0
  MONTH TO DATE   17.5                       8.7    8.8     15.7
  SINCE DEC 1     51.7                      35.9   15.8     40.2
  SINCE JUL 1     67.9                      53.2   14.7     71.8
  SNOW DEPTH      44

DEGREE DAYS
 HEATING
  YESTERDAY       43                        57    -14       36
  MONTH TO DATE  917                      1162   -245      889
  SINCE DEC 1   4554                      4737   -183     3981
  SINCE JUL 1   7893                      8830   -937     7769

 COOLING
  YESTERDAY        0                         0      0        0
  MONTH TO DATE    0                         0      0        0
  SINCE DEC 1      0                         0      0        0
  SINCE JAN 1      0                         0      0        0
..................................................................


WIND (MPH)
  HIGHEST GUST SPEED    48   HIGHEST GUST DIRECTION     E (90)


SKY COVER
  AVERAGE SKY COVER 0.6


WEATHER CONDITIONS
 THE FOLLOWING WEATHER WAS RECORDED YESTERDAY.
  HEAVY SNOW
  SNOW
  LIGHT SNOW
  FOG
  FOG W/VISIBILITY <= 1/4 MILE
  HAZE
  BLOWING SNOW


RELATIVE HUMIDITY (PERCENT)
 HIGHEST   100
 LOWEST     62
 AVERAGE    81

..........................................................


THE NOME AK CLIMATE NORMALS FOR TODAY
                         NORMAL    RECORD    YEAR
 MAXIMUM TEMPERATURE (F)   16        40      2015
 MINIMUM TEMPERATURE (F)    1       -35      1990
                                             1984


SUNRISE AND SUNSET
FEBRUARY 21 2019......SUNRISE   939 AM AKST  SUNSET   654 PM AKST
FEBRUARY 22 2019......SUNRISE   935 AM AKST  SUNSET   658 PM AKST

-  INDICATES NEGATIVE NUMBERS.
R  INDICATES RECORD WAS SET OR TIED.
MM INDICATES DATA IS MISSING.
T  INDICATES TRACE AMOUNT.

&&

SNOW DEPTH IS MEASURED AT 3AM AKST/4AM AKDT.

----------------------------
AVAILABLE DAYLIGHT

AMOUNT OF DAYLIGHT TODAY  (HOUR:MIN)........9:16
GAIN/LOSS SINCE YESTERDAY (HOUR:MIN:SEC)....+0:06:42

NOME TIDAL INFORMATION FOR 21 FEBRUARY 2019
0535  +1.5
1202  -0.0
1849  +1.5

$$
HFL FEB 19
