000
CDAK49 PAFG 260952
CLIOME

CLIMATE REPORT
NATIONAL WEATHER SERVICE FAIRBANKS AK
152 AM AKDT MON OCT 26 2020


...THE NOME AK CLIMATE SUMMARY FOR OCTOBER 25 2020...

CLIMATE NORMAL PERIOD 1981 TO 2010
CLIMATE RECORD PERIOD 1906 TO 2020


WEATHER ITEM   OBSERVED TIME   RECORD YEAR NORMAL DEPARTURE LAST
                VALUE   (LST)  VALUE       VALUE  FROM      YEAR
                                                  NORMAL
...................................................................
TEMPERATURE (F)
 YESTERDAY
  MAXIMUM         40    421 PM  45    1937  30     10       30
  MINIMUM         34   1159 PM  -5    1996  19     15       13
  AVERAGE         37                        25     12       22

PRECIPITATION (IN)
  YESTERDAY        0.01          1.10 1919   0.05  -0.04      T
  MONTH TO DATE    2.04                      1.35   0.69     2.67
  SINCE SEP 1      4.30                      3.80   0.50     7.01
  SINCE JAN 1     14.28                     14.25   0.03    24.22

DEGREE DAYS
 HEATING
  YESTERDAY       28                        40    -12       43
  MONTH TO DATE  670                       874   -204      789
  SINCE SEP 1   1312                      1540   -228     1367
  SINCE JUL 1   2147                      2400   -253     2159

 COOLING
  YESTERDAY        0                         0      0        0
  MONTH TO DATE    0                         0      0        0
  SINCE SEP 1      0                         0      0        0
  SINCE JAN 1      0                         3     -3       17
...................................................................


WIND (MPH)
  HIGHEST GUST SPEED    12   HIGHEST GUST DIRECTION    NE (60)


SKY COVER
  AVERAGE SKY COVER 1.0


WEATHER CONDITIONS
THE FOLLOWING WEATHER WAS RECORDED YESTERDAY.
  LIGHT RAIN


RELATIVE HUMIDITY (PERCENT)
 HIGHEST    89
 LOWEST     76
 AVERAGE    83

..........................................................


THE NOME AK CLIMATE NORMALS FOR TODAY
                         NORMAL    RECORD    YEAR
 MAXIMUM TEMPERATURE (F)   30        46      1911
 MINIMUM TEMPERATURE (F)   19        -1      1966
                                             1997


SUNRISE AND SUNSET
OCTOBER 26 2020.......SUNRISE  1031 AM AKDT  SUNSET   700 PM AKDT
OCTOBER 27 2020.......SUNRISE  1034 AM AKDT  SUNSET   657 PM AKDT

-  INDICATES NEGATIVE NUMBERS.
R  INDICATES RECORD WAS SET OR TIED.
MM INDICATES DATA IS MISSING.
T  INDICATES TRACE AMOUNT.

&&

----------------------------
AVAILABLE DAYLIGHT

AMOUNT OF DAYLIGHT TODAY  (HOUR:MIN)........8:29
GAIN/LOSS SINCE YESTERDAY (HOUR:MIN:SEC)....-0:06:37
----------------------------

NOME TIDAL INFORMATION FOR 26 OCTOBER 2020
0256  +0.9
0807  +0.5
1341  +0.8
2034  -0.3

$$
OCT 20
