683
CDAK49 PAFG 140948
CLIOME

CLIMATE REPORT
NATIONAL WEATHER SERVICE FAIRBANKS AK
148 AM AKDT MON OCT 14 2019


...................................

...THE NOME AK CLIMATE SUMMARY FOR OCTOBER 13 2019...

CLIMATE NORMAL PERIOD 1981 TO 2010
CLIMATE RECORD PERIOD 1906 TO 2019


WEATHER ITEM   OBSERVED TIME   RECORD YEAR NORMAL DEPARTURE LAST
                VALUE   (LST)  VALUE       VALUE  FROM      YEAR
                                                  NORMAL
..................................................................
TEMPERATURE (F)
 YESTERDAY
  MAXIMUM         36    409 PM  54    1923  36      0       46
  MINIMUM         31   1144 PM   1    1927  24      7       39
  AVERAGE         34                        30      4       43

PRECIPITATION (IN)
  YESTERDAY        T             0.57 2010   0.06  -0.06     0.43
  MONTH TO DATE    1.95                      0.77   1.18     1.15
  SINCE SEP 1      6.29                      3.22   3.07     2.46
  SINCE JAN 1     23.50                     13.67   9.83    12.42

SNOWFALL (IN)
  YESTERDAY        T             1.7  1959   0.1   -0.1       T
                                      1958
  MONTH TO DATE    T                         1.1   -1.1       T
  SINCE SEP 1      T                         1.7   -1.7       T
  SINCE JUL 1      T                         1.7   -1.7       T
  SNOW DEPTH       0

DEGREE DAYS
 HEATING
  YESTERDAY       31                        35     -4       22
  MONTH TO DATE  356                       419    -63      248
  SINCE SEP 1    934                      1085   -151      772
  SINCE JUL 1   1726                      1945   -219     1576

 COOLING
  YESTERDAY        0                         0      0        0
  MONTH TO DATE    0                         0      0        0
  SINCE SEP 1      0                         0      0        0
  SINCE JAN 1     17                         3     14        0
..................................................................


WIND (MPH)
  HIGHEST GUST SPEED    18   HIGHEST GUST DIRECTION     E (70)


SKY COVER
  AVERAGE SKY COVER 1.0


WEATHER CONDITIONS
 THE FOLLOWING WEATHER WAS RECORDED YESTERDAY.
  LIGHT RAIN
  LIGHT SNOW


RELATIVE HUMIDITY (PERCENT)
 HIGHEST   100
 LOWEST     70
 AVERAGE    85

..........................................................


THE NOME AK CLIMATE NORMALS FOR TODAY
                         NORMAL    RECORD    YEAR
 MAXIMUM TEMPERATURE (F)   35        47      1969
 MINIMUM TEMPERATURE (F)   24         4      1996
                                             1920


SUNRISE AND SUNSET
OCTOBER 14 2019.......SUNRISE   951 AM AKDT  SUNSET   744 PM AKDT
OCTOBER 15 2019.......SUNRISE   954 AM AKDT  SUNSET   741 PM AKDT

-  INDICATES NEGATIVE NUMBERS.
R  INDICATES RECORD WAS SET OR TIED.
MM INDICATES DATA IS MISSING.
T  INDICATES TRACE AMOUNT.

&&

SNOW DEPTH IS MEASURED AT 3AM AKST/4AM AKDT.

----------------------------
AVAILABLE DAYLIGHT

AMOUNT OF DAYLIGHT TODAY  (HOUR:MIN)........9:53
GAIN/LOSS SINCE YESTERDAY (HOUR:MIN:SEC)....-0:06:35

NOME TIDAL INFORMATION FOR 14 OCTOBER 2019
0641  +1.4
1218  +0.9
1827  +1.4

$$
OCT 19
