329
CDUS46 KOTX 180831
CLIOMK


CLIMATE REPORT
NATIONAL WEATHER SERVICE SPOKANE, WA
130 AM PDT THU OCT 18 2018


...................................

...THE OMAK WA AIRPORT CLIMATE SUMMARY FOR OCTOBER 17 2018...

CLIMATE NORMAL PERIOD 1981 TO 2010
CLIMATE RECORD PERIOD 9999 TO 9999


WEATHER ITEM   OBSERVED TIME   RECORD YEAR NORMAL DEPARTURE LAST
                VALUE   (LST)  VALUE       VALUE  FROM      YEAR
                                                  NORMAL
..................................................................
TEMPERATURE (F)
 YESTERDAY
  MAXIMUM         66    258 PM  79    2009  61      5       67
  MINIMUM         30    618 AM  18    1948  36     -6       39
  AVERAGE         48                        48      0       53

PRECIPITATION (IN)
  YESTERDAY        0.00                      0.03  -0.03      T
  MONTH TO DATE    0.70                      0.49   0.21      T
  SINCE OCT 1      0.70                      0.49   0.21      T
  SINCE JAN 1     10.07                     10.35  -0.28    10.49

SNOWFALL (IN)
  YESTERDAY       MM

DEGREE DAYS
 HEATING
  YESTERDAY       17                        17      0       12
  MONTH TO DATE  252                       219     33      288
  SINCE SEP 1    373                       349     24      417
  SINCE JUL 1    392                       380     12      417

 COOLING
  YESTERDAY        0                         0      0        0
  MONTH TO DATE    0                         0      0        0
  SINCE SEP 1     24                        58    -34       93
  SINCE JAN 1    746                       664     82      885
..................................................................


WIND (MPH)
  HIGHEST WIND SPEED    12   HIGHEST WIND DIRECTION     N (20)
  HIGHEST GUST SPEED    13   HIGHEST GUST DIRECTION     S (170)
  AVERAGE WIND SPEED     5.1


SKY COVER
  POSSIBLE SUNSHINE  MM
  AVERAGE SKY COVER 0.0


WEATHER CONDITIONS
 THE FOLLOWING WEATHER WAS RECORDED YESTERDAY.
  HAZE


RELATIVE HUMIDITY (PERCENT)
 HIGHEST   100           600 AM
 LOWEST     34           400 PM
 AVERAGE    67

..........................................................


THE OMAK WA AIRPORT CLIMATE NORMALS FOR TODAY
                         NORMAL    RECORD    YEAR
 MAXIMUM TEMPERATURE (F)   61        77      1940
 MINIMUM TEMPERATURE (F)   35        13      1945


SUNRISE AND SUNSET
OCTOBER 18 2018.......SUNRISE   723 AM PDT   SUNSET   603 PM PDT
OCTOBER 19 2018.......SUNRISE   724 AM PDT   SUNSET   601 PM PDT


-  INDICATES NEGATIVE NUMBERS.
R  INDICATES RECORD WAS SET OR TIED.
MM INDICATES DATA IS MISSING.
T  INDICATES TRACE AMOUNT.




$$
