000
CDUS46 KOTX 230832
CLIOMK


CLIMATE REPORT
NATIONAL WEATHER SERVICE SPOKANE, WA
132 AM PDT WED OCT 23 2019


...................................

...THE OMAK WA AIRPORT CLIMATE SUMMARY FOR OCTOBER 22 2019...

CLIMATE NORMAL PERIOD 1981 TO 2010
CLIMATE RECORD PERIOD 9999 TO 9999


WEATHER ITEM   OBSERVED TIME   RECORD YEAR NORMAL DEPARTURE LAST
                VALUE   (LST)  VALUE       VALUE  FROM      YEAR
                                                  NORMAL
..................................................................
TEMPERATURE (F)
 YESTERDAY
  MAXIMUM         69    212 PM  74    1927  58     11       63
  MINIMUM         40   1156 PM  19    1961  34      6       38
  AVERAGE         55                        46      9       51

PRECIPITATION (IN)
  YESTERDAY        0.00          0.86 2014   0.04  -0.04     0.00
  MONTH TO DATE    0.37                      0.67  -0.30     0.70
  SINCE OCT 1      0.37                      0.67  -0.30     0.70
  SINCE JAN 1      8.68                     10.53  -1.85    10.07

SNOWFALL (IN)
  YESTERDAY       MM

DEGREE DAYS
 HEATING
  YESTERDAY       10                        19     -9       14
  MONTH TO DATE  405                       309     96      327
  SINCE SEP 1    556                       439    117      448
  SINCE JUL 1    556                       470     86      467

 COOLING
  YESTERDAY        0                         0      0        0
  MONTH TO DATE    0                         0      0        0
  SINCE SEP 1     60                        58      2       24
  SINCE JAN 1    763                       664     99      746
..................................................................


WIND (MPH)
  HIGHEST WIND SPEED    23   HIGHEST WIND DIRECTION    NW (300)
  HIGHEST GUST SPEED    28   HIGHEST GUST DIRECTION    NW (310)
  AVERAGE WIND SPEED     7.8


SKY COVER
  POSSIBLE SUNSHINE  MM
  AVERAGE SKY COVER 0.5


WEATHER CONDITIONS
 THE FOLLOWING WEATHER WAS RECORDED YESTERDAY.
  NO SIGNIFICANT WEATHER WAS OBSERVED.


RELATIVE HUMIDITY (PERCENT)
 HIGHEST    80           100 AM
 LOWEST     24           200 PM
 AVERAGE    52

..........................................................


THE OMAK WA AIRPORT CLIMATE NORMALS FOR TODAY
                         NORMAL    RECORD    YEAR
 MAXIMUM TEMPERATURE (F)   57        75      1926
 MINIMUM TEMPERATURE (F)   34        13      1945


SUNRISE AND SUNSET
OCTOBER 23 2019.......SUNRISE   730 AM PDT   SUNSET   554 PM PDT
OCTOBER 24 2019.......SUNRISE   731 AM PDT   SUNSET   552 PM PDT


-  INDICATES NEGATIVE NUMBERS.
R  INDICATES RECORD WAS SET OR TIED.
MM INDICATES DATA IS MISSING.
T  INDICATES TRACE AMOUNT.




$$
