000
CDUS46 KOTX 220850
CLIOMK

CLIMATE REPORT
NATIONAL WEATHER SERVICE SPOKANE WA
150 AM PDT THU OCT 22 2020

...................................

...THE OMAK WA AIRPORT CLIMATE SUMMARY FOR OCTOBER 21 2020...

CLIMATE NORMAL PERIOD 1981 TO 2010
CLIMATE RECORD PERIOD 9999 TO 9999


WEATHER ITEM   OBSERVED TIME   RECORD YEAR NORMAL DEPARTURE LAST
                VALUE   (LST)  VALUE       VALUE  FROM      YEAR
                                                  NORMAL
...................................................................
TEMPERATURE (F)
 YESTERDAY
  MAXIMUM         54    247 PM  80    1939  59     -5       49
  MINIMUM         31    219 AM  15    1945  34     -3       39
  AVERAGE         43                        46     -3       44

PRECIPITATION (IN)
  YESTERDAY        T             0.93 2017   0.03  -0.03     0.07
  MONTH TO DATE    1.35                      0.63   0.72     0.37
  SINCE OCT 1      1.35                      0.63   0.72     0.37
  SINCE JAN 1      6.72                     10.49  -3.77     8.68

SNOWFALL (IN)
  YESTERDAY       MM

DEGREE DAYS
 HEATING
  YESTERDAY       22                        18      4       21
  MONTH TO DATE  189                       290   -101      395
  SINCE SEP 1    256                       420   -164      546
  SINCE JUL 1    257                       451   -194      546

 COOLING
  YESTERDAY        0                         0      0        0
  MONTH TO DATE    9                         0      9        0
  SINCE SEP 1    123                        58     65       60
  SINCE JAN 1    864                       664    200      763
...................................................................


WIND (MPH)
  HIGHEST WIND SPEED    24   HIGHEST WIND DIRECTION     N (20)
  HIGHEST GUST SPEED    31   HIGHEST GUST DIRECTION    NE (30)
  AVERAGE WIND SPEED    11.2


SKY COVER
  POSSIBLE SUNSHINE  MM
  AVERAGE SKY COVER 0.3


WEATHER CONDITIONS
THE FOLLOWING WEATHER WAS RECORDED YESTERDAY.
  LIGHT RAIN


RELATIVE HUMIDITY (PERCENT)
 HIGHEST    79          1200 AM
 LOWEST     29           300 PM
 AVERAGE    54

..........................................................


THE OMAK WA AIRPORT CLIMATE NORMALS FOR TODAY
                         NORMAL    RECORD    YEAR
 MAXIMUM TEMPERATURE (F)   58        74      1927
 MINIMUM TEMPERATURE (F)   34        19      1961


SUNRISE AND SUNSET
OCTOBER 22 2020.......SUNRISE   729 AM PDT   SUNSET   555 PM PDT
OCTOBER 23 2020.......SUNRISE   731 AM PDT   SUNSET   553 PM PDT


-  INDICATES NEGATIVE NUMBERS.
R  INDICATES RECORD WAS SET OR TIED.
MM INDICATES DATA IS MISSING.
T  INDICATES TRACE AMOUNT.




$$
