000
CDUS46 KOTX 220842
CLIOMK


CLIMATE REPORT
NATIONAL WEATHER SERVICE SPOKANE, WA
1241 AM PST TUE JAN 22 2019


...................................

...THE OMAK WA AIRPORT CLIMATE SUMMARY FOR JANUARY 21 2019...

CLIMATE NORMAL PERIOD 1981 TO 2010
CLIMATE RECORD PERIOD 9999 TO 9999


WEATHER ITEM   OBSERVED TIME   RECORD YEAR NORMAL DEPARTURE LAST
                VALUE   (LST)  VALUE       VALUE  FROM      YEAR
                                                  NORMAL
..................................................................
TEMPERATURE (F)
 YESTERDAY
  MAXIMUM         43    234 PM  52    1934  34      9       38
  MINIMUM         25    612 AM -14    1930  21      4       28
                                      1927
  AVERAGE         34                        28      6       33

PRECIPITATION (IN)
  YESTERDAY        0.00                      0.05  -0.05     0.18
  MONTH TO DATE    0.59                      1.42  -0.83     1.47
  SINCE OCT 1      3.69                      6.31  -2.62     4.85
  SINCE JAN 1      0.59                      1.42  -0.83     1.47

SNOWFALL (IN)
  YESTERDAY       MM

DEGREE DAYS
 HEATING
  YESTERDAY       31                        37     -6       32
  MONTH TO DATE  688                       819   -131      733
  SINCE DEC 1   1696                      2035   -339     1946
  SINCE JUL 1   3151                      3568   -417     3406

 COOLING
  YESTERDAY        0                         0      0        0
  MONTH TO DATE    0                         0      0        0
  SINCE DEC 1      0                         0      0        0
  SINCE JAN 1      0                         0      0        0
..................................................................


WIND (MPH)
  HIGHEST WIND SPEED    16   HIGHEST WIND DIRECTION     E (70)
  HIGHEST GUST SPEED    24   HIGHEST GUST DIRECTION    SE (150)
  AVERAGE WIND SPEED     5.8


SKY COVER
  POSSIBLE SUNSHINE  MM
  AVERAGE SKY COVER 0.0


WEATHER CONDITIONS
 THE FOLLOWING WEATHER WAS RECORDED YESTERDAY.
  NO SIGNIFICANT WEATHER WAS OBSERVED.


RELATIVE HUMIDITY (PERCENT)
 HIGHEST    92           900 PM
 LOWEST     53           200 PM
 AVERAGE    73

..........................................................


THE OMAK WA AIRPORT CLIMATE NORMALS FOR TODAY
                         NORMAL    RECORD    YEAR
 MAXIMUM TEMPERATURE (F)   34        48      1934
 MINIMUM TEMPERATURE (F)   22       -15      1930


SUNRISE AND SUNSET
JANUARY 22 2019.......SUNRISE   739 AM PST   SUNSET   441 PM PST
JANUARY 23 2019.......SUNRISE   738 AM PST   SUNSET   442 PM PST


-  INDICATES NEGATIVE NUMBERS.
R  INDICATES RECORD WAS SET OR TIED.
MM INDICATES DATA IS MISSING.
T  INDICATES TRACE AMOUNT.




$$
