000
CDUS46 KOTX 180834
CLIOMK


CLIMATE REPORT
NATIONAL WEATHER SERVICE SPOKANE, WA
133 AM PDT WED JUL 18 2018


...................................

...THE OMAK WA AIRPORT CLIMATE SUMMARY FOR JULY 17 2018...

CLIMATE NORMAL PERIOD 1981 TO 2010
CLIMATE RECORD PERIOD 9999 TO 9999


WEATHER ITEM   OBSERVED TIME   RECORD YEAR NORMAL DEPARTURE LAST
                VALUE   (LST)  VALUE       VALUE  FROM      YEAR
                                                  NORMAL
..................................................................
TEMPERATURE (F)
 YESTERDAY
  MAXIMUM        103    323 PM 107    1918  89     14       87
                                      1917
  MINIMUM         64    405 AM  45    1913  58      6       58
  AVERAGE         84                        73     11       73

PRECIPITATION (IN)
  YESTERDAY        0.00                      0.03  -0.03     0.00
  MONTH TO DATE    T                         0.50  -0.50     0.00
  SINCE OCT 1     12.68                     13.37  -0.69    16.87
  SINCE JAN 1      9.30                      8.48   0.82    10.39

SNOWFALL (IN)
  YESTERDAY       MM

DEGREE DAYS
 HEATING
  YESTERDAY        0                         0      0        0
  MONTH TO DATE    6                        11     -5        0
  SINCE JUN 1     78                        80     -2       58
  SINCE JUL 1      6                        11     -5        0

 COOLING
  YESTERDAY       19                         9     10        8
  MONTH TO DATE  152                       117     35      184
  SINCE JUN 1    215                       201     14      264
  SINCE JAN 1    258                       224     34      295
..................................................................


WIND (MPH)
  HIGHEST WIND SPEED    17   HIGHEST WIND DIRECTION    SW (210)
  HIGHEST GUST SPEED    23   HIGHEST GUST DIRECTION     S (170)
  AVERAGE WIND SPEED     7.3


SKY COVER
  POSSIBLE SUNSHINE  MM
  AVERAGE SKY COVER 0.0


WEATHER CONDITIONS
 THE FOLLOWING WEATHER WAS RECORDED YESTERDAY.
  NO SIGNIFICANT WEATHER WAS OBSERVED.


RELATIVE HUMIDITY (PERCENT)
 HIGHEST    48           400 AM
 LOWEST     10           300 PM
 AVERAGE    29

..........................................................


THE OMAK WA AIRPORT CLIMATE NORMALS FOR TODAY
                         NORMAL    RECORD    YEAR
 MAXIMUM TEMPERATURE (F)   89       109      1918
 MINIMUM TEMPERATURE (F)   58        44      1919


SUNRISE AND SUNSET
JULY 18 2018..........SUNRISE   516 AM PDT   SUNSET   852 PM PDT
JULY 19 2018..........SUNRISE   517 AM PDT   SUNSET   851 PM PDT


-  INDICATES NEGATIVE NUMBERS.
R  INDICATES RECORD WAS SET OR TIED.
MM INDICATES DATA IS MISSING.
T  INDICATES TRACE AMOUNT.




$$
