000
CDUS45 KBOI 140931
CLIONO


CLIMATE REPORT
NATIONAL WEATHER SERVICE BOISE ID
331 AM MDT TUE AUG 14 2018


...................................

...THE ONTARIO OR CLIMATE SUMMARY FOR AUGUST 13 2018...

CLIMATE NORMAL PERIOD 1981 TO 2010
CLIMATE RECORD PERIOD 1948 TO 2018


WEATHER ITEM   OBSERVED TIME   RECORD YEAR NORMAL DEPARTURE LAST
                VALUE   (LST)  VALUE       VALUE  FROM      YEAR
                                                  NORMAL
..................................................................
TEMPERATURE (F)
 YESTERDAY
  MAXIMUM         96    527 PM 107    1971  93      3       85
  MINIMUM         63    609 AM  38    1995  56      7       63
  AVERAGE         80                        74      6       74

PRECIPITATION (IN)
  YESTERDAY        0.00          0.20 2014   0.01  -0.01     0.02
  MONTH TO DATE    0.00                      0.07  -0.07     0.02
  SINCE OCT 1      6.96                      9.54  -2.58    12.81
  SINCE JAN 1      4.25                      6.13  -1.88     9.49

DEGREE DAYS
 HEATING
  YESTERDAY        0                         0      0        0
  MONTH TO DATE    0                         0      0        0
  SINCE JUN 1     28                        57    -29       28
  SINCE JUL 1      0                         5     -5        0

 COOLING
  YESTERDAY       15                        10      5        9
  MONTH TO DATE  187                       143     44      189
  SINCE JUN 1    806                       630    176      878
  SINCE JAN 1    883                       666    217      918
..................................................................


WIND (MPH)
  HIGHEST WIND SPEED    18   HIGHEST WIND DIRECTION    NW (320)
  HIGHEST GUST SPEED    25   HIGHEST GUST DIRECTION     N (360)
  AVERAGE WIND SPEED     6.9


SKY COVER
  AVERAGE SKY COVER 0.0


WEATHER CONDITIONS
 THE FOLLOWING WEATHER WAS RECORDED YESTERDAY.
  NO SIGNIFICANT WEATHER WAS OBSERVED.


RELATIVE HUMIDITY (PERCENT)
 HIGHEST    28          1100 PM
 LOWEST     13           600 PM
 AVERAGE    21

..........................................................


THE ONTARIO OR CLIMATE NORMALS FOR TODAY
                         NORMAL    RECORD    YEAR
 MAXIMUM TEMPERATURE (F)   93       107      1992
 MINIMUM TEMPERATURE (F)   56        40      1978


SUNRISE AND SUNSET
AUGUST 14 2018........SUNRISE   651 AM MDT   SUNSET   854 PM MDT
AUGUST 15 2018........SUNRISE   652 AM MDT   SUNSET   852 PM MDT


-  INDICATES NEGATIVE NUMBERS.
R  INDICATES RECORD WAS SET OR TIED.
MM INDICATES DATA IS MISSING.
T  INDICATES TRACE AMOUNT.




$$
