000
CDUS45 KBOI 180942
CLIONO


CLIMATE REPORT
NATIONAL WEATHER SERVICE BOISE ID
342 AM MDT FRI OCT 18 2019

...................................

...THE ONTARIO OR CLIMATE SUMMARY FOR OCTOBER 17 2019...

CLIMATE NORMAL PERIOD 1981 TO 2010
CLIMATE RECORD PERIOD 1948 TO 2019


WEATHER ITEM   OBSERVED TIME   RECORD YEAR NORMAL DEPARTURE LAST
                VALUE   (LST)  VALUE       VALUE  FROM      YEAR
                                                  NORMAL
...................................................................
TEMPERATURE (F)
 YESTERDAY
  MAXIMUM         61    339 PM  80    1973  66     -5       68
  MINIMUM         40   1127 PM  18    1970  34      6       32
  AVERAGE         51                        50      1       50

PRECIPITATION (IN)
  YESTERDAY        0.01          0.25 1969   0.02  -0.01     0.00
  MONTH TO DATE    0.39                      0.27   0.12     0.90
  SINCE OCT 1      0.39                      0.27   0.12     0.90
  SINCE JAN 1     11.34                      6.92   4.42     5.17

DEGREE DAYS
 HEATING
  YESTERDAY       14                        15     -1       15
  MONTH TO DATE  286                       199     87      191
  SINCE SEP 1    368                       317     51      259
  SINCE JUL 1    368                       333     35      263

 COOLING
  YESTERDAY        0                         0      0        0
  MONTH TO DATE    0                         0      0        0
  SINCE SEP 1    112                        58     54       62
  SINCE JAN 1   1146                       851    295     1088
...................................................................


WIND (MPH)
  HIGHEST WIND SPEED    23   HIGHEST WIND DIRECTION    NW (300)
  HIGHEST GUST SPEED    28   HIGHEST GUST DIRECTION    NW (310)
  AVERAGE WIND SPEED     5.8


SKY COVER
  AVERAGE SKY COVER 0.5


WEATHER CONDITIONS
THE FOLLOWING WEATHER WAS RECORDED YESTERDAY.
  LIGHT RAIN


RELATIVE HUMIDITY (PERCENT)
 HIGHEST    79          1100 PM
 LOWEST     41           400 PM
 AVERAGE    60

..........................................................


THE ONTARIO OR CLIMATE NORMALS FOR TODAY
                         NORMAL    RECORD    YEAR
 MAXIMUM TEMPERATURE (F)   65        80      1958
                                             1973
 MINIMUM TEMPERATURE (F)   34        20      1948


SUNRISE AND SUNSET
OCTOBER 18 2019.......SUNRISE   806 AM MDT   SUNSET   700 PM MDT
OCTOBER 19 2019.......SUNRISE   807 AM MDT   SUNSET   658 PM MDT


-  INDICATES NEGATIVE NUMBERS.
R  INDICATES RECORD WAS SET OR TIED.
MM INDICATES DATA IS MISSING.
T  INDICATES TRACE AMOUNT.




$$
