000
CDUS45 KBOI 200932
CLIONO


CLIMATE REPORT
NATIONAL WEATHER SERVICE BOISE ID
231 AM MST SUN JAN 20 2019


...................................

...THE ONTARIO OR CLIMATE SUMMARY FOR JANUARY 19 2019...

CLIMATE NORMAL PERIOD 1981 TO 2010
CLIMATE RECORD PERIOD 1948 TO 2019


WEATHER ITEM   OBSERVED TIME   RECORD YEAR NORMAL DEPARTURE LAST
                VALUE   (LST)  VALUE       VALUE  FROM      YEAR
                                                  NORMAL
..................................................................
TEMPERATURE (F)
 YESTERDAY
  MAXIMUM         41    447 PM  53    1953  35      6       48
  MINIMUM         37    940 AM  -5    2013  20     17       30
                                      1979
                                      1960
  AVERAGE         39                        28     11       39

PRECIPITATION (IN)
  YESTERDAY        0.56          0.59 1969   0.03   0.53     0.07
  MONTH TO DATE    1.16                      0.81   0.35     0.95
  SINCE OCT 1      3.61                      4.22  -0.61     3.66
  SINCE JAN 1      1.16                      0.81   0.35     0.95

DEGREE DAYS
 HEATING
  YESTERDAY       26                        37    -11       26
  MONTH TO DATE  604                       724   -120      577
  SINCE DEC 1   1557                      1877   -320     1701
  SINCE JUL 1   2779                      3305   -526     3046

 COOLING
  YESTERDAY        0                         0      0        0
  MONTH TO DATE    0                         0      0        0
  SINCE DEC 1      0                         0      0        0
  SINCE JAN 1      0                         0      0        0
..................................................................


WIND (MPH)
  HIGHEST WIND SPEED    14   HIGHEST WIND DIRECTION    SE (130)
  HIGHEST GUST SPEED    18   HIGHEST GUST DIRECTION    SE (140)
  AVERAGE WIND SPEED     4.5


SKY COVER
  AVERAGE SKY COVER 1.0


WEATHER CONDITIONS
 THE FOLLOWING WEATHER WAS RECORDED YESTERDAY.
  RAIN
  LIGHT RAIN
  FOG


RELATIVE HUMIDITY (PERCENT)
 HIGHEST    92           100 AM
 LOWEST     85          1200 AM
 AVERAGE    89

..........................................................


THE ONTARIO OR CLIMATE NORMALS FOR TODAY
                         NORMAL    RECORD    YEAR
 MAXIMUM TEMPERATURE (F)   36        56      1953
 MINIMUM TEMPERATURE (F)   20        -9      1984


SUNRISE AND SUNSET
JANUARY 20 2019.......SUNRISE   817 AM MST   SUNSET   542 PM MST
JANUARY 21 2019.......SUNRISE   816 AM MST   SUNSET   543 PM MST


-  INDICATES NEGATIVE NUMBERS.
R  INDICATES RECORD WAS SET OR TIED.
MM INDICATES DATA IS MISSING.
T  INDICATES TRACE AMOUNT.




$$
