000
CDUS45 KBOI 210931
CLIONO


CLIMATE REPORT
NATIONAL WEATHER SERVICE BOISE ID
331 AM MDT SUN OCT 21 2018


...................................

...THE ONTARIO OR CLIMATE SUMMARY FOR OCTOBER 20 2018...

CLIMATE NORMAL PERIOD 1981 TO 2010
CLIMATE RECORD PERIOD 1948 TO 2018


WEATHER ITEM   OBSERVED TIME   RECORD YEAR NORMAL DEPARTURE LAST
                VALUE   (LST)  VALUE       VALUE  FROM      YEAR
                                                  NORMAL
..................................................................
TEMPERATURE (F)
 YESTERDAY
  MAXIMUM         71    443 PM  76    2014  64      7       58
  MINIMUM         33    733 AM  15    1996  33      0       35
  AVERAGE         52                        48      4       47

PRECIPITATION (IN)
  YESTERDAY        0.00          0.21 1970   0.02  -0.02     0.03
  MONTH TO DATE    0.90                      0.33   0.57     0.23
  SINCE OCT 1      0.90                      0.33   0.57     0.23
  SINCE JAN 1      5.17                      6.98  -1.81    10.12

DEGREE DAYS
 HEATING
  YESTERDAY       13                        17     -4       18
  MONTH TO DATE  230                       248    -18      308
  SINCE SEP 1    298                       366    -68      441
  SINCE JUL 1    302                       382    -80      441

 COOLING
  YESTERDAY        0                         0      0        0
  MONTH TO DATE    0                         0      0        0
  SINCE SEP 1     62                        58      4      141
  SINCE JAN 1   1088                       851    237     1254
..................................................................


WIND (MPH)
  HIGHEST WIND SPEED     9   HIGHEST WIND DIRECTION     W (250)
  HIGHEST GUST SPEED    10   HIGHEST GUST DIRECTION     W (250)
  AVERAGE WIND SPEED     2.3


SKY COVER
  AVERAGE SKY COVER 0.0


WEATHER CONDITIONS
 THE FOLLOWING WEATHER WAS RECORDED YESTERDAY.
  FOG
  HAZE


RELATIVE HUMIDITY (PERCENT)
 HIGHEST    82           300 AM
 LOWEST     31           300 PM
 AVERAGE    57

..........................................................


THE ONTARIO OR CLIMATE NORMALS FOR TODAY
                         NORMAL    RECORD    YEAR
 MAXIMUM TEMPERATURE (F)   63        78      2003
 MINIMUM TEMPERATURE (F)   33        17      1996
                                             1976


SUNRISE AND SUNSET
OCTOBER 21 2018.......SUNRISE   810 AM MDT   SUNSET   654 PM MDT
OCTOBER 22 2018.......SUNRISE   812 AM MDT   SUNSET   653 PM MDT


-  INDICATES NEGATIVE NUMBERS.
R  INDICATES RECORD WAS SET OR TIED.
MM INDICATES DATA IS MISSING.
T  INDICATES TRACE AMOUNT.




$$
