000
CDUS45 KBOI 250931
CLIONO

CLIMATE REPORT
NATIONAL WEATHER SERVICE BOISE ID
231 AM MST TUE FEB 25 2020

...................................

...THE ONTARIO OR CLIMATE SUMMARY FOR FEBRUARY 24 2020...

CLIMATE NORMAL PERIOD 1981 TO 2010
CLIMATE RECORD PERIOD 1948 TO 2020


WEATHER ITEM   OBSERVED TIME   RECORD YEAR NORMAL DEPARTURE LAST
                VALUE   (LST)  VALUE       VALUE  FROM      YEAR
                                                  NORMAL
...................................................................
TEMPERATURE (F)
 YESTERDAY
  MAXIMUM         48    440 PM  66    1963  48      0       51
  MINIMUM         28    708 AM   8    1952  25      3       35
  AVERAGE         38                        36      2       43

PRECIPITATION (IN)
  YESTERDAY        0.00          0.38 2010   0.04  -0.04      T
  MONTH TO DATE    0.32                      0.68  -0.36     2.39
  SINCE OCT 1      3.59                      5.27  -1.68     6.22
  SINCE JAN 1      1.80                      1.86  -0.06     3.77

DEGREE DAYS
 HEATING
  YESTERDAY       27                        29     -2       22
  MONTH TO DATE  664                       776   -112      694
  SINCE DEC 1   2418                      3091   -673     2585
  SINCE JUL 1   3869                      4519   -650     3807

 COOLING
  YESTERDAY        0                         0      0        0
  MONTH TO DATE    0                         0      0        0
  SINCE DEC 1      0                         0      0        0
  SINCE JAN 1      0                         0      0        0
...................................................................


WIND (MPH)
  HIGHEST WIND SPEED    20   HIGHEST WIND DIRECTION    NW (300)
  HIGHEST GUST SPEED    23   HIGHEST GUST DIRECTION     W (290)
  AVERAGE WIND SPEED     8.1


SKY COVER
  AVERAGE SKY COVER 0.1


WEATHER CONDITIONS
THE FOLLOWING WEATHER WAS RECORDED YESTERDAY.
  NO SIGNIFICANT WEATHER WAS OBSERVED.


RELATIVE HUMIDITY (PERCENT)
 HIGHEST    61           700 AM
 LOWEST     30           100 PM
 AVERAGE    46

..........................................................


THE ONTARIO OR CLIMATE NORMALS FOR TODAY
                         NORMAL    RECORD    YEAR
 MAXIMUM TEMPERATURE (F)   48        66      1963
 MINIMUM TEMPERATURE (F)   26         1      1993


SUNRISE AND SUNSET
FEBRUARY 25 2020......SUNRISE   732 AM MST   SUNSET   631 PM MST
FEBRUARY 26 2020......SUNRISE   731 AM MST   SUNSET   632 PM MST


-  INDICATES NEGATIVE NUMBERS.
R  INDICATES RECORD WAS SET OR TIED.
MM INDICATES DATA IS MISSING.
T  INDICATES TRACE AMOUNT.




$$
