000
CDUS45 KBOI 250938
CLIONO


CLIMATE REPORT
NATIONAL WEATHER SERVICE BOISE ID
337 AM MDT FRI MAY 25 2018


...................................

...THE ONTARIO OR CLIMATE SUMMARY FOR MAY 24 2018...

CLIMATE NORMAL PERIOD 1981 TO 2010
CLIMATE RECORD PERIOD 1948 TO 2018


WEATHER ITEM   OBSERVED TIME   RECORD YEAR NORMAL DEPARTURE LAST
                VALUE   (LST)  VALUE       VALUE  FROM      YEAR
                                                  NORMAL
..................................................................
TEMPERATURE (F)
 YESTERDAY
  MAXIMUM         87    525 PM  98    2001  77     10       77
  MINIMUM         56    536 AM  32    1989  47      9       52
  AVERAGE         72                        62     10       65

PRECIPITATION (IN)
  YESTERDAY        0.00          0.49 1962   0.04  -0.04     0.00
  MONTH TO DATE    0.75                      0.98  -0.23     1.13
  SINCE OCT 1      6.34                      8.18  -1.84    12.03
  SINCE JAN 1      3.63                      4.77  -1.14     8.71

DEGREE DAYS
 HEATING
  YESTERDAY        0                         5     -5        0
  MONTH TO DATE   37                       180   -143      156
  SINCE MAR 1   1010                      1291   -281     1136
  SINCE JUL 1   5187                      5921   -734     6010

 COOLING
  YESTERDAY        7                         2      5        0
  MONTH TO DATE   39                        21     18       14
  SINCE MAR 1     39                        22     17       14
  SINCE JAN 1     39                        22     17       14
..................................................................


WIND (MPH)
  HIGHEST WIND SPEED    13   HIGHEST WIND DIRECTION     S (170)
  HIGHEST GUST SPEED    16   HIGHEST GUST DIRECTION     S (160)
  AVERAGE WIND SPEED     2.7


SKY COVER
  AVERAGE SKY COVER 0.1


WEATHER CONDITIONS
 THE FOLLOWING WEATHER WAS RECORDED YESTERDAY.
  NO SIGNIFICANT WEATHER WAS OBSERVED.


RELATIVE HUMIDITY (PERCENT)
 HIGHEST    86           600 AM
 LOWEST     32           500 PM
 AVERAGE    59

..........................................................


THE ONTARIO OR CLIMATE NORMALS FOR TODAY
                         NORMAL    RECORD    YEAR
 MAXIMUM TEMPERATURE (F)   77        96      1966
                                             1961
 MINIMUM TEMPERATURE (F)   47        25      1975


SUNRISE AND SUNSET
MAY 25 2018...........SUNRISE   613 AM MDT   SUNSET   918 PM MDT
MAY 26 2018...........SUNRISE   612 AM MDT   SUNSET   919 PM MDT


-  INDICATES NEGATIVE NUMBERS.
R  INDICATES RECORD WAS SET OR TIED.
MM INDICATES DATA IS MISSING.
T  INDICATES TRACE AMOUNT.




$$
