698
CDUS46 KSGX 230018
CLIONT


CLIMATE REPORT
NATIONAL WEATHER SERVICE SAN DIEGO, CA
418 PM PST THU FEB 22 2018


...................................

...THE ONTARIO INTL AIRPORT CA CLIMATE SUMMARY FOR FEBRUARY 22 2018...
VALID TODAY AS OF 0400 PM LOCAL TIME.

CLIMATE NORMAL PERIOD 1981 TO 2010
CLIMATE RECORD PERIOD 1998 TO 2018


WEATHER ITEM   OBSERVED TIME   RECORD YEAR NORMAL DEPARTURE LAST
                VALUE   (LST)  VALUE       VALUE  FROM      YEAR
                                                  NORMAL
..................................................................
TEMPERATURE (F)
 TODAY
  MAXIMUM         57    350 PM  89    2002  67    -10       62
  MINIMUM         39    437 AM  37    2006  46     -7       46
  AVERAGE         48                        56     -8       54

PRECIPITATION (IN)
  TODAY            T             1.47 2004   0.14  -0.14      T
  MONTH TO DATE    0.01                      2.68  -2.67     2.20
  SINCE OCT 1      2.02                     10.16  -8.14    14.46
  SINCE JAN 1      2.02                      5.99  -3.97     9.58

DEGREE DAYS
 HEATING
  TODAY           17                         9      8       11
  MONTH TO DATE  130                       215    -85      166
  SINCE DEC 1    431                       882   -451      876
  SINCE JUL 1    475                      1104   -629     1006

 COOLING
  TODAY            0                         0      0        0
  MONTH TO DATE   12                         0     12        1
  SINCE DEC 1     41                         5     36        1
  SINCE JAN 1     30                         3     27        1
..................................................................


WIND (MPH)
  RESULTANT WIND SPEED   3   RESULTANT WIND DIRECTION  SW (220)
  HIGHEST WIND SPEED    20   HIGHEST WIND DIRECTION    SW (220)
  HIGHEST GUST SPEED    24   HIGHEST GUST DIRECTION    SW (220)
  AVERAGE WIND SPEED     4.6


SKY COVER
  POSSIBLE SUNSHINE  MM
  AVERAGE SKY COVER 0.6


WEATHER CONDITIONS
 THE FOLLOWING WEATHER WAS RECORDED TODAY.
  LIGHT RAIN


RELATIVE HUMIDITY (PERCENT)
 HIGHEST    60           100 AM
 LOWEST     47           200 PM
 AVERAGE    54

..........................................................


THE ONTARIO INTL AIRPORT CA CLIMATE NORMALS FOR TOMORROW
                         NORMAL    RECORD    YEAR
 MAXIMUM TEMPERATURE (F)   67        82      2016
 MINIMUM TEMPERATURE (F)   46        37      2010


SUNRISE AND SUNSET
FEBRUARY 22 2018......SUNRISE   627 AM PST   SUNSET   541 PM PST
FEBRUARY 23 2018......SUNRISE   626 AM PST   SUNSET   542 PM PST


-  INDICATES NEGATIVE NUMBERS.
R  INDICATES RECORD WAS SET OR TIED.
MM INDICATES DATA IS MISSING.
T  INDICATES TRACE AMOUNT.




$$
