000
CDUS46 KSGX 161124
CLIONT


CLIMATE REPORT
NATIONAL WEATHER SERVICE SAN DIEGO, CA
424 AM PDT MON JUL 16 2018


...................................

...THE ONTARIO INTL AIRPORT CA CLIMATE SUMMARY FOR JULY 15 2018...

CLIMATE NORMAL PERIOD 1981 TO 2010
CLIMATE RECORD PERIOD 1998 TO 2018


WEATHER ITEM   OBSERVED TIME   RECORD YEAR NORMAL DEPARTURE LAST
                VALUE   (LST)  VALUE       VALUE  FROM      YEAR
                                                  NORMAL
..................................................................
TEMPERATURE (F)
 YESTERDAY
  MAXIMUM         97    211 PM 105    2006  92      5      100
  MINIMUM         69    443 AM  60    2012  63      6       69
                                      2011
  AVERAGE         83                        78      5       85

PRECIPITATION (IN)
  YESTERDAY        0.00          T    2004   0.00   0.00     0.00
                                      2004
                                      2010
  MONTH TO DATE    0.00                      0.04  -0.04     0.00
  SINCE OCT 1      3.80                     14.59 -10.79    15.62
  SINCE JAN 1      3.80                     10.42  -6.62    10.74

DEGREE DAYS
 HEATING
  YESTERDAY        0                         0      0        0
  MONTH TO DATE    0                         0      0        0
  SINCE JUN 1      0                         5     -5        0
  SINCE JUL 1      0                         0      0        0

 COOLING
  YESTERDAY       18                        13      5       20
  MONTH TO DATE  282                       180    102      269
  SINCE JUN 1    551                       403    148      611
  SINCE JAN 1    739                       569    170      889
..................................................................


WIND (MPH)
  RESULTANT WIND SPEED   7   RESULTANT WIND DIRECTION   W (250)
  HIGHEST WIND SPEED    20   HIGHEST WIND DIRECTION     W (270)
  HIGHEST GUST SPEED    24   HIGHEST GUST DIRECTION     W (280)
  AVERAGE WIND SPEED     7.9


SKY COVER
  POSSIBLE SUNSHINE  MM
  AVERAGE SKY COVER 0.3


WEATHER CONDITIONS
 THE FOLLOWING WEATHER WAS RECORDED YESTERDAY.
  NO SIGNIFICANT WEATHER WAS OBSERVED.


RELATIVE HUMIDITY (PERCENT)
 HIGHEST    70           600 AM
 LOWEST     29           300 PM
 AVERAGE    50

..........................................................


THE ONTARIO INTL AIRPORT CA CLIMATE NORMALS FOR TODAY
                         NORMAL    RECORD    YEAR
 MAXIMUM TEMPERATURE (F)   93       106      1998
 MINIMUM TEMPERATURE (F)   64        57      2011


SUNRISE AND SUNSET
JULY 16 2018..........SUNRISE   551 AM PDT   SUNSET   802 PM PDT
JULY 17 2018..........SUNRISE   552 AM PDT   SUNSET   801 PM PDT


-  INDICATES NEGATIVE NUMBERS.
R  INDICATES RECORD WAS SET OR TIED.
MM INDICATES DATA IS MISSING.
T  INDICATES TRACE AMOUNT.




$$
