000
CDUS41 KAKQ 190531
CLIORF


CLIMATE REPORT
NATIONAL WEATHER SERVICE WAKEFIELD, VA
130 AM EDT TUE JUN 19 2018


...................................

...THE NORFOLK VA CLIMATE SUMMARY FOR JUNE 18 2018...

CLIMATE NORMAL PERIOD 1981 TO 2010
CLIMATE RECORD PERIOD 1871 TO 2018


WEATHER ITEM   OBSERVED TIME   RECORD YEAR NORMAL DEPARTURE LAST
                VALUE   (LST)  VALUE       VALUE  FROM      YEAR
                                                  NORMAL
..................................................................
TEMPERATURE (F)
 YESTERDAY
  MAXIMUM         87    627 PM  99    1944  84      3       92
  MINIMUM         74    528 AM  51    1961  68      6       76
  AVERAGE         81                        76      5       84

PRECIPITATION (IN)
  YESTERDAY        0.00          2.42 1996   0.15  -0.15     0.00
  MONTH TO DATE    1.72                      2.57  -0.85     2.36
  SINCE JUN 1      1.72                      2.57  -0.85     2.36
  SINCE JAN 1     21.93                     19.59   2.34    24.18

SNOWFALL (IN)
  YESTERDAY        0.0           0.0  2002   0.0    0.0
                                      2001
  MONTH TO DATE    0.0                       0.0    0.0
  SINCE NOV 1     15.1                       5.8    9.3
  SINCE JUL 1     15.1                       5.8    9.3
  SNOW DEPTH       0

DEGREE DAYS
 HEATING
  YESTERDAY        0                         0      0        0
  MONTH TO DATE    0                         4     -4        2
  SINCE JUN 1      0                         4     -4        2
  SINCE JUL 1   3189                      3375   -186     2667

 COOLING
  YESTERDAY       16                        11      5       19
  MONTH TO DATE  209                       162     47      206
  SINCE JUN 1    209                       162     47      206
  SINCE JAN 1    546                       328    218      527
..................................................................


WIND (MPH)
  HIGHEST WIND SPEED    15   HIGHEST WIND DIRECTION     N (20)
  HIGHEST GUST SPEED    17   HIGHEST GUST DIRECTION    NE (40)
  AVERAGE WIND SPEED     5.3


SKY COVER
  POSSIBLE SUNSHINE  MM
  AVERAGE SKY COVER 0.1


WEATHER CONDITIONS
 THE FOLLOWING WEATHER WAS RECORDED YESTERDAY.
  THUNDERSTORM


RELATIVE HUMIDITY (PERCENT)
 HIGHEST   100           400 AM
 LOWEST     68           600 PM
 AVERAGE    84

..........................................................


THE NORFOLK VA CLIMATE NORMALS FOR TODAY
                         NORMAL    RECORD    YEAR
 MAXIMUM TEMPERATURE (F)   85       101      1944
 MINIMUM TEMPERATURE (F)   68        51      1961


SUNRISE AND SUNSET
JUNE 19 2018..........SUNRISE   545 AM EDT   SUNSET   827 PM EDT
JUNE 20 2018..........SUNRISE   546 AM EDT   SUNSET   827 PM EDT


-  INDICATES NEGATIVE NUMBERS.
R  INDICATES RECORD WAS SET OR TIED.
MM INDICATES DATA IS MISSING.
T  INDICATES TRACE AMOUNT.




$$
