000
CDUS41 KAKQ 212145
CLIORF


CLIMATE REPORT
NATIONAL WEATHER SERVICE WAKEFIELD, VA
545 PM EDT MON OCT 21 2019


...................................

...THE NORFOLK VA CLIMATE SUMMARY FOR OCTOBER 21 2019...
VALID TODAY AS OF 0500 PM LOCAL TIME.

CLIMATE NORMAL PERIOD 1981 TO 2010
CLIMATE RECORD PERIOD 1871 TO 2019


WEATHER ITEM   OBSERVED TIME   RECORD YEAR NORMAL DEPARTURE LAST
                VALUE   (LST)  VALUE       VALUE  FROM      YEAR
                                                  NORMAL
..................................................................
TEMPERATURE (F)
 TODAY
  MAXIMUM         63   1035 AM  85    1993  69     -6       61
                                      1984
  MINIMUM         60    923 AM  37    1974  52      8       50
                                      1952
  AVERAGE         62

PRECIPITATION (IN)
  TODAY            0.01          2.81 1958   0.11  -0.10     0.00
  MONTH TO DATE    3.42                      2.33   1.09     0.69
  SINCE SEP 1      7.05                      7.09  -0.04     4.57
  SINCE JAN 1     41.67                     39.03   2.64    47.08

SNOWFALL (IN)
  TODAY            0.0
  MONTH TO DATE    0.0
  SINCE NOV 1      0.1
  SINCE JUL 1      0.0
  SNOW DEPTH       0

DEGREE DAYS
 HEATING
  TODAY            3                         6     -3        9
  MONTH TO DATE   29                        75    -46       32
  SINCE SEP 1     29                        86    -57       32
  SINCE JUL 1     29                        86    -57       32

 COOLING
  TODAY            0                         1     -1        0
  MONTH TO DATE   85                        46     39      154
  SINCE SEP 1    429                       276    153      582
  SINCE JAN 1   2183                      1611    572     2292
..................................................................


WIND (MPH)
  RESULTANT WIND SPEED  11   RESULTANT WIND DIRECTION   N (350)
  HIGHEST WIND SPEED    22   HIGHEST WIND DIRECTION     N (350)
  HIGHEST GUST SPEED    31   HIGHEST GUST DIRECTION     N (360)


SKY COVER
  POSSIBLE SUNSHINE  MM
  AVERAGE SKY COVER 0.8


WEATHER CONDITIONS
 THE FOLLOWING WEATHER WAS RECORDED TODAY.
  LIGHT RAIN
  FOG


RELATIVE HUMIDITY (PERCENT)
 HIGHEST    90
 LOWEST     78
 AVERAGE    84

..........................................................


THE NORFOLK VA CLIMATE NORMALS FOR TOMORROW
                         NORMAL    RECORD    YEAR
 MAXIMUM TEMPERATURE (F)   68        84      1984
 MINIMUM TEMPERATURE (F)   52        34      1974
                                             1952


SUNRISE AND SUNSET
OCTOBER 21 2019.......SUNRISE   718 AM EDT   SUNSET   621 PM EDT
OCTOBER 22 2019.......SUNRISE   719 AM EDT   SUNSET   619 PM EDT


-  INDICATES NEGATIVE NUMBERS.
R  INDICATES RECORD WAS SET OR TIED.
MM INDICATES DATA IS MISSING.
T  INDICATES TRACE AMOUNT.




$$
