000
CDUS41 KAKQ 280545
CLIORF


CLIMATE REPORT
NATIONAL WEATHER SERVICE WAKEFIELD, VA
145 AM EDT THU MAY 28 2020


...................................

...THE NORFOLK VA CLIMATE SUMMARY FOR MAY 27 2020...

CLIMATE NORMAL PERIOD 1981 TO 2010
CLIMATE RECORD PERIOD 1871 TO 2020


WEATHER ITEM   OBSERVED TIME   RECORD YEAR NORMAL DEPARTURE LAST
                VALUE   (LST)  VALUE       VALUE  FROM      YEAR
                                                  NORMAL
..................................................................
TEMPERATURE (F)
 YESTERDAY
  MAXIMUM         80    256 PM  98    1880  78      2       84
  MINIMUM         61    204 AM  40    1961  61      0       72
  AVERAGE         71                        70      1       78

PRECIPITATION (IN)
  YESTERDAY        0.13          1.47 1968   0.13   0.00     0.00
  MONTH TO DATE    2.05                      2.92  -0.87     2.16
  SINCE MAR 1     11.83                     10.01   1.82     7.83
  SINCE JAN 1     19.89                     16.53   3.36    16.33

SNOWFALL (IN)
  YESTERDAY        0.0           0.0  2002   0.0    0.0
                                      2001
  MONTH TO DATE    0.0                       0.0    0.0
  SINCE NOV 1      0.4                       5.8   -5.4
  SINCE JUL 1      0.4                       5.8   -5.4
  SNOW DEPTH       0

DEGREE DAYS
 HEATING
  YESTERDAY        0                         1     -1        0
  MONTH TO DATE   88                        67     21        9
  SINCE MAR 1    561                       798   -237      601
  SINCE JUL 1   2511                      3367   -856     2806

 COOLING
  YESTERDAY        6                         6      0       13
  MONTH TO DATE   65                        97    -32      221
  SINCE MAR 1    127                       140    -13      312
  SINCE JAN 1    131                       141    -10      312
..................................................................


WIND (MPH)
  HIGHEST WIND SPEED    14   HIGHEST WIND DIRECTION    SE (150)
  HIGHEST GUST SPEED    19   HIGHEST GUST DIRECTION    SE (150)
  AVERAGE WIND SPEED     8.3


SKY COVER
  POSSIBLE SUNSHINE  MM
  AVERAGE SKY COVER 0.9


WEATHER CONDITIONS
 THE FOLLOWING WEATHER WAS RECORDED YESTERDAY.
  RAIN
  LIGHT RAIN
  FOG
  FOG W/VISIBILITY <= 1/4 MILE
  HAZE


RELATIVE HUMIDITY (PERCENT)
 HIGHEST   100          1200 AM
 LOWEST     73           100 PM
 AVERAGE    87

..........................................................


THE NORFOLK VA CLIMATE NORMALS FOR TODAY
                         NORMAL    RECORD    YEAR
 MAXIMUM TEMPERATURE (F)   79        98      1941
 MINIMUM TEMPERATURE (F)   62        39      1961


SUNRISE AND SUNSET
MAY 28 2020...........SUNRISE   548 AM EDT   SUNSET   816 PM EDT
MAY 29 2020...........SUNRISE   548 AM EDT   SUNSET   817 PM EDT


-  INDICATES NEGATIVE NUMBERS.
R  INDICATES RECORD WAS SET OR TIED.
MM INDICATES DATA IS MISSING.
T  INDICATES TRACE AMOUNT.




$$
