000
CDUS41 KAKQ 222129
CLIORF


CLIMATE REPORT
NATIONAL WEATHER SERVICE WAKEFIELD, VA
528 PM EDT THU OCT 22 2020


...................................

...THE NORFOLK VA CLIMATE SUMMARY FOR OCTOBER 22 2020...
VALID TODAY AS OF 0500 PM LOCAL TIME.

CLIMATE NORMAL PERIOD 1981 TO 2010
CLIMATE RECORD PERIOD 1871 TO 2020


WEATHER ITEM   OBSERVED TIME   RECORD YEAR NORMAL DEPARTURE LAST
                VALUE   (LST)  VALUE       VALUE  FROM      YEAR
                                                  NORMAL
..................................................................
TEMPERATURE (F)
 TODAY
  MAXIMUM         78    318 PM  84    1984  68     10       76
  MINIMUM         61    533 AM  34    1974  52      9       60
                                      1952
  AVERAGE         70

PRECIPITATION (IN)
  TODAY            0.00          1.48 1893   0.11  -0.11      T
  MONTH TO DATE    1.52                      2.44  -0.92     3.42
  SINCE SEP 1      9.15                      7.20   1.95     7.05
  SINCE JAN 1     43.24                     39.14   4.10    41.67

SNOWFALL (IN)
  TODAY            0.0
  MONTH TO DATE    0.0
  SINCE NOV 1      0.4
  SINCE JUL 1      0.0
  SNOW DEPTH       0

DEGREE DAYS
 HEATING
  TODAY            0                         6     -6        0
  MONTH TO DATE   14                        81    -67       29
  SINCE SEP 1     14                        92    -78       29
  SINCE JUL 1     14                        92    -78       29

 COOLING
  TODAY            5                         1      4        3
  MONTH TO DATE   67                        47     20       88
  SINCE SEP 1    359                       277     82      432
  SINCE JAN 1   2058                      1612    446     2186
..................................................................


WIND (MPH)
  RESULTANT WIND SPEED   3   RESULTANT WIND DIRECTION  NE (30)
  HIGHEST WIND SPEED     9   HIGHEST WIND DIRECTION     E (70)
  HIGHEST GUST SPEED    12   HIGHEST GUST DIRECTION     E (70)


SKY COVER
  POSSIBLE SUNSHINE  MM
  AVERAGE SKY COVER 0.1


WEATHER CONDITIONS
 THE FOLLOWING WEATHER WAS RECORDED TODAY.
  FOG


RELATIVE HUMIDITY (PERCENT)
 HIGHEST   100
 LOWEST     64
 AVERAGE    82

..........................................................


THE NORFOLK VA CLIMATE NORMALS FOR TOMORROW
                         NORMAL    RECORD    YEAR
 MAXIMUM TEMPERATURE (F)   68        87      2007
 MINIMUM TEMPERATURE (F)   51        34      1987


SUNRISE AND SUNSET
OCTOBER 22 2020.......SUNRISE   719 AM EDT   SUNSET   618 PM EDT
OCTOBER 23 2020.......SUNRISE   720 AM EDT   SUNSET   617 PM EDT


-  INDICATES NEGATIVE NUMBERS.
R  INDICATES RECORD WAS SET OR TIED.
MM INDICATES DATA IS MISSING.
T  INDICATES TRACE AMOUNT.




$$
