275
CDUS41 KBOX 180726
CLIORH


CLIMATE REPORT
NATIONAL WEATHER SERVICE BOSTON/NORTON MA
324 AM EDT WED JUL 18 2018


...................................

...THE WORCESTER MA CLIMATE SUMMARY FOR JULY 17 2018...

CLIMATE NORMAL PERIOD 1981 TO 2010
CLIMATE RECORD PERIOD 1892 TO 2018


WEATHER ITEM   OBSERVED TIME   RECORD YEAR NORMAL DEPARTURE LAST
                VALUE   (LST)  VALUE       VALUE  FROM      YEAR
                                                  NORMAL
..................................................................
TEMPERATURE (F)
 YESTERDAY
  MAXIMUM         85   1209 PM  93    1900  79      6       82
  MINIMUM         67    943 PM  41    1946  62      5       65
  AVERAGE         76                        71      5       74

PRECIPITATION (IN)
  YESTERDAY        2.67R         1.25 1989   0.15   2.52     0.00
  MONTH TO DATE    2.96                      2.23   0.73     1.10
  SINCE JUN 1      6.98                      6.42   0.56     5.43
  SINCE JAN 1     28.28                     25.65   2.63    26.51

SNOWFALL (IN)
  YESTERDAY        0.0           0.0  2002   0.0    0.0      0.0
                                      2001
                                      2000
  MONTH TO DATE    0.0                       0.0    0.0      0.0
  SINCE JUN 1      0.0                       0.0    0.0      0.0
  SINCE JUL 1      0.0                       0.0    0.0      0.0
  SNOW DEPTH      MM

DEGREE DAYS
 HEATING
  YESTERDAY        0                         0      0        0
  MONTH TO DATE    0                         9     -9       10
  SINCE JUN 1     85                        92     -7       96
  SINCE JUL 1      0                         9     -9       10

 COOLING
  YESTERDAY       11                         6      5        9
  MONTH TO DATE  151                        93     58       97
  SINCE JUN 1    227                       177     50      203
  SINCE JAN 1    278                       199     79      237
..................................................................


WIND (MPH)
  RESULTANT WIND SPEED   9   RESULTANT WIND DIRECTION  SW (240)
  HIGHEST WIND SPEED    22   HIGHEST WIND DIRECTION    NW (320)
  HIGHEST GUST SPEED    29   HIGHEST GUST DIRECTION    NW (320)
  AVERAGE WIND SPEED    10.3


SKY COVER
  POSSIBLE SUNSHINE  MM
  AVERAGE SKY COVER 0.6


WEATHER CONDITIONS
 THE FOLLOWING WEATHER WAS RECORDED YESTERDAY.
  HEAVY RAIN
  RAIN
  LIGHT RAIN
  FOG


RELATIVE HUMIDITY (PERCENT)
 HIGHEST    MM
 LOWEST     MM
 AVERAGE    MM

..........................................................


THE WORCESTER MA CLIMATE NORMALS FOR TODAY
                         NORMAL    RECORD    YEAR
 MAXIMUM TEMPERATURE (F)   79        93      1982
                                             1900
 MINIMUM TEMPERATURE (F)   62        47      1946


SUNRISE AND SUNSET
JULY 18 2018..........SUNRISE   527 AM EDT   SUNSET   820 PM EDT
JULY 19 2018..........SUNRISE   528 AM EDT   SUNSET   819 PM EDT


-  INDICATES NEGATIVE NUMBERS.
R  INDICATES RECORD WAS SET OR TIED.
MM INDICATES DATA IS MISSING.
T  INDICATES TRACE AMOUNT.




$$
