000
CDUS41 KBOX 222205
CLIORH


CLIMATE REPORT
NATIONAL WEATHER SERVICE BOSTON/NORTON MA
555 PM EDT MON OCT 22 2018


...................................

...THE WORCESTER MA CLIMATE SUMMARY FOR OCTOBER 22 2018...
VALID TODAY AS OF 0500 PM LOCAL TIME.

CLIMATE NORMAL PERIOD 1981 TO 2010
CLIMATE RECORD PERIOD 1892 TO 2018


WEATHER ITEM   OBSERVED TIME   RECORD YEAR NORMAL DEPARTURE LAST
                VALUE   (LST)  VALUE       VALUE  FROM      YEAR
                                                  NORMAL
..................................................................
TEMPERATURE (F)
 TODAY
  MAXIMUM         45    202 PM  82    1979  56    -11       78
  MINIMUM         24    454 AM  19    1940  40    -16       51
  AVERAGE         35                        48    -13       65

PRECIPITATION (IN)
  TODAY            0.00          2.22 1988   0.15  -0.15     0.00
  MONTH TO DATE    3.06                      3.40  -0.34     0.72
  SINCE SEP 1     10.31                      7.33   2.98     3.23
  SINCE JAN 1     46.69                     38.69   8.00    32.52

SNOWFALL (IN)
  TODAY            0.0           T    2003   0.0    0.0      0.0
                                      1969
  MONTH TO DATE    0.0                       0.1   -0.1      0.0
  SINCE SEP 1      0.0                       0.1   -0.1      0.0
  SINCE JUL 1      0.0                       0.1   -0.1      0.0
  SNOW DEPTH      MM

DEGREE DAYS
 HEATING
  TODAY           30                        17     13        0
  MONTH TO DATE  290                       301    -11      135
  SINCE SEP 1    409                       455    -46      231
  SINCE JUL 1    409                       494    -85      279

 COOLING
  TODAY            0                         0      0        0
  MONTH TO DATE    7                         0      7       16
  SINCE SEP 1     95                        42     53      100
  SINCE JAN 1    689                       468    221      531
..................................................................


WIND (MPH)
  HIGHEST WIND SPEED    18   HIGHEST WIND DIRECTION     W (280)
  HIGHEST GUST SPEED    24   HIGHEST GUST DIRECTION     W (280)
  AVERAGE WIND SPEED     9.0


SKY COVER
  POSSIBLE SUNSHINE  MM
  AVERAGE SKY COVER 0.3


WEATHER CONDITIONS
 THE FOLLOWING WEATHER WAS RECORDED TODAY.
  NO SIGNIFICANT WEATHER WAS OBSERVED.


RELATIVE HUMIDITY (PERCENT)
 HIGHEST    88           500 AM
 LOWEST     49          1100 AM
 AVERAGE    69

..........................................................


THE WORCESTER MA CLIMATE NORMALS FOR TOMORROW
                         NORMAL    RECORD    YEAR
 MAXIMUM TEMPERATURE (F)   56        82      1947
 MINIMUM TEMPERATURE (F)   39        22      1969


SUNRISE AND SUNSET
OCTOBER 22 2018.......SUNRISE   708 AM EDT   SUNSET   555 PM EDT
OCTOBER 23 2018.......SUNRISE   710 AM EDT   SUNSET   553 PM EDT


-  INDICATES NEGATIVE NUMBERS.
R  INDICATES RECORD WAS SET OR TIED.
MM INDICATES DATA IS MISSING.
T  INDICATES TRACE AMOUNT.




$$
