000
CDUS41 KBOX 292150
CLIORH


CLIMATE REPORT
NATIONAL WEATHER SERVICE BOSTON/NORTON MA
540 PM EDT FRI MAY 29 2020


...................................

...THE WORCESTER MA CLIMATE SUMMARY FOR MAY 29 2020...
VALID AS OF 0500 PM LOCAL TIME.

CLIMATE NORMAL PERIOD 1981 TO 2010
CLIMATE RECORD PERIOD 1892 TO 2020


WEATHER ITEM   OBSERVED TIME   RECORD YEAR NORMAL DEPARTURE LAST
                VALUE   (LST)  VALUE       VALUE  FROM      YEAR
                                                  NORMAL
..................................................................
TEMPERATURE (F)
 TODAY
  MAXIMUM         76    354 PM  91    1931  70      6       54
  MINIMUM         67    555 AM  33    1900  51     16       42
  AVERAGE         72                        60     12       48

PRECIPITATION (IN)
  TODAY            T             2.23 1984   0.15  -0.15      T
  MONTH TO DATE    1.76                      3.89  -2.13     3.49
  SINCE MAR 1     12.05                     12.21  -0.16    14.66
  SINCE JAN 1     17.37                     18.93  -1.56    23.22

SNOWFALL (IN)
  TODAY            0.0           0.0  2002   0.0    0.0      0.0
                                      2001
                                      2000
  MONTH TO DATE    0.7                       0.0    0.7       T
  SINCE MAR 1      9.9                      14.2   -4.3     15.7
  SINCE JUL 1     44.9                      64.1  -19.2     51.5
  SNOW DEPTH      MM

DEGREE DAYS
 HEATING
  TODAY            0                         6     -6       17
  MONTH TO DATE  292                       275     17      325
  SINCE MAR 1   1724                      1785    -61     1856
  SINCE JUL 1   6251                      6622   -371     6759

 COOLING
  TODAY            7                         1      6        0
  MONTH TO DATE   24                        14     10        8
  SINCE MAR 1     24                        17      7        8
  SINCE JAN 1     24                        17      7        8
..................................................................


WIND (MPH)
  HIGHEST WIND SPEED    23   HIGHEST WIND DIRECTION    SW (220)
  HIGHEST GUST SPEED    29   HIGHEST GUST DIRECTION    SW (230)
  AVERAGE WIND SPEED    14.1


SKY COVER
  POSSIBLE SUNSHINE  MM
  AVERAGE SKY COVER 1.0


WEATHER CONDITIONS
 THE FOLLOWING WEATHER WAS RECORDED TODAY.
  FOG
  FOG W/VISIBILITY <= 1/4 MILE


RELATIVE HUMIDITY (PERCENT)
 HIGHEST   100          1200 AM
 LOWEST     74           300 PM
 AVERAGE    87

..........................................................


THE WORCESTER MA CLIMATE NORMALS FOR TOMORROW
                         NORMAL    RECORD    YEAR
 MAXIMUM TEMPERATURE (F)   70        91      1929
 MINIMUM TEMPERATURE (F)   51        36      1961
                                             1946
                                             1940


SUNRISE AND SUNSET
MAY 29 2020...........SUNRISE   515 AM EDT   SUNSET   815 PM EDT
MAY 30 2020...........SUNRISE   514 AM EDT   SUNSET   816 PM EDT


-  INDICATES NEGATIVE NUMBERS.
R  INDICATES RECORD WAS SET OR TIED.
MM INDICATES DATA IS MISSING.
T  INDICATES TRACE AMOUNT.




$$
