000
CDUS41 KBOX 222151
CLIORH


CLIMATE REPORT
NATIONAL WEATHER SERVICE BOSTON/NORTON MA
541 PM EDT THU OCT 22 2020


...................................

...THE WORCESTER MA CLIMATE SUMMARY FOR OCTOBER 22 2020...
VALID TODAY AS OF 0500 PM LOCAL TIME.

CLIMATE NORMAL PERIOD 1981 TO 2010
CLIMATE RECORD PERIOD 1892 TO 2020


WEATHER ITEM   OBSERVED TIME   RECORD YEAR NORMAL DEPARTURE LAST
                VALUE   (LST)  VALUE       VALUE  FROM      YEAR
                                                  NORMAL
..................................................................
TEMPERATURE (F)
 TODAY
  MAXIMUM         75    251 PM  82    1979  56     19       52
  MINIMUM         59    652 AM  19    1940  40     19       45
  AVERAGE         67                        48     19       49

PRECIPITATION (IN)
  TODAY            0.00          2.22 1988   0.15  -0.15     0.16
  MONTH TO DATE    3.95                      3.40   0.55     4.82
  SINCE SEP 1      6.30                      7.33  -1.03     7.01
  SINCE JAN 1     32.16                     38.69  -6.53    42.24

SNOWFALL (IN)
  TODAY            0.0           T    2003   0.0    0.0      0.0
                                      1969
  MONTH TO DATE    0.0                       0.1   -0.1      0.0
  SINCE SEP 1      0.0                       0.1   -0.1      0.0
  SINCE JUL 1      0.0                       0.1   -0.1      0.0
  SNOW DEPTH      MM

DEGREE DAYS
 HEATING
  TODAY            0                        17    -17       16
  MONTH TO DATE  223                       301    -78      280
  SINCE SEP 1    331                       455   -124      406
  SINCE JUL 1    342                       494   -152      420

 COOLING
  TODAY            2                         0      2        0
  MONTH TO DATE    2                         0      2        0
  SINCE SEP 1     60                        42     18       34
  SINCE JAN 1    777                       468    309      545
..................................................................


WIND (MPH)
  HIGHEST WIND SPEED    17   HIGHEST WIND DIRECTION     W (250)
  HIGHEST GUST SPEED    22   HIGHEST GUST DIRECTION     W (250)
  AVERAGE WIND SPEED     6.6


SKY COVER
  POSSIBLE SUNSHINE  MM
  AVERAGE SKY COVER 0.4


WEATHER CONDITIONS
 THE FOLLOWING WEATHER WAS RECORDED TODAY.
  NO SIGNIFICANT WEATHER WAS OBSERVED.


RELATIVE HUMIDITY (PERCENT)
 HIGHEST    97           300 AM
 LOWEST     53           200 PM
 AVERAGE    75

..........................................................


THE WORCESTER MA CLIMATE NORMALS FOR TOMORROW
                         NORMAL    RECORD    YEAR
 MAXIMUM TEMPERATURE (F)   56        82      1947
 MINIMUM TEMPERATURE (F)   39        22      1969


SUNRISE AND SUNSET
OCTOBER 22 2020.......SUNRISE   709 AM EDT   SUNSET   554 PM EDT
OCTOBER 23 2020.......SUNRISE   710 AM EDT   SUNSET   553 PM EDT


-  INDICATES NEGATIVE NUMBERS.
R  INDICATES RECORD WAS SET OR TIED.
MM INDICATES DATA IS MISSING.
T  INDICATES TRACE AMOUNT.




$$
