000
CDUS46 KMFR 220919
CLIOTH


CLIMATE REPORT
NATIONAL WEATHER SERVICE MEDFORD, OR
119 AM PST THU FEB 22 2018


...................................

...THE NORTH BEND OR CLIMATE SUMMARY FOR FEBRUARY 21 2018...

CLIMATE NORMAL PERIOD 1981 TO 2010
CLIMATE RECORD PERIOD 1902 TO 2018


WEATHER ITEM   OBSERVED TIME   RECORD YEAR NORMAL DEPARTURE LAST
                VALUE   (LST)  VALUE       VALUE  FROM      YEAR
                                                  NORMAL
..................................................................
TEMPERATURE (F)
 YESTERDAY
  MAXIMUM         44        MM  73    1973  53     -9       48
  MINIMUM         34        MM  25    1920  40     -6       45
  AVERAGE         39                        47     -8       47

PRECIPITATION (IN)
  YESTERDAY        0.06          3.13 1948   0.27  -0.21     1.36
  MONTH TO DATE    2.10                      5.67  -3.57    13.00
  SINCE OCT 1     28.83                     41.95 -13.12    56.03
  SINCE JAN 1      9.93                     15.86  -5.93    21.88

SNOWFALL (IN)
  YESTERDAY       MM
  SNOW DEPTH      MM

DEGREE DAYS
 HEATING
  YESTERDAY       26                        18      8       18
  MONTH TO DATE  388                       395     -7      318
  SINCE DEC 1   1367                      1598   -231     1620
  SINCE JUL 1   2522                      3050   -528     2616

 COOLING
  YESTERDAY        0                         0      0        0
  MONTH TO DATE    0                         0      0        0
  SINCE DEC 1      0                         0      0        0
  SINCE JAN 1      0                         0      0        0
..................................................................


WIND (MPH)
  HIGHEST WIND SPEED    10   HIGHEST WIND DIRECTION     N (340)
  HIGHEST GUST SPEED    MM   HIGHEST GUST DIRECTION    MM
  AVERAGE WIND SPEED     6.5


SKY COVER
  POSSIBLE SUNSHINE  MM
  AVERAGE SKY COVER 0.7


WEATHER CONDITIONS
 THE FOLLOWING WEATHER WAS RECORDED YESTERDAY.
  RAIN
  LIGHT RAIN


RELATIVE HUMIDITY (PERCENT)
 HIGHEST   100           700 AM
 LOWEST     62           400 PM

..........................................................


THE NORTH BEND OR CLIMATE NORMALS FOR TODAY
                         NORMAL    RECORD    YEAR
 MAXIMUM TEMPERATURE (F)   53        68      2005
 MINIMUM TEMPERATURE (F)   40        22      1913


SUNRISE AND SUNSET
FEBRUARY 22 2018......SUNRISE   704 AM PST   SUNSET   557 PM PST
FEBRUARY 23 2018......SUNRISE   703 AM PST   SUNSET   558 PM PST


-  INDICATES NEGATIVE NUMBERS.
R  INDICATES RECORD WAS SET OR TIED.
MM INDICATES DATA IS MISSING.
T  INDICATES TRACE AMOUNT.




$$
