000
CDUS46 KMFR 210843
CLIOTH


CLIMATE REPORT
NATIONAL WEATHER SERVICE MEDFORD, OR
141 AM PDT MON OCT 21 2019


...................................

...THE NORTH BEND OR CLIMATE SUMMARY FOR OCTOBER 20 2019...

CLIMATE NORMAL PERIOD 1981 TO 2010
CLIMATE RECORD PERIOD 1902 TO 2019


WEATHER ITEM   OBSERVED TIME   RECORD YEAR NORMAL DEPARTURE LAST
                VALUE   (LST)  VALUE       VALUE  FROM      YEAR
                                                  NORMAL
..................................................................
TEMPERATURE (F)
 YESTERDAY
  MAXIMUM         61        MM  91    1925  60      1       62
  MINIMUM         51        MM  32    1949  46      5       43
  AVERAGE         56                        53      3       53

PRECIPITATION (IN)
  YESTERDAY        T             2.04 1985   0.17  -0.17    MM
  MONTH TO DATE    2.17                      2.43  -0.26     0.98
  SINCE OCT 1      2.17                      2.43  -0.26     0.98
  SINCE JAN 1     45.10                     41.25   3.85    27.90

SNOWFALL (IN)
  YESTERDAY       MM
  SNOW DEPTH      MM

DEGREE DAYS
 HEATING
  YESTERDAY        9                        12     -3       12
  MONTH TO DATE  214                       218     -4      159
  SINCE SEP 1    319                       447   -128      358
  SINCE JUL 1    454                       826   -372      651

 COOLING
  YESTERDAY        0                         0      0        0
  MONTH TO DATE    0                         0      0        0
  SINCE SEP 1      2                         1      1        0
  SINCE JAN 1     16                         2     14        0
..................................................................


WIND (MPH)
  HIGHEST WIND SPEED    17   HIGHEST WIND DIRECTION    SW (210)
  HIGHEST GUST SPEED    25   HIGHEST GUST DIRECTION    SW (210)
  AVERAGE WIND SPEED     9.0


SKY COVER
  POSSIBLE SUNSHINE  MM
  AVERAGE SKY COVER 0.9


WEATHER CONDITIONS
 THE FOLLOWING WEATHER WAS RECORDED YESTERDAY.
  LIGHT RAIN
  FOG


RELATIVE HUMIDITY (PERCENT)
 HIGHEST    96           100 AM
 LOWEST     72          1000 AM

..........................................................


THE NORTH BEND OR CLIMATE NORMALS FOR TODAY
                         NORMAL    RECORD    YEAR
 MAXIMUM TEMPERATURE (F)   60        80      1998
 MINIMUM TEMPERATURE (F)   46        30      1928


SUNRISE AND SUNSET
OCTOBER 21 2019.......SUNRISE   738 AM PDT   SUNSET   624 PM PDT
OCTOBER 22 2019.......SUNRISE   739 AM PDT   SUNSET   623 PM PDT


-  INDICATES NEGATIVE NUMBERS.
R  INDICATES RECORD WAS SET OR TIED.
MM INDICATES DATA IS MISSING.
T  INDICATES TRACE AMOUNT.




$$
