000
CDUS46 KMFR 190843
CLIOTH


CLIMATE REPORT
NATIONAL WEATHER SERVICE MEDFORD, OR
1243 AM PST SAT JAN 19 2019


...................................

...THE NORTH BEND OR CLIMATE SUMMARY FOR JANUARY 18 2019...

CLIMATE NORMAL PERIOD 1981 TO 2010
CLIMATE RECORD PERIOD 1902 TO 2019


WEATHER ITEM   OBSERVED TIME   RECORD YEAR NORMAL DEPARTURE LAST
                VALUE   (LST)  VALUE       VALUE  FROM      YEAR
                                                  NORMAL
..................................................................
TEMPERATURE (F)
 YESTERDAY
  MAXIMUM         58        MM  69    1992  52      6       53
  MINIMUM         44        MM  19    1943  40      4       43
  AVERAGE         51                        46      5       48

PRECIPITATION (IN)
  YESTERDAY        1.11          2.08 1953   0.34   0.77     0.85
  MONTH TO DATE    4.25                      6.28  -2.03     1.88
  SINCE OCT 1     22.76                     32.37  -9.61    20.78
  SINCE JAN 1      4.25                      6.28  -2.03     1.88

SNOWFALL (IN)
  YESTERDAY       MM
  SNOW DEPTH      MM

DEGREE DAYS
 HEATING
  YESTERDAY       14                        19     -5       17
  MONTH TO DATE  293                       344    -51      260
  SINCE DEC 1    803                       953   -150      785
  SINCE JUL 1   1966                      2405   -439     1940

 COOLING
  YESTERDAY        0                         0      0        0
  MONTH TO DATE    0                         0      0        0
  SINCE DEC 1      0                         0      0        0
  SINCE JAN 1      0                         0      0        0
..................................................................


WIND (MPH)
  HIGHEST WIND SPEED    21   HIGHEST WIND DIRECTION    SW (210)
  HIGHEST GUST SPEED    38   HIGHEST GUST DIRECTION     S (190)
  AVERAGE WIND SPEED    11.3


SKY COVER
  POSSIBLE SUNSHINE   0 PERCENT
  AVERAGE SKY COVER 0.0


WEATHER CONDITIONS
 THE FOLLOWING WEATHER WAS RECORDED YESTERDAY.
  NO SIGNIFICANT WEATHER WAS OBSERVED.


RELATIVE HUMIDITY (PERCENT)
 HIGHEST     0          1200 AM
 LOWEST      0          1200 AM

..........................................................


THE NORTH BEND OR CLIMATE NORMALS FOR TODAY
                         NORMAL    RECORD    YEAR
 MAXIMUM TEMPERATURE (F)   52        67      1977
 MINIMUM TEMPERATURE (F)   40        19      1922


SUNRISE AND SUNSET
JANUARY 19 2019.......SUNRISE   744 AM PST   SUNSET   511 PM PST
JANUARY 20 2019.......SUNRISE   744 AM PST   SUNSET   513 PM PST


-  INDICATES NEGATIVE NUMBERS.
R  INDICATES RECORD WAS SET OR TIED.
MM INDICATES DATA IS MISSING.
T  INDICATES TRACE AMOUNT.




$$
