000
CDUS46 KMFR 180055
CLIOTH


CLIMATE REPORT
NATIONAL WEATHER SERVICE MEDFORD, OR
555 PM PDT TUE JUL 17 2018


...................................

...THE NORTH BEND OR CLIMATE SUMMARY FOR JULY 17 2018...
VALID TODAY AS OF 0500 PM LOCAL TIME.

CLIMATE NORMAL PERIOD 1981 TO 2010
CLIMATE RECORD PERIOD 1902 TO 2018


WEATHER ITEM   OBSERVED TIME   RECORD YEAR NORMAL DEPARTURE LAST
                VALUE   (LST)  VALUE       VALUE  FROM      YEAR
                                                  NORMAL
..................................................................
TEMPERATURE (F)
 TODAY
  MAXIMUM         67        MM  76    1920  65      2       65
  MINIMUM         57        MM  43    1909  53      4       51
  AVERAGE         62                        59      3       58

PRECIPITATION (IN)
  TODAY            0.00          0.35 1996   0.02  -0.02     0.00
  MONTH TO DATE    T                         0.34  -0.34     0.04
  SINCE OCT 1     45.31                     62.55 -17.24    81.19
  SINCE JAN 1     26.41                     36.46 -10.05    47.04

SNOWFALL (IN)
  TODAY           MM                         0.0   MM       MM
  MONTH TO DATE   MM                         0.0   MM       MM
  SINCE JUL 1     MM                         0.0   MM       MM
  SNOW DEPTH      MM

DEGREE DAYS
 HEATING
  TODAY            3                         6     -3        7
  MONTH TO DATE   82                       113    -31      101
  SINCE JUN 1    288                       380    -92      297
  SINCE JUL 1     82                       113    -31      101

 COOLING
  TODAY            0                         0      0        0
  MONTH TO DATE    0                         0      0        0
  SINCE JUN 1      0                         0      0        0
  SINCE JAN 1      0                         0      0        0
..................................................................


WIND (MPH)
  HIGHEST WIND SPEED    18   HIGHEST WIND DIRECTION     N (350)
  HIGHEST GUST SPEED    23   HIGHEST GUST DIRECTION     N (340)
  AVERAGE WIND SPEED    10.7


SKY COVER
  POSSIBLE SUNSHINE  MM
  AVERAGE SKY COVER 0.8


WEATHER CONDITIONS
 THE FOLLOWING WEATHER WAS RECORDED TODAY.
  FOG


RELATIVE HUMIDITY (PERCENT)
 HIGHEST    93           400 AM
 LOWEST     68           100 PM

..........................................................


THE NORTH BEND OR CLIMATE NORMALS FOR TOMORROW
                         NORMAL    RECORD    YEAR
 MAXIMUM TEMPERATURE (F)   65        84      1902
                                             1956
 MINIMUM TEMPERATURE (F)   53        41      1909


SUNRISE AND SUNSET
JULY 17 2018..........SUNRISE   552 AM PDT   SUNSET   854 PM PDT
JULY 18 2018..........SUNRISE   553 AM PDT   SUNSET   853 PM PDT


-  INDICATES NEGATIVE NUMBERS.
R  INDICATES RECORD WAS SET OR TIED.
MM INDICATES DATA IS MISSING.
T  INDICATES TRACE AMOUNT.




$$
