000
CDUS46 KMFR 280836
CLIOTH


CLIMATE REPORT
NATIONAL WEATHER SERVICE MEDFORD, OR
136 AM PDT WED OCT 28 2020


...................................

...THE NORTH BEND OR CLIMATE SUMMARY FOR OCTOBER 27 2020...

CLIMATE NORMAL PERIOD 1981 TO 2010
CLIMATE RECORD PERIOD 1902 TO 2020


WEATHER ITEM   OBSERVED TIME   RECORD YEAR NORMAL DEPARTURE LAST
                VALUE   (LST)  VALUE       VALUE  FROM      YEAR
                                                  NORMAL
..................................................................
TEMPERATURE (F)
 YESTERDAY
  MAXIMUM         61        MM  78    1910  59      2       60
  MINIMUM         37        MM  28    1919  45     -8       39
  AVERAGE         49                        52     -3       50

PRECIPITATION (IN)
  YESTERDAY        0.00          2.22 1981   0.21  -0.21     0.00
  MONTH TO DATE    1.57                      3.79  -2.22     2.43
  SINCE OCT 1      1.57                      3.79  -2.22     2.43
  SINCE JAN 1     26.72                     42.61 -15.89    45.36

SNOWFALL (IN)
  YESTERDAY       MM
  SNOW DEPTH      MM

DEGREE DAYS
 HEATING
  YESTERDAY       16                        13      3       15
  MONTH TO DATE  241                       306    -65      293
  SINCE SEP 1    362                       535   -173      398
  SINCE JUL 1    647                       914   -267      533

 COOLING
  YESTERDAY        0                         0      0        0
  MONTH TO DATE    0                         0      0        0
  SINCE SEP 1     34                         1     33        2
  SINCE JAN 1     42                         2     40       16
..................................................................


WIND (MPH)
  HIGHEST WIND SPEED    21   HIGHEST WIND DIRECTION     N (350)
  HIGHEST GUST SPEED    MM   HIGHEST GUST DIRECTION    MM
  AVERAGE WIND SPEED     7.4


SKY COVER
  POSSIBLE SUNSHINE   0 PERCENT
  AVERAGE SKY COVER 0.0


WEATHER CONDITIONS
 THE FOLLOWING WEATHER WAS RECORDED YESTERDAY.
  NO SIGNIFICANT WEATHER WAS OBSERVED.


RELATIVE HUMIDITY (PERCENT)
 HIGHEST     0          1200 AM
 LOWEST      0          1200 AM

..........................................................


THE NORTH BEND OR CLIMATE NORMALS FOR TODAY
                         NORMAL    RECORD    YEAR
 MAXIMUM TEMPERATURE (F)   59        78      1944
 MINIMUM TEMPERATURE (F)   45        29      1971


SUNRISE AND SUNSET
OCTOBER 28 2020.......SUNRISE   748 AM PDT   SUNSET   613 PM PDT
OCTOBER 29 2020.......SUNRISE   749 AM PDT   SUNSET   611 PM PDT


-  INDICATES NEGATIVE NUMBERS.
R  INDICATES RECORD WAS SET OR TIED.
MM INDICATES DATA IS MISSING.
T  INDICATES TRACE AMOUNT.




$$
