000
CDUS46 KMFR 180839
CLIOTH


CLIMATE REPORT
NATIONAL WEATHER SERVICE MEDFORD, OR
139 AM PDT THU OCT 18 2018


...................................

...THE NORTH BEND OR CLIMATE SUMMARY FOR OCTOBER 17 2018...

CLIMATE NORMAL PERIOD 1981 TO 2010
CLIMATE RECORD PERIOD 1902 TO 2018


WEATHER ITEM   OBSERVED TIME   RECORD YEAR NORMAL DEPARTURE LAST
                VALUE   (LST)  VALUE       VALUE  FROM      YEAR
                                                  NORMAL
..................................................................
TEMPERATURE (F)
 YESTERDAY
  MAXIMUM         59        MM  88    1936  61     -2       65
  MINIMUM         41        MM  34    1971  46     -5       47
  AVERAGE         50                        53     -3       56

PRECIPITATION (IN)
  YESTERDAY       MM             1.76 1920   0.16  MM        0.00
  MONTH TO DATE    0.98                      1.93  -0.95     0.80
  SINCE OCT 1      0.98                      1.93  -0.95     0.80
  SINCE JAN 1     27.90                     40.75 -12.85    49.15

SNOWFALL (IN)
  YESTERDAY       MM
  SNOW DEPTH      MM

DEGREE DAYS
 HEATING
  YESTERDAY       15                        12      3        9
  MONTH TO DATE  119                       182    -63      184
  SINCE SEP 1    318                       411    -93      334
  SINCE JUL 1    611                       790   -179      641

 COOLING
  YESTERDAY        0                         0      0        0
  MONTH TO DATE    0                         0      0        0
  SINCE SEP 1      0                         1     -1        6
  SINCE JAN 1      0                         2     -2        9
..................................................................


WIND (MPH)
  HIGHEST WIND SPEED    12   HIGHEST WIND DIRECTION     W (270)
  HIGHEST GUST SPEED    MM   HIGHEST GUST DIRECTION    MM
  AVERAGE WIND SPEED     5.6


SKY COVER
  POSSIBLE SUNSHINE  MM
  AVERAGE SKY COVER 0.9


WEATHER CONDITIONS
 THE FOLLOWING WEATHER WAS RECORDED YESTERDAY.
  LIGHT RAIN
  FOG


RELATIVE HUMIDITY (PERCENT)
 HIGHEST   100           500 PM
 LOWEST     83          1200 PM

..........................................................


THE NORTH BEND OR CLIMATE NORMALS FOR TODAY
                         NORMAL    RECORD    YEAR
 MAXIMUM TEMPERATURE (F)   61        85      1964
 MINIMUM TEMPERATURE (F)   46        31      1908


SUNRISE AND SUNSET
OCTOBER 18 2018.......SUNRISE   735 AM PDT   SUNSET   629 PM PDT
OCTOBER 19 2018.......SUNRISE   736 AM PDT   SUNSET   627 PM PDT


-  INDICATES NEGATIVE NUMBERS.
R  INDICATES RECORD WAS SET OR TIED.
MM INDICATES DATA IS MISSING.
T  INDICATES TRACE AMOUNT.




$$
