000
CDUS43 KDMX 230640
CLIOTM

CLIMATE REPORT
NATIONAL WEATHER SERVICE DES MOINES IA
1235 AM CST WED JAN 23 2019

...................................

...THE OTTUMWA IA CLIMATE SUMMARY FOR JANUARY 22 2019...

CLIMATE NORMAL PERIOD 1981 TO 2010
CLIMATE RECORD PERIOD 1920 TO 2019


WEATHER ITEM   OBSERVED TIME   RECORD YEAR NORMAL DEPARTURE LAST
                VALUE   (LST)  VALUE       VALUE  FROM      YEAR
                                                  NORMAL
..................................................................
TEMPERATURE (F)
 YESTERDAY
  MAXIMUM         32    246 PM  63    2002  32      0       54
                                      1967
  MINIMUM         18   1210 AM -36    1930  13      5       35
  AVERAGE         25                        22      3       45

PRECIPITATION (IN)
  YESTERDAY        T             0.49 1965   0.03  -0.03     0.01
  MONTH TO DATE    1.48                      0.66   0.82     0.32
  SINCE DEC 1      3.81                      2.03   1.78     1.02
  SINCE JAN 1      1.48                      0.66   0.82     0.32

DEGREE DAYS
 HEATING
  YESTERDAY       40                        43     -3       20
  MONTH TO DATE  812                       940   -128     1008
  SINCE DEC 1   1838                      2147   -309     2203
  SINCE JUL 1   3341                      3445   -104     3330

 COOLING
  YESTERDAY        0                         0      0        0
  MONTH TO DATE    0                         0      0        0
  SINCE DEC 1      0                         0      0        0
  SINCE JAN 1      0                         0      0        0
..................................................................


WIND (MPH)
  HIGHEST WIND SPEED    22   HIGHEST WIND DIRECTION     N (340)
  HIGHEST GUST SPEED    33   HIGHEST GUST DIRECTION     S (160)
  AVERAGE WIND SPEED    12.6


SKY COVER
  POSSIBLE SUNSHINE  MM
  AVERAGE SKY COVER 0.9


WEATHER CONDITIONS
 THE FOLLOWING WEATHER WAS RECORDED YESTERDAY.
  LT FREEZING RAIN
  LIGHT SNOW
  FOG
  HAZE


RELATIVE HUMIDITY (PERCENT)
 HIGHEST   100           200 PM
 LOWEST     68           400 AM
 AVERAGE    84

..........................................................


THE OTTUMWA IA CLIMATE NORMALS FOR TODAY
                         NORMAL    RECORD    YEAR
 MAXIMUM TEMPERATURE (F)   32        64      1942
 MINIMUM TEMPERATURE (F)   13       -21      1963


SUNRISE AND SUNSET
JANUARY 23 2019.......SUNRISE   728 AM CST   SUNSET   515 PM CST
JANUARY 24 2019.......SUNRISE   728 AM CST   SUNSET   517 PM CST


-  INDICATES NEGATIVE NUMBERS.
R  INDICATES RECORD WAS SET OR TIED.
MM INDICATES DATA IS MISSING.
T  INDICATES TRACE AMOUNT.

$$

REV
