000
CDUS43 KDMX 150635
CLIOTM

CLIMATE REPORT
NATIONAL WEATHER SERVICE DES MOINES IA
130 AM CDT MON OCT 15 2018

...................................

...THE OTTUMWA IA CLIMATE SUMMARY FOR OCTOBER 14 2018...

CLIMATE NORMAL PERIOD 1981 TO 2010
CLIMATE RECORD PERIOD 1920 TO 2018


WEATHER ITEM   OBSERVED TIME   RECORD YEAR NORMAL DEPARTURE LAST
                VALUE   (LST)  VALUE       VALUE  FROM      YEAR
                                                  NORMAL
..................................................................
TEMPERATURE (F)
 YESTERDAY
  MAXIMUM         51   1214 PM  91    1938  64    -13       71
  MINIMUM         34   1159 PM  20    1937  42     -8       58
  AVERAGE         43                        53    -10       65

PRECIPITATION (IN)
  YESTERDAY        0.04          1.57 2012   0.08  -0.04     1.20
  MONTH TO DATE    5.01                      1.30   3.71     3.65
  SINCE SEP 1     10.07                      5.09   4.98     7.32
  SINCE JAN 1     32.53                     31.79   0.74    23.16

DEGREE DAYS
 HEATING
  YESTERDAY       22                        12     10        0
  MONTH TO DATE  130                       142    -12       54
  SINCE SEP 1    214                       252    -38       91
  SINCE JUL 1    214                       263    -49       91

 COOLING
  YESTERDAY        0                         0      0        0
  MONTH TO DATE   21                         9     12       23
  SINCE SEP 1    187                       102     85      192
  SINCE JAN 1   1309                       936    373     1117
..................................................................


WIND (MPH)
  HIGHEST WIND SPEED    23   HIGHEST WIND DIRECTION     N (340)
  HIGHEST GUST SPEED    29   HIGHEST GUST DIRECTION     N (350)
  AVERAGE WIND SPEED    10.1


SKY COVER
  POSSIBLE SUNSHINE  MM
  AVERAGE SKY COVER 0.8


WEATHER CONDITIONS
 THE FOLLOWING WEATHER WAS RECORDED YESTERDAY.
  LIGHT RAIN
  LIGHT SNOW
  FOG


RELATIVE HUMIDITY (PERCENT)
 HIGHEST   100           200 AM
 LOWEST     80          1100 AM
 AVERAGE    90

..........................................................


THE OTTUMWA IA CLIMATE NORMALS FOR TODAY
                         NORMAL    RECORD    YEAR
 MAXIMUM TEMPERATURE (F)   64        90      1938
 MINIMUM TEMPERATURE (F)   42        21      1937


SUNRISE AND SUNSET
OCTOBER 15 2018.......SUNRISE   721 AM CDT   SUNSET   629 PM CDT
OCTOBER 16 2018.......SUNRISE   722 AM CDT   SUNSET   627 PM CDT


-  INDICATES NEGATIVE NUMBERS.
R  INDICATES RECORD WAS SET OR TIED.
MM INDICATES DATA IS MISSING.
T  INDICATES TRACE AMOUNT.

$$

ANSORGE
