000
CDUS43 KDMX 310659 RRA
CLIOTM

CLIMATE REPORT
NATIONAL WEATHER SERVICE DES MOINES IA
157 AM CDT SAT OCT 31 2020


...................................

...THE OTTUMWA IA CLIMATE SUMMARY FOR OCTOBER 30 2020...

CLIMATE NORMAL PERIOD 1981 TO 2010
CLIMATE RECORD PERIOD 1920 TO 2020


WEATHER ITEM   OBSERVED TIME   RECORD YEAR NORMAL DEPARTURE LAST
                VALUE   (LST)  VALUE       VALUE  FROM      YEAR
                                                  NORMAL
..................................................................
TEMPERATURE (F)
 YESTERDAY
  MAXIMUM         50    343 PM  86    1950  58     -8       35
  MINIMUM         24    632 AM   5    1925  37    -13       28
  AVERAGE         37                        47    -10       32

PRECIPITATION (IN)
  YESTERDAY        0.00          2.28 2013   0.09  -0.09     0.20
  MONTH TO DATE    2.11                      2.74  -0.63     2.49
  SINCE SEP 1      6.51                      6.53  -0.02     9.03
  SINCE JAN 1     33.11                     33.23  -0.12    38.69

DEGREE DAYS
 HEATING
  YESTERDAY       28                        18     10       33
  MONTH TO DATE  506                       384    122      503
  SINCE SEP 1    616                       494    122      516
  SINCE JUL 1    622                       505    117      519

 COOLING
  YESTERDAY        0                         0      0        0
  MONTH TO DATE   15                         9      6       16
  SINCE SEP 1     74                       102    -28      225
  SINCE JAN 1    960                       936     24     1095
..................................................................


WIND (MPH)
  HIGHEST WIND SPEED    13   HIGHEST WIND DIRECTION    SE (120)
  HIGHEST GUST SPEED    16   HIGHEST GUST DIRECTION     E (100)
  AVERAGE WIND SPEED     6.1


SKY COVER
  POSSIBLE SUNSHINE  MM
  AVERAGE SKY COVER 0.2


WEATHER CONDITIONS
 THE FOLLOWING WEATHER WAS RECORDED YESTERDAY.
  NO SIGNIFICANT WEATHER WAS OBSERVED.


RELATIVE HUMIDITY (PERCENT)
 HIGHEST    92           400 AM
 LOWEST     46           200 PM
 AVERAGE    69

..........................................................


THE OTTUMWA IA CLIMATE NORMALS FOR TODAY
                         NORMAL    RECORD    YEAR
 MAXIMUM TEMPERATURE (F)   57        85      1950
 MINIMUM TEMPERATURE (F)   37        16      1925


SUNRISE AND SUNSET
OCTOBER 31 2020.......SUNRISE   740 AM CDT   SUNSET   606 PM CDT
NOVEMBER  1 2020......SUNRISE   641 AM CST   SUNSET   505 PM CST


-  INDICATES NEGATIVE NUMBERS.
R  INDICATES RECORD WAS SET OR TIED.
MM INDICATES DATA IS MISSING.
T  INDICATES TRACE AMOUNT.




$$
