000
CDUS43 KDMX 180642 RRB
CLIOTM

CLIMATE REPORT
NATIONAL WEATHER SERVICE DES MOINES IA
137 AM CDT FRI OCT 18 2019

...................................

...THE OTTUMWA IA CLIMATE SUMMARY FOR OCTOBER 17 2019...

CLIMATE NORMAL PERIOD 1981 TO 2010
CLIMATE RECORD PERIOD 1920 TO 2019


WEATHER ITEM   OBSERVED TIME   RECORD YEAR NORMAL DEPARTURE LAST
                VALUE   (LST)  VALUE       VALUE  FROM      YEAR
                                                  NORMAL
..................................................................
TEMPERATURE (F)
 YESTERDAY
  MAXIMUM         61    328 PM  89    2016  63     -2       56
  MINIMUM         31    627 AM  23    1943  41    -10       34
  AVERAGE         46                        52     -6       45

PRECIPITATION (IN)
  YESTERDAY        0.00          2.26 1998   0.08  -0.08     0.00
  MONTH TO DATE    1.84                      1.56   0.28     5.01
  SINCE SEP 1      8.38                      5.35   3.03    10.07
  SINCE JAN 1     38.04                     32.05   5.99    32.53

DEGREE DAYS
 HEATING
  YESTERDAY       19                        13      6       20
  MONTH TO DATE  221                       181     40      206
  SINCE SEP 1    234                       291    -57      290
  SINCE JUL 1    237                       302    -65      290

 COOLING
  YESTERDAY        0                         0      0        0
  MONTH TO DATE   16                         9      7       21
  SINCE SEP 1    225                       102    123      187
  SINCE JAN 1   1095                       936    159     1309
..................................................................


WIND (MPH)
  HIGHEST WIND SPEED    12   HIGHEST WIND DIRECTION    SE (140)
  HIGHEST GUST SPEED    19   HIGHEST GUST DIRECTION     S (160)
  AVERAGE WIND SPEED     5.8


SKY COVER
  POSSIBLE SUNSHINE  MM
  AVERAGE SKY COVER 0.0


WEATHER CONDITIONS
 THE FOLLOWING WEATHER WAS RECORDED YESTERDAY.
  FOG


RELATIVE HUMIDITY (PERCENT)
 HIGHEST   100           200 AM
 LOWEST     49           200 PM
 AVERAGE    75

..........................................................


THE OTTUMWA IA CLIMATE NORMALS FOR TODAY
                         NORMAL    RECORD    YEAR
 MAXIMUM TEMPERATURE (F)   63        87      1950
 MINIMUM TEMPERATURE (F)   41        21      1948


SUNRISE AND SUNSET
OCTOBER 18 2019.......SUNRISE   724 AM CDT   SUNSET   625 PM CDT
OCTOBER 19 2019.......SUNRISE   726 AM CDT   SUNSET   623 PM CDT


-  INDICATES NEGATIVE NUMBERS.
R  INDICATES RECORD WAS SET OR TIED.
MM INDICATES DATA IS MISSING.
T  INDICATES TRACE AMOUNT.




$$
