000
CDUS43 KDMX 170726
CLIOTM

CLIMATE REPORT
NATIONAL WEATHER SERVICE DES MOINES IA
159 AM CDT TUE JUL 17 2018

...................................

...THE OTTUMWA IA CLIMATE SUMMARY FOR JULY 16 2018...

CLIMATE NORMAL PERIOD 1981 TO 2010
CLIMATE RECORD PERIOD 1920 TO 2018

WEATHER ITEM   OBSERVED TIME   RECORD YEAR NORMAL DEPARTURE LAST
                VALUE   (LST)  VALUE       VALUE  FROM      YEAR
                                                  NORMAL
..................................................................
TEMPERATURE (F)
 YESTERDAY
  MAXIMUM         87    218 PM 109    1936  86      1       96
  MINIMUM         70   1159 PM  49    2014  65      5       70
  AVERAGE         79                        75      4       83

PRECIPITATION (IN)
  YESTERDAY        0.00          2.52 1982   0.15  -0.15     0.00
  MONTH TO DATE    1.36                      2.44  -1.08     0.39
  SINCE JUN 1      5.94                      7.53  -1.59     1.36
  SINCE JAN 1     14.73                     20.06  -5.33    13.82

DEGREE DAYS
 HEATING
  YESTERDAY        0                         0      0        0
  MONTH TO DATE    0                         0      0        0
  SINCE JUN 1      0                        21    -21       10
  SINCE JUL 1      0                         0      0        0

 COOLING
  YESTERDAY       14                        10      4       18
  MONTH TO DATE  203                       160     43      210
  SINCE JUN 1    517                       361    156      479
  SINCE JAN 1    704                       425    279      540
..................................................................

WIND (MPH)
  HIGHEST WIND SPEED    15   HIGHEST WIND DIRECTION    NW (330)
  HIGHEST GUST SPEED    21   HIGHEST GUST DIRECTION     N (340)
  AVERAGE WIND SPEED     8.3

SKY COVER
  POSSIBLE SUNSHINE  MM
  AVERAGE SKY COVER 0.2

WEATHER CONDITIONS
 THE FOLLOWING WEATHER WAS RECORDED YESTERDAY.
  FOG

RELATIVE HUMIDITY (PERCENT)
 HIGHEST   100           100 AM
 LOWEST     44           400 PM
 AVERAGE    72
..........................................................

THE OTTUMWA IA CLIMATE NORMALS FOR TODAY
                         NORMAL    RECORD    YEAR
 MAXIMUM TEMPERATURE (F)   86       107      1936
 MINIMUM TEMPERATURE (F)   65        50      1911

SUNRISE AND SUNSET
JULY 17 2018..........SUNRISE   552 AM CDT   SUNSET   839 PM CDT
JULY 18 2018..........SUNRISE   553 AM CDT   SUNSET   839 PM CDT

-  INDICATES NEGATIVE NUMBERS.
R  INDICATES RECORD WAS SET OR TIED.
MM INDICATES DATA IS MISSING.
T  INDICATES TRACE AMOUNT.

$$

FAB
