000
CDAK49 PAFG 250941
CLIOTZ

CLIMATE REPORT
NATIONAL WEATHER SERVICE FAIRBANKS AK
141 AM AKDT TUE SEP 25 2018


...................................

...THE KOTZEBUE AK CLIMATE SUMMARY FOR SEPTEMBER 24 2018...

CLIMATE NORMAL PERIOD 1981 TO 2010
CLIMATE RECORD PERIOD 1920 TO 2018


WEATHER ITEM   OBSERVED TIME   RECORD YEAR NORMAL DEPARTURE LAST
                VALUE   (LST)  VALUE       VALUE  FROM      YEAR
                                                  NORMAL
..................................................................
TEMPERATURE (F)
 YESTERDAY
  MAXIMUM         51    351 PM  56    1995  43      8       45
  MINIMUM         44   1105 AM  15    1992  34     10       34
  AVERAGE         48                        38     10       40

PRECIPITATION (IN)
  YESTERDAY        0.01          1.64 1978   0.05  -0.04     0.00
  MONTH TO DATE    0.36                      1.29  -0.93     1.58
  SINCE SEP 1      0.36                      1.29  -0.93     1.58
  SINCE JAN 1      8.62                      8.17   0.45     8.04

SNOWFALL (IN)
  YESTERDAY       MM             0.8  1956   0.0   MM        0.0
  MONTH TO DATE    0.0                       0.4   -0.4      0.0
  SINCE SEP 1      0.0                       0.4   -0.4      0.0
  SINCE JUL 1      0.0                       0.4   -0.4      0.0
  SNOW DEPTH       0

DEGREE DAYS
 HEATING
  YESTERDAY       17                        27    -10       25
  MONTH TO DATE  359                       508   -149      482
  SINCE SEP 1    359                       508   -149      482
  SINCE JUL 1    905                      1246   -341     1169

 COOLING
  YESTERDAY        0                         0      0        0
  MONTH TO DATE    0                         0      0        0
  SINCE SEP 1      0                         0      0        0
  SINCE JAN 1      4                         5     -1        1
..................................................................


WIND (MPH)
  HIGHEST GUST SPEED    30   HIGHEST GUST DIRECTION     E (80)


SKY COVER
  AVERAGE SKY COVER 0.9


WEATHER CONDITIONS
 THE FOLLOWING WEATHER WAS RECORDED YESTERDAY.
  LIGHT RAIN
  FOG


RELATIVE HUMIDITY (PERCENT)
 HIGHEST    89
 LOWEST     65
 AVERAGE    77

..........................................................


THE KOTZEBUE AK CLIMATE NORMALS FOR TODAY
                         NORMAL    RECORD    YEAR
 MAXIMUM TEMPERATURE (F)   42        54      1984
                                             1929
 MINIMUM TEMPERATURE (F)   34        18      1992


SUNRISE AND SUNSET
SEPTEMBER 25 2018.....SUNRISE   844 AM AKDT  SUNSET   839 PM AKDT
SEPTEMBER 26 2018.....SUNRISE   847 AM AKDT  SUNSET   835 PM AKDT

-  INDICATES NEGATIVE NUMBERS.
R  INDICATES RECORD WAS SET OR TIED.
MM INDICATES DATA IS MISSING.
T  INDICATES TRACE AMOUNT.

&&

SNOW DEPTH IS MEASURED AT 3AM AKST/4AM AKDT.

----------------------------
AVAILABLE DAYLIGHT

AMOUNT OF DAYLIGHT TODAY  (HOUR:MIN)........11:56
GAIN/LOSS SINCE YESTERDAY (HOUR:MIN:SEC)....-0:07:17

$$
SEP 18
