599
CDAK49 PAFG 170041
CLIOTZ

CLIMATE REPORT
NATIONAL WEATHER SERVICE FAIRBANKS AK
441 PM AKDT WED OCT 16 2019


...................................

...THE KOTZEBUE AK CLIMATE SUMMARY FOR OCTOBER 16 2019...
VALID TODAY AS OF 0400 PM LOCAL TIME.

CLIMATE NORMAL PERIOD 1981 TO 2010
CLIMATE RECORD PERIOD 1920 TO 2019


WEATHER ITEM   OBSERVED TIME   RECORD YEAR NORMAL DEPARTURE LAST
                VALUE   (LST)  VALUE       VALUE  FROM      YEAR
                                                  NORMAL
..................................................................
TEMPERATURE (F)
 TODAY
  MAXIMUM         28    259 PM  46    1969  28      0       35
  MINIMUM         21    824 AM  -3    1965  20      1       31
  AVERAGE         25                        24      1       33

PRECIPITATION (IN)
  TODAY            0.00          0.50 1973   0.04  -0.04     0.28
  MONTH TO DATE    0.89                      0.63   0.26     0.41
  SINCE SEP 1      3.05                      2.21   0.84     0.79
  SINCE JAN 1     12.23                      9.09   3.14     9.05

SNOWFALL (IN)
  TODAY            0.0           7.3  1973   0.2   -0.2      2.8
  MONTH TO DATE    T                         2.5   -2.5      2.8
  SINCE SEP 1      T                         3.3   -3.3      2.8
  SINCE JUL 1      T                         3.3   -3.3      2.8
  SNOW DEPTH       0

DEGREE DAYS
 HEATING
  TODAY           40                        41     -1       32
  MONTH TO DATE  490                       576    -86      381
  SINCE SEP 1   1006                      1257   -251      851
  SINCE JUL 1   1314                      1995   -681     1397

 COOLING
  TODAY            0                         0      0        0
  MONTH TO DATE    0                         0      0        0
  SINCE SEP 1      0                         0      0        0
  SINCE JAN 1     76                         5     71        4
..................................................................


WIND (MPH)
  HIGHEST GUST SPEED    29   HIGHEST GUST DIRECTION     E (110)


SKY COVER
  AVERAGE SKY COVER 0.0


WEATHER CONDITIONS
 THE FOLLOWING WEATHER WAS RECORDED TODAY.
  NO SIGNIFICANT WEATHER WAS OBSERVED.


RELATIVE HUMIDITY (PERCENT)
 HIGHEST    68
 LOWEST     50
 AVERAGE    59

..........................................................


THE KOTZEBUE AK CLIMATE NORMALS FOR TOMORROW
                         NORMAL    RECORD    YEAR
 MAXIMUM TEMPERATURE (F)   28        43      2013
 MINIMUM TEMPERATURE (F)   19         2      1997
                                             1955


SUNRISE AND SUNSET
OCTOBER 16 2019.......SUNRISE   954 AM AKDT  SUNSET   717 PM AKDT
OCTOBER 17 2019.......SUNRISE   958 AM AKDT  SUNSET   713 PM AKDT

-  INDICATES NEGATIVE NUMBERS.
R  INDICATES RECORD WAS SET OR TIED.
MM INDICATES DATA IS MISSING.
T  INDICATES TRACE AMOUNT.

&&

SNOW DEPTH IS MEASURED AT 3AM AKST/4AM AKDT.

----------------------------
AVAILABLE DAYLIGHT

AMOUNT OF DAYLIGHT TODAY  (HOUR:MIN)........9:23
GAIN/LOSS SINCE YESTERDAY (HOUR:MIN:SEC)....-0:07:27

$$
OCT 19
