000
CDAK49 PAFG 110943
CLIOTZ

CLIMATE REPORT
NATIONAL WEATHER SERVICE FAIRBANKS AK
143 AM AKDT TUE AUG 11 2020


...................................

...THE KOTZEBUE AK CLIMATE SUMMARY FOR AUGUST 10 2020...

CLIMATE NORMAL PERIOD 1981 TO 2010
CLIMATE RECORD PERIOD 1920 TO 2020


WEATHER ITEM   OBSERVED TIME   RECORD YEAR NORMAL DEPARTURE LAST
                VALUE   (LST)  VALUE       VALUE  FROM      YEAR
                                                  NORMAL
..................................................................
TEMPERATURE (F)
 YESTERDAY
  MAXIMUM         55    745 PM  75    2014  57     -2       MM
  MINIMUM         50   1004 AM  34    1969  49      1       MM
                                      1931
  AVERAGE         53                        53      0       MM

PRECIPITATION (IN)
  YESTERDAY        T             0.90 1992   0.08  -0.08     0.00
  MONTH TO DATE    0.15                      0.73  -0.58     0.98
  SINCE JUN 1      1.89                      2.76  -0.87     3.71
  SINCE JAN 1      5.66                      5.43   0.23     8.20

DEGREE DAYS
 HEATING
  YESTERDAY       12                        12      0       MM
  MONTH TO DATE  130                       114     16       MM
  SINCE JUN 1   1023                      1019      4       MM
  SINCE JUL 1    488                       439     49       MM

 COOLING
  YESTERDAY        0                         0      0       MM
  MONTH TO DATE    0                         0      0       MM
  SINCE JUN 1      0                         4     -4       MM
  SINCE JAN 1      0                         4     -4        0
..................................................................


WIND (MPH)
  HIGHEST GUST SPEED    13   HIGHEST GUST DIRECTION     W (260)


SKY COVER
  AVERAGE SKY COVER 0.4


WEATHER CONDITIONS
 THE FOLLOWING WEATHER WAS RECORDED YESTERDAY.
  LIGHT RAIN


RELATIVE HUMIDITY (PERCENT)
 HIGHEST    86
 LOWEST     71
 AVERAGE    79

..........................................................


THE KOTZEBUE AK CLIMATE NORMALS FOR TODAY
                         NORMAL    RECORD    YEAR
 MAXIMUM TEMPERATURE (F)   57        74      2014
                                             1960
 MINIMUM TEMPERATURE (F)   48        35      1902


SUNRISE AND SUNSET
AUGUST 11 2020........SUNRISE   609 AM AKDT  SUNSET  1140 PM AKDT
AUGUST 12 2020........SUNRISE   613 AM AKDT  SUNSET  1136 PM AKDT

-  INDICATES NEGATIVE NUMBERS.
R  INDICATES RECORD WAS SET OR TIED.
MM INDICATES DATA IS MISSING.
T  INDICATES TRACE AMOUNT.

&&

----------------------------
AVAILABLE DAYLIGHT

AMOUNT OF DAYLIGHT TODAY  (HOUR:MIN)........17:31
GAIN/LOSS SINCE YESTERDAY (HOUR:MIN:SEC)....-0:08:07
----------------------------

$$
AUG 20
