000
CDAK49 PAFG 210045
CLIOTZ

CLIMATE REPORT
NATIONAL WEATHER SERVICE FAIRBANKS AK
445 PM AKDT WED JUN 20 2018


...................................

...THE KOTZEBUE AK CLIMATE SUMMARY FOR JUNE 20 2018...
VALID TODAY AS OF 0400 PM LOCAL TIME.

CLIMATE NORMAL PERIOD 1981 TO 2010
CLIMATE RECORD PERIOD 1920 TO 2018


WEATHER ITEM   OBSERVED TIME   RECORD YEAR NORMAL DEPARTURE LAST
                VALUE   (LST)  VALUE       VALUE  FROM      YEAR
                                                  NORMAL
..................................................................
TEMPERATURE (F)
 TODAY
  MAXIMUM         55    259 PM  82    1991  54      1       54
  MINIMUM         47    555 AM  30    1964  42      5       45
  AVERAGE         51                        48      3       50

PRECIPITATION (IN)
  TODAY            0.01          0.16 1980   0.03  -0.02     0.05
  MONTH TO DATE    0.37                      0.34   0.03     0.18
  SINCE JUN 1      0.37                      0.34   0.03     0.18
  SINCE JAN 1      4.36                      3.01   1.35     2.26

SNOWFALL (IN)
  TODAY            0.0           T    1994   0.0    0.0      0.0
                                      1949
  MONTH TO DATE    0.0                       0.0    0.0      0.0
  SINCE JUN 1      0.0                       0.0    0.0      0.0
  SINCE JUL 1    107.6                      59.8   47.8     52.6
  SNOW DEPTH       0

DEGREE DAYS
 HEATING
  TODAY           14                        17     -3       15
  MONTH TO DATE  293                       433   -140      319
  SINCE JUN 1    293                       433   -140      319
  SINCE JUL 1  12793                     15237  -2444    13487

 COOLING
  TODAY            0                         0      0        0
  MONTH TO DATE    0                         0      0        0
  SINCE JUN 1      0                         0      0        0
  SINCE JAN 1      0                         0      0        0
..................................................................


WIND (MPH)
  HIGHEST GUST SPEED    12   HIGHEST GUST DIRECTION    SW (240)


SKY COVER
  AVERAGE SKY COVER 0.9


WEATHER CONDITIONS
 THE FOLLOWING WEATHER WAS RECORDED TODAY.
  LIGHT RAIN
  FOG


RELATIVE HUMIDITY (PERCENT)
 HIGHEST    86
 LOWEST     71
 AVERAGE    79

..........................................................


THE KOTZEBUE AK CLIMATE NORMALS FOR TOMORROW
                         NORMAL    RECORD    YEAR
 MAXIMUM TEMPERATURE (F)   54        84      1991
 MINIMUM TEMPERATURE (F)   42        29      1956


SUNRISE AND SUNSET
JUNE 20 2018..........SUN ABOVE VISIBLE HORIZON.
JUNE 21 2018..........SUN ABOVE VISIBLE HORIZON.

-  INDICATES NEGATIVE NUMBERS.
R  INDICATES RECORD WAS SET OR TIED.
MM INDICATES DATA IS MISSING.
T  INDICATES TRACE AMOUNT.

&&

SNOW DEPTH IS MEASURED AT 3AM AKST/4AM AKDT.

----------------------------
AVAILABLE DAYLIGHT

AMOUNT OF DAYLIGHT TODAY  (HOUR:MIN)........24:00
GAIN/LOSS SINCE YESTERDAY (HOUR:MIN:SEC)....+0:00:00

$$
THR JUN 18
