000
CDAK49 PAFG 150100
CLIOTZ

CLIMATE REPORT
NATIONAL WEATHER SERVICE FAIRBANKS AK
500 PM AKDT MON JUN 14 2021


...THE KOTZEBUE AK CLIMATE SUMMARY FOR JUNE 14 2021...
VALID TODAY AS OF 0400 PM LOCAL TIME.

CLIMATE NORMAL PERIOD 1991 TO 2020
CLIMATE RECORD PERIOD 1920 TO 2021


WEATHER ITEM   OBSERVED TIME   RECORD YEAR NORMAL DEPARTURE LAST
                VALUE   (LST)  VALUE       VALUE  FROM      YEAR
                                                  NORMAL
...................................................................
TEMPERATURE (F)
 TODAY
  MAXIMUM         63    236 PM  70    1978  54      9       61
  MINIMUM         46    413 AM  27    1974  42      4       51
                                      1983
  AVERAGE         55                        48      7       56

PRECIPITATION (IN)
  TODAY            0.02          0.13 1946   0.02   0.00     0.00
  MONTH TO DATE    0.32                      0.22   0.10     0.04
  SINCE JUN 1      0.32                      0.22   0.10     0.04
  SINCE JAN 1      1.38                      3.21  -1.83     3.81

DEGREE DAYS
 HEATING
  TODAY           10                        17     -7        9
  MONTH TO DATE  306                       287     19      322
  SINCE JUN 1    306                       287     19      322
  SINCE JUL 1  14742                     14253    489    13840

 COOLING
  TODAY            0                         0      0        0
  MONTH TO DATE    0                         0      0        0
  SINCE JUN 1      0                         0      0        0
  SINCE JAN 1      0                         0      0        0
...................................................................


WIND (MPH)
  HIGHEST GUST SPEED    28   HIGHEST GUST DIRECTION     E (110)


SKY COVER
  AVERAGE SKY COVER 0.8


WEATHER CONDITIONS
THE FOLLOWING WEATHER WAS RECORDED TODAY.
  LIGHT RAIN


RELATIVE HUMIDITY (PERCENT)
 HIGHEST    97
 LOWEST     58
 AVERAGE    78

..........................................................


THE KOTZEBUE AK CLIMATE NORMALS FOR TOMORROW
                         NORMAL    RECORD    YEAR
 MAXIMUM TEMPERATURE (F)   55        69      1969
 MINIMUM TEMPERATURE (F)   43        28      1942


SUNRISE AND SUNSET
JUNE 14 2021..........SUN ABOVE VISIBLE HORIZON.
JUNE 15 2021..........SUN ABOVE VISIBLE HORIZON.

-  INDICATES NEGATIVE NUMBERS.
R  INDICATES RECORD WAS SET OR TIED.
MM INDICATES DATA IS MISSING.
T  INDICATES TRACE AMOUNT.

&&

----------------------------
AVAILABLE DAYLIGHT

AMOUNT OF DAYLIGHT TODAY  (HOUR:MIN)........24:00
GAIN/LOSS SINCE YESTERDAY (HOUR:MIN:SEC)....+0:00:00
----------------------------

$$
JUN 21
