000
CDUS43 KDDC 110720
CLIP28


CLIMATE REPORT
NATIONAL WEATHER SERVICE DODGE CITY KS
118 AM CST WED DEC 11 2019


...................................

...THE MEDICINE LODGE KS CLIMATE SUMMARY FOR DECEMBER 10 2019...

CLIMATE NORMAL PERIOD 1981 TO 2010
CLIMATE RECORD PERIOD 1893 TO 2019


WEATHER ITEM   OBSERVED TIME   RECORD YEAR NORMAL DEPARTURE LAST
                VALUE   (LST)  VALUE       VALUE  FROM      YEAR
                                                  NORMAL
..................................................................
TEMPERATURE (F)
 YESTERDAY
  MAXIMUM         46    235 PM  78    1933  47     -1       50
  MINIMUM         17   1229 AM  -5    1919  24     -7       20
  AVERAGE         32                        36     -4       35

PRECIPITATION (IN)
  YESTERDAY        0.00          1.10 1960   0.03  -0.03     0.00
  MONTH TO DATE    0.00                      0.30  -0.30     0.02
  SINCE DEC 1      0.00                      0.30  -0.30     0.02
  SINCE JAN 1     30.93                     26.52   4.41    38.80

SNOWFALL (IN)
  YESTERDAY        0.0          MM      MM   0.1             0.0
  MONTH TO DATE    0.0                       0.9              T
  SINCE DEC 1      0.0                       0.9              T
  SINCE JUL 1      T                         1.1             1.3
  SNOW DEPTH       0

DEGREE DAYS
 HEATING
  YESTERDAY       33                        30      3       30
  MONTH TO DATE  264                       282    -18      307
  SINCE DEC 1    264                       282    -18      307
  SINCE JUL 1   1309                      1140    169     1340

 COOLING
  YESTERDAY        0                         0      0        0
  MONTH TO DATE    0                         0      0        0
  SINCE DEC 1      0                         0      0        0
  SINCE JAN 1   1837                      1770     67     1998
..................................................................


WIND (MPH)
  HIGHEST WIND SPEED    15   HIGHEST WIND DIRECTION     N (340)
  HIGHEST GUST SPEED    19   HIGHEST GUST DIRECTION     N (360)
  AVERAGE WIND SPEED     5.0




RELATIVE HUMIDITY (PERCENT)
 HIGHEST    84           100 AM
 LOWEST     37          1200 PM
 AVERAGE    61

..........................................................


THE MEDICINE LODGE KS CLIMATE NORMALS FOR TODAY
                         NORMAL    RECORD    YEAR
 MAXIMUM TEMPERATURE (F)   47        80      1939
 MINIMUM TEMPERATURE (F)   24         2      1914


SUNRISE AND SUNSET
DECEMBER 11 2019......SUNRISE   738 AM CST   SUNSET   517 PM CST
DECEMBER 12 2019......SUNRISE   739 AM CST   SUNSET   517 PM CST


-  INDICATES NEGATIVE NUMBERS.
R  INDICATES RECORD WAS SET OR TIED.
MM INDICATES DATA IS MISSING.
T  INDICATES TRACE AMOUNT.




$$
