000
CDUS43 KDDC 242328
CLIP28


CLIMATE REPORT
NATIONAL WEATHER SERVICE DODGE CITY KS
627 PM CDT SUN JUN 24 2018


...................................

...THE MEDICINE LODGE KS CLIMATE SUMMARY FOR JUNE 24 2018...
VALID TODAY AS OF 0500 PM LOCAL TIME.

CLIMATE NORMAL PERIOD 1981 TO 2010
CLIMATE RECORD PERIOD 1893 TO 2018


WEATHER ITEM   OBSERVED TIME   RECORD YEAR NORMAL DEPARTURE LAST
                VALUE   (LST)  VALUE       VALUE  FROM      YEAR
                                                  NORMAL
..................................................................
TEMPERATURE (F)
 TODAY
  MAXIMUM         76    359 PM 111    1897  91    -15       84
  MINIMUM         65   1035 AM  48    1940  67     -2       60
  AVERAGE         71                        79     -8       72

PRECIPITATION (IN)
  TODAY            0.77          1.64 1915   0.13   0.64     0.02
  MONTH TO DATE    4.55                      3.46   1.09     1.76
  SINCE JUN 1      4.55                      3.46   1.09     1.76
  SINCE JAN 1     13.06                     13.20  -0.14    17.31

DEGREE DAYS
 HEATING
  TODAY            0                         0      0        0
  MONTH TO DATE    0                         0      0        0
  SINCE JUN 1      0                         0      0        0
  SINCE JUL 1   4313                      4455   -142     3711

 COOLING
  TODAY            6                        14     -8        7
  MONTH TO DATE  356                       264     92      292
  SINCE JUN 1    356                       264     92      292
  SINCE JAN 1    688                       420    268      390
..................................................................


WIND (MPH)
  HIGHEST WIND SPEED    39   HIGHEST WIND DIRECTION    NW (330)
  HIGHEST GUST SPEED    59   HIGHEST GUST DIRECTION     N (340)
  AVERAGE WIND SPEED    11.8




RELATIVE HUMIDITY (PERCENT)
 HIGHEST   100          1000 AM
 LOWEST     64           400 PM
 AVERAGE    82

..........................................................


THE MEDICINE LODGE KS CLIMATE NORMALS FOR TOMORROW
                         NORMAL    RECORD    YEAR
 MAXIMUM TEMPERATURE (F)   91       113      1911
 MINIMUM TEMPERATURE (F)   67        48      1958


SUNRISE AND SUNSET
JUNE 24 2018..........SUNRISE   615 AM CDT   SUNSET   859 PM CDT
JUNE 25 2018..........SUNRISE   615 AM CDT   SUNSET   859 PM CDT


-  INDICATES NEGATIVE NUMBERS.
R  INDICATES RECORD WAS SET OR TIED.
MM INDICATES DATA IS MISSING.
T  INDICATES TRACE AMOUNT.




$$
