000
CDUS43 KDDC 261426
CLIP28


CLIMATE REPORT
NATIONAL WEATHER SERVICE DODGE CITY KS
926 AM CDT MON OCT 26 2020


...................................

...THE MEDICINE LODGE KS CLIMATE SUMMARY FOR OCTOBER 26 2020...
VALID AS OF 0900 AM LOCAL TIME.

CLIMATE NORMAL PERIOD 1981 TO 2010
CLIMATE RECORD PERIOD 1893 TO 2020


WEATHER ITEM   OBSERVED TIME   RECORD YEAR NORMAL DEPARTURE LAST
                VALUE   (LST)  VALUE       VALUE  FROM      YEAR
                                                  NORMAL
..................................................................
TEMPERATURE (F)
 TODAY
  MAXIMUM         28    106 AM  95    1922  67    -39       66
  MINIMUM         22R   753 AM  24    1957  42    -20       27
  AVERAGE         25                        55    -30       47

PRECIPITATION (IN)
  TODAY            0.26          1.90 1918   0.08   0.18     0.00
  MONTH TO DATE    0.29                      2.45  -2.16     1.79
  SINCE SEP 1      2.67                      4.55  -1.88     3.90
  SINCE JAN 1     19.87                     24.90  -5.03    30.37

..................................................................


WIND (MPH)
  HIGHEST WIND SPEED    25   HIGHEST WIND DIRECTION     N (20)
  HIGHEST GUST SPEED    36   HIGHEST GUST DIRECTION     N (10)



WEATHER CONDITIONS
 THE FOLLOWING WEATHER WAS RECORDED TODAY.
  NO SIGNIFICANT WEATHER WAS OBSERVED.


RELATIVE HUMIDITY (PERCENT)
 HIGHEST    92           300 AM
 LOWEST     81           400 AM

..........................................................


THE MEDICINE LODGE KS CLIMATE NORMALS FOR TOMORROW
                         NORMAL    RECORD    YEAR
 MAXIMUM TEMPERATURE (F)   67        92      1950
 MINIMUM TEMPERATURE (F)   42        19      2012


SUNRISE AND SUNSET
OCTOBER 26 2020.......SUNRISE   753 AM CDT   SUNSET   643 PM CDT
OCTOBER 27 2020.......SUNRISE   754 AM CDT   SUNSET   641 PM CDT


-  INDICATES NEGATIVE NUMBERS.
R  INDICATES RECORD WAS SET OR TIED.
MM INDICATES DATA IS MISSING.
T  INDICATES TRACE AMOUNT.




$$
