000
CDUS43 KDDC 131427
CLIP28


CLIMATE REPORT
NATIONAL WEATHER SERVICE DODGE CITY KS
927 AM CDT SUN OCT 13 2019


...................................

...THE MEDICINE LODGE KS CLIMATE SUMMARY FOR OCTOBER 13 2019...
VALID AS OF 0900 AM LOCAL TIME.

CLIMATE NORMAL PERIOD 1981 TO 2010
CLIMATE RECORD PERIOD 1893 TO 2019


WEATHER ITEM   OBSERVED TIME   RECORD YEAR NORMAL DEPARTURE LAST
                VALUE   (LST)  VALUE       VALUE  FROM      YEAR
                                                  NORMAL
..................................................................
TEMPERATURE (F)
 TODAY
  MAXIMUM         47   1204 AM  94    1992  72    -25       60
  MINIMUM         33    709 AM  31    1896  47    -14       43
                                      1909
  AVERAGE         40                        60    -20       52

PRECIPITATION (IN)
  TODAY            0.00          1.73 1960   0.11  -0.11     0.02
  MONTH TO DATE    1.76                      1.20   0.56     8.42
  SINCE SEP 1      3.87                      3.30   0.57    13.20
  SINCE JAN 1     30.34                     23.65   6.69    37.74

..................................................................


WIND (MPH)
  HIGHEST WIND SPEED     7   HIGHEST WIND DIRECTION    SE (130)
  HIGHEST GUST SPEED     9   HIGHEST GUST DIRECTION    SE (130)



WEATHER CONDITIONS
 THE FOLLOWING WEATHER WAS RECORDED TODAY.
  NO SIGNIFICANT WEATHER WAS OBSERVED.


RELATIVE HUMIDITY (PERCENT)
 HIGHEST    89           500 AM
 LOWEST     49          1200 AM

..........................................................


THE MEDICINE LODGE KS CLIMATE NORMALS FOR TOMORROW
                         NORMAL    RECORD    YEAR
 MAXIMUM TEMPERATURE (F)   72        95      1911
 MINIMUM TEMPERATURE (F)   47        28      1978


SUNRISE AND SUNSET
OCTOBER 13 2019.......SUNRISE   740 AM CDT   SUNSET   700 PM CDT
OCTOBER 14 2019.......SUNRISE   741 AM CDT   SUNSET   659 PM CDT


-  INDICATES NEGATIVE NUMBERS.
R  INDICATES RECORD WAS SET OR TIED.
MM INDICATES DATA IS MISSING.
T  INDICATES TRACE AMOUNT.




$$
