000
CDUS43 KDDC 102330
CLIP28


CLIMATE REPORT
NATIONAL WEATHER SERVICE DODGE CITY KS
530 PM CST MON DEC 10 2018


...................................

...THE MEDICINE LODGE KS CLIMATE SUMMARY FOR DECEMBER 10 2018...
VALID TODAY AS OF 0500 PM LOCAL TIME.

CLIMATE NORMAL PERIOD 1981 TO 2010
CLIMATE RECORD PERIOD 1893 TO 2018


WEATHER ITEM   OBSERVED TIME   RECORD YEAR NORMAL DEPARTURE LAST
                VALUE   (LST)  VALUE       VALUE  FROM      YEAR
                                                  NORMAL
..................................................................
TEMPERATURE (F)
 TODAY
  MAXIMUM         50    355 PM  78    1933  47      3       69
  MINIMUM         20    810 AM  -5    1919  24     -4       24
  AVERAGE         35                        36     -1       47

PRECIPITATION (IN)
  TODAY            0.00          1.10 1960   0.03  -0.03     0.00
  MONTH TO DATE    0.02                      0.30  -0.28     0.00
  SINCE DEC 1      0.02                      0.30  -0.28     0.00
  SINCE JAN 1     38.80                     26.52  12.28    29.81

DEGREE DAYS
 HEATING
  TODAY           30                        30      0       18
  MONTH TO DATE  307                       282     25      236
  SINCE DEC 1    307                       282     25      236
  SINCE JUL 1   1340                      1140    200      996

 COOLING
  TODAY            0                         0      0        0
  MONTH TO DATE    0                         0      0        0
  SINCE DEC 1      0                         0      0        0
  SINCE JAN 1   1998                      1770    228     1656
..................................................................


WIND (MPH)
  HIGHEST WIND SPEED     9   HIGHEST WIND DIRECTION     N (340)
  HIGHEST GUST SPEED    13   HIGHEST GUST DIRECTION    NW (320)
  AVERAGE WIND SPEED     4.2




RELATIVE HUMIDITY (PERCENT)
 HIGHEST    92           500 AM
 LOWEST     31           400 PM
 AVERAGE    62

..........................................................


THE MEDICINE LODGE KS CLIMATE NORMALS FOR TOMORROW
                         NORMAL    RECORD    YEAR
 MAXIMUM TEMPERATURE (F)   47        80      1939
 MINIMUM TEMPERATURE (F)   24         2      1914


SUNRISE AND SUNSET
DECEMBER 10 2018......SUNRISE   737 AM CST   SUNSET   517 PM CST
DECEMBER 11 2018......SUNRISE   738 AM CST   SUNSET   517 PM CST


-  INDICATES NEGATIVE NUMBERS.
R  INDICATES RECORD WAS SET OR TIED.
MM INDICATES DATA IS MISSING.
T  INDICATES TRACE AMOUNT.




$$
