000
CDUS43 KDDC 210706
CLIP28


CLIMATE REPORT
NATIONAL WEATHER SERVICE DODGE CITY KS
205 AM CDT FRI SEP 21 2018


...................................

...THE MEDICINE LODGE KS CLIMATE SUMMARY FOR SEPTEMBER 20 2018...

CLIMATE NORMAL PERIOD 1981 TO 2010
CLIMATE RECORD PERIOD 1893 TO 2018


WEATHER ITEM   OBSERVED TIME   RECORD YEAR NORMAL DEPARTURE LAST
                VALUE   (LST)  VALUE       VALUE  FROM      YEAR
                                                  NORMAL
..................................................................
TEMPERATURE (F)
 YESTERDAY
  MAXIMUM         93    354 PM  98    1998  82     11       88
  MINIMUM         69   1126 PM  34    1918  57     12       64
  AVERAGE         81                        69     12       76

PRECIPITATION (IN)
  YESTERDAY        0.64          1.59 1978   0.07   0.57     0.00
  MONTH TO DATE    4.63                      1.42   3.21     1.72
  SINCE SEP 1      4.63                      1.42   3.21     1.72
  SINCE JAN 1     29.17                     21.77   7.40    23.85

SNOWFALL (IN)
  YESTERDAY        0.0          MM      MM   0.0             0.0
  MONTH TO DATE    0.0                       0.0             0.0
  SINCE SEP 1      0.0                       0.0             0.0
  SINCE JUL 1      0.0                       0.0             0.0
  SNOW DEPTH       0

DEGREE DAYS
 HEATING
  YESTERDAY        0                         1     -1        0
  MONTH TO DATE    0                         8     -8        2
  SINCE SEP 1      0                         8     -8        2
  SINCE JUL 1      0                         8     -8        2

 COOLING
  YESTERDAY       16                         6     10       11
  MONTH TO DATE  223                       176     47      167
  SINCE SEP 1    223                       176     47      167
  SINCE JAN 1   1940                      1687    253     1526
..................................................................


WIND (MPH)
  HIGHEST WIND SPEED    26   HIGHEST WIND DIRECTION     S (190)
  HIGHEST GUST SPEED    38   HIGHEST GUST DIRECTION     S (180)
  AVERAGE WIND SPEED    12.6




RELATIVE HUMIDITY (PERCENT)
 HIGHEST    93          1100 PM
 LOWEST     36           200 PM
 AVERAGE    65

..........................................................


THE MEDICINE LODGE KS CLIMATE NORMALS FOR TODAY
                         NORMAL    RECORD    YEAR
 MAXIMUM TEMPERATURE (F)   82       102      1956
 MINIMUM TEMPERATURE (F)   56        29      1983


SUNRISE AND SUNSET
SEPTEMBER 21 2018.....SUNRISE   721 AM CDT   SUNSET   733 PM CDT
SEPTEMBER 22 2018.....SUNRISE   722 AM CDT   SUNSET   731 PM CDT


-  INDICATES NEGATIVE NUMBERS.
R  INDICATES RECORD WAS SET OR TIED.
MM INDICATES DATA IS MISSING.
T  INDICATES TRACE AMOUNT.




$$
