000
CDUS45 KRIW 240031
CLIP60


CLIMATE REPORT
NATIONAL WEATHER SERVICE RIVERTON WY
630 PM MDT WED OCT 23 2019


...................................

...THE LAKE YELLOWSTONE WY CLIMATE SUMMARY FOR OCTOBER 23 2019...
VALID TODAY AS OF 0500 PM LOCAL TIME.

CLIMATE NORMAL PERIOD 1981 TO 2010
CLIMATE RECORD PERIOD 1998 TO 2019


WEATHER ITEM   OBSERVED TIME   RECORD YEAR NORMAL DEPARTURE LAST
                VALUE   (LST)  VALUE       VALUE  FROM      YEAR
                                                  NORMAL
..................................................................
TEMPERATURE (F)
 TODAY
  MAXIMUM         29        MM  56    2005  45    -16       46
  MINIMUM         22        MM  12    2008  21      1       25
  AVERAGE         26

PRECIPITATION (IN)
  TODAY            0.03          0.63 2004   0.05  -0.02     0.04
  MONTH TO DATE    1.73                      0.95   0.78     1.28
  SINCE SEP 1      4.79                      2.25   2.54     1.49
  SINCE JAN 1     19.14                     16.32   2.82    21.45

DEGREE DAYS
 HEATING
  TODAY           39                        32      7       29
  MONTH TO DATE  816                       642    174      722
  SINCE SEP 1   1404                      1190    214     1276
  SINCE JUL 1   2001                      1777    224     1872

 COOLING
  TODAY            0                         0      0        0
  MONTH TO DATE    0                         0      0        0
  SINCE SEP 1      0                         0      0        0
  SINCE JAN 1      0                         0      0        0
..................................................................


WIND (MPH)
  HIGHEST WIND SPEED    12   HIGHEST WIND DIRECTION     W (290)
  HIGHEST GUST SPEED    22   HIGHEST GUST DIRECTION    NW (300)
  AVERAGE WIND SPEED     6.0


SKY COVER
  POSSIBLE SUNSHINE  MM
  AVERAGE SKY COVER 0.0


WEATHER CONDITIONS
 THE FOLLOWING WEATHER WAS RECORDED TODAY.
  NO SIGNIFICANT WEATHER WAS OBSERVED.


RELATIVE HUMIDITY (PERCENT)
 HIGHEST    88           600 AM
 LOWEST     58          1000 AM
 AVERAGE    73

..........................................................


THE LAKE YELLOWSTONE WY CLIMATE NORMALS FOR TOMORROW
                         NORMAL    RECORD    YEAR
 MAXIMUM TEMPERATURE (F)   45        57      2005
                                             1999
 MINIMUM TEMPERATURE (F)   21        10      2012
                                             2004


SUNRISE AND SUNSET
OCTOBER 23 2019.......SUNRISE   747 AM MDT   SUNSET   624 PM MDT
OCTOBER 24 2019.......SUNRISE   748 AM MDT   SUNSET   623 PM MDT


-  INDICATES NEGATIVE NUMBERS.
R  INDICATES RECORD WAS SET OR TIED.
MM INDICATES DATA IS MISSING.
T  INDICATES TRACE AMOUNT.




$$
