000
CDUS45 KRIW 230735
CLIP60


CLIMATE REPORT
NATIONAL WEATHER SERVICE RIVERTON WY
1233 AM MST WED JAN 23 2019


...................................

...THE LAKE YELLOWSTONE WY CLIMATE SUMMARY FOR JANUARY 22 2019...

CLIMATE NORMAL PERIOD 1981 TO 2010
CLIMATE RECORD PERIOD 1998 TO 2019


WEATHER ITEM   OBSERVED TIME   RECORD YEAR NORMAL DEPARTURE LAST
                VALUE   (LST)  VALUE       VALUE  FROM      YEAR
                                                  NORMAL
..................................................................
TEMPERATURE (F)
 YESTERDAY
  MAXIMUM         17    323 PM  34    2005  24     -7       19
  MINIMUM        -12    848 AM -33    2008   1    -13       -1
  AVERAGE          3                        12     -9        9

PRECIPITATION (IN)
  YESTERDAY        0.00          0.18 2010   0.07  -0.07     0.09
  MONTH TO DATE    1.74                      1.70   0.04     1.73
  SINCE DEC 1      3.11                      3.20  -0.09     3.98
  SINCE JAN 1      1.74                      1.70   0.04     1.73

DEGREE DAYS
 HEATING
  YESTERDAY       62                        52     10       56
  MONTH TO DATE 1138                      1144     -6     1082
  SINCE DEC 1   2737                      2734      3     2676
  SINCE JUL 1   6244                      6054    190     6045

 COOLING
  YESTERDAY        0                         0      0        0
  MONTH TO DATE    0                         0      0        0
  SINCE DEC 1      0                         0      0        0
  SINCE JAN 1      0                         0      0        0
..................................................................


WIND (MPH)
  HIGHEST WIND SPEED     8   HIGHEST WIND DIRECTION    NW (320)
  HIGHEST GUST SPEED    14   HIGHEST GUST DIRECTION    NW (330)
  AVERAGE WIND SPEED     1.4


SKY COVER
  POSSIBLE SUNSHINE  MM
  AVERAGE SKY COVER 0.0


WEATHER CONDITIONS
 THE FOLLOWING WEATHER WAS RECORDED YESTERDAY.
  NO SIGNIFICANT WEATHER WAS OBSERVED.


RELATIVE HUMIDITY (PERCENT)
 HIGHEST   100          1000 AM
 LOWEST     73           100 AM
 AVERAGE    87

..........................................................


THE LAKE YELLOWSTONE WY CLIMATE NORMALS FOR TODAY
                         NORMAL    RECORD    YEAR
 MAXIMUM TEMPERATURE (F)   24        39      2005
 MINIMUM TEMPERATURE (F)    1       -14      2008


SUNRISE AND SUNSET
JANUARY 23 2019.......SUNRISE   749 AM MST   SUNSET   518 PM MST
JANUARY 24 2019.......SUNRISE   749 AM MST   SUNSET   519 PM MST


-  INDICATES NEGATIVE NUMBERS.
R  INDICATES RECORD WAS SET OR TIED.
MM INDICATES DATA IS MISSING.
T  INDICATES TRACE AMOUNT.




$$
