000
CDUS45 KLKN 140937
CLIP68


CLIMATE REPORT
NATIONAL WEATHER SERVICE ELKO NV
233 AM PDT TUE AUG 14 2018


...................................

...THE EUREKA AIRPORT NV CLIMATE SUMMARY FOR AUGUST 13 2018...

CLIMATE NORMAL PERIOD 1981 TO 2010
CLIMATE RECORD PERIOD 1963 TO 2018


WEATHER ITEM   OBSERVED TIME   RECORD YEAR NORMAL DEPARTURE LAST
                VALUE   (LST)  VALUE       VALUE  FROM      YEAR
                                                  NORMAL
..................................................................
TEMPERATURE (F)
 YESTERDAY
  MAXIMUM         92    221 PM  96    1970  88      4       92
  MINIMUM         57    204 AM  36    1969  48      9       51
  AVERAGE         75                        68      7       72

PRECIPITATION (IN)
  YESTERDAY        0.00          0.12 1979   0.02  -0.02     0.00
  MONTH TO DATE    0.00                      0.26  -0.26     0.45
  SINCE OCT 1      8.94                      8.10   0.84     9.97
  SINCE JAN 1      7.75                      5.97   1.78     7.88

DEGREE DAYS
 HEATING
  YESTERDAY        0                         1     -1        0
  MONTH TO DATE    0                         6     -6        0
  SINCE JUN 1     80                       179    -99       74
  SINCE JUL 1      0                        19    -19        0

 COOLING
  YESTERDAY       10                         4      6        7
  MONTH TO DATE  104                        59     45       97
  SINCE JUN 1    445                       231    214      429
  SINCE JAN 1    445                       234    211      429
..................................................................


WIND (MPH)
  HIGHEST WIND SPEED    23   HIGHEST WIND DIRECTION     W (250)
  HIGHEST GUST SPEED    30   HIGHEST GUST DIRECTION     W (250)
  AVERAGE WIND SPEED     6.1




RELATIVE HUMIDITY (PERCENT)
 HIGHEST    48          1000 PM
 LOWEST     14           100 PM
 AVERAGE    31

..........................................................


THE EUREKA AIRPORT NV CLIMATE NORMALS FOR TODAY
                         NORMAL    RECORD    YEAR
 MAXIMUM TEMPERATURE (F)   88        96      2007
 MINIMUM TEMPERATURE (F)   48        37      1985


SUNRISE AND SUNSET
AUGUST 14 2018........SUNRISE   556 AM PDT   SUNSET   741 PM PDT
AUGUST 15 2018........SUNRISE   556 AM PDT   SUNSET   739 PM PDT


-  INDICATES NEGATIVE NUMBERS.
R  INDICATES RECORD WAS SET OR TIED.
MM INDICATES DATA IS MISSING.
T  INDICATES TRACE AMOUNT.




$$
