000
CDUS45 KLKN 190935
CLIP68


CLIMATE REPORT
NATIONAL WEATHER SERVICE ELKO NV
134 AM PST MON FEB 19 2018


...................................

...THE EUREKA AIRPORT NV CLIMATE SUMMARY FOR FEBRUARY 18 2018...

CLIMATE NORMAL PERIOD 1981 TO 2010
CLIMATE RECORD PERIOD 1963 TO 2018


WEATHER ITEM   OBSERVED TIME   RECORD YEAR NORMAL DEPARTURE LAST
                VALUE   (LST)  VALUE       VALUE  FROM      YEAR
                                                  NORMAL
..................................................................
TEMPERATURE (F)
 YESTERDAY
  MAXIMUM         56   1258 PM  64    2015  43     13       47
  MINIMUM         22   1158 PM  -7    1984  17      5       31
  AVERAGE         39                        30      9       39

PRECIPITATION (IN)
  YESTERDAY        0.11          0.30 2007   0.03   0.08     0.00
  MONTH TO DATE    0.17                      0.54  -0.37     0.20
  SINCE OCT 1      2.09                      3.41  -1.32     4.74
  SINCE JAN 1      0.90                      1.28  -0.38     2.65

DEGREE DAYS
 HEATING
  YESTERDAY       26                        35     -9       26
  MONTH TO DATE  538                       670   -132      507
  SINCE DEC 1   2604                      3194   -590     3089
  SINCE JUL 1   4188                      4953   -765     4502

 COOLING
  YESTERDAY        0                         0      0        0
  MONTH TO DATE    0                         0      0        0
  SINCE DEC 1      0                         0      0        0
  SINCE JAN 1      0                         0      0        0
..................................................................


WIND (MPH)
  HIGHEST WIND SPEED    33   HIGHEST WIND DIRECTION     W (270)
  HIGHEST GUST SPEED    43   HIGHEST GUST DIRECTION     W (280)
  AVERAGE WIND SPEED    12.2




RELATIVE HUMIDITY (PERCENT)
 HIGHEST    92          1000 PM
 LOWEST     16           100 PM
 AVERAGE    54

..........................................................


THE EUREKA AIRPORT NV CLIMATE NORMALS FOR TODAY
                         NORMAL    RECORD    YEAR
 MAXIMUM TEMPERATURE (F)   44        65      2015
 MINIMUM TEMPERATURE (F)   17        -9      2006


SUNRISE AND SUNSET
FEBRUARY 19 2018......SUNRISE   631 AM PST   SUNSET   525 PM PST
FEBRUARY 20 2018......SUNRISE   629 AM PST   SUNSET   526 PM PST


-  INDICATES NEGATIVE NUMBERS.
R  INDICATES RECORD WAS SET OR TIED.
MM INDICATES DATA IS MISSING.
T  INDICATES TRACE AMOUNT.




$$
