000
CDUS45 KLKN 200035
CLIP68


CLIMATE REPORT
NATIONAL WEATHER SERVICE ELKO NV
533 PM PDT MON OCT 19 2020


...................................

...THE EUREKA AIRPORT NV CLIMATE SUMMARY FOR OCTOBER 19 2020...
VALID TODAY AS OF 0500 PM LOCAL TIME.

CLIMATE NORMAL PERIOD 1981 TO 2010
CLIMATE RECORD PERIOD 1963 TO 2020


WEATHER ITEM   OBSERVED TIME   RECORD YEAR NORMAL DEPARTURE LAST
                VALUE   (LST)  VALUE       VALUE  FROM      YEAR
                                                  NORMAL
..................................................................
TEMPERATURE (F)
 TODAY
  MAXIMUM         75    207 PM  78    2003  63     12       59
  MINIMUM         30    540 AM   9    1982  28      2       23
  AVERAGE         53                        45      8       41

PRECIPITATION (IN)
  TODAY            0.00          0.35 1986   0.03  -0.03     0.00
  MONTH TO DATE    0.00                      0.41  -0.41     0.00
  SINCE OCT 1      0.00                      0.41  -0.41     0.00
  SINCE JAN 1      2.34                      7.28  -4.94    11.94

DEGREE DAYS
 HEATING
  TODAY           12                        20     -8       24
  MONTH TO DATE  183                       315   -132      426
  SINCE SEP 1    320                       532   -212      688
  SINCE JUL 1    323                       579   -256      716

 COOLING
  TODAY            0                         0      0        0
  MONTH TO DATE    0                         0      0        0
  SINCE SEP 1     44                        11     33       29
  SINCE JAN 1    508                       288    220      318
..................................................................


WIND (MPH)
  HIGHEST WIND SPEED    17   HIGHEST WIND DIRECTION     W (270)
  HIGHEST GUST SPEED    23   HIGHEST GUST DIRECTION     W (260)




RELATIVE HUMIDITY (PERCENT)
 HIGHEST    56           400 AM
 LOWEST     14           200 PM
 AVERAGE    35

..........................................................


THE EUREKA AIRPORT NV CLIMATE NORMALS FOR TOMORROW
                         NORMAL    RECORD    YEAR
 MAXIMUM TEMPERATURE (F)   62        81      2003
 MINIMUM TEMPERATURE (F)   27         7      1996


SUNRISE AND SUNSET
OCTOBER 19 2020.......SUNRISE   659 AM PDT   SUNSET   558 PM PDT
OCTOBER 20 2020.......SUNRISE   700 AM PDT   SUNSET   557 PM PDT


-  INDICATES NEGATIVE NUMBERS.
R  INDICATES RECORD WAS SET OR TIED.
MM INDICATES DATA IS MISSING.
T  INDICATES TRACE AMOUNT.




$$
