000
CDUS45 KLKN 250931
CLIP68


CLIMATE REPORT
NATIONAL WEATHER SERVICE ELKO NV
227 AM PDT FRI MAY 25 2018


...................................

...THE EUREKA AIRPORT NV CLIMATE SUMMARY FOR MAY 24 2018...

CLIMATE NORMAL PERIOD 1981 TO 2010
CLIMATE RECORD PERIOD 1963 TO 2018


WEATHER ITEM   OBSERVED TIME   RECORD YEAR NORMAL DEPARTURE LAST
                VALUE   (LST)  VALUE       VALUE  FROM      YEAR
                                                  NORMAL
..................................................................
TEMPERATURE (F)
 YESTERDAY
  MAXIMUM         78    417 PM  88    2001  72      6       83
  MINIMUM         42    429 AM  22    2010  36      6       45
                                      1989
  AVERAGE         60                        54      6       64

PRECIPITATION (IN)
  YESTERDAY        0.00          0.54 2000   0.02  -0.02     0.01
  MONTH TO DATE    1.16                      0.58   0.58     0.40
  SINCE OCT 1      7.16                      6.21   0.95     8.96
  SINCE JAN 1      5.97                      4.08   1.89     6.87

DEGREE DAYS
 HEATING
  YESTERDAY        5                        11     -6        1
  MONTH TO DATE  297                       339    -42      300
  SINCE MAR 1   1886                      1858     28     1632
  SINCE JUL 1   6536                      7143   -607     6492

 COOLING
  YESTERDAY        0                         0      0        0
  MONTH TO DATE    0                         0      0        0
  SINCE MAR 1      0                         0      0        0
  SINCE JAN 1      0                         0      0        0
..................................................................


WIND (MPH)
  HIGHEST WIND SPEED    18   HIGHEST WIND DIRECTION    SE (150)
  HIGHEST GUST SPEED    26   HIGHEST GUST DIRECTION     S (160)
  AVERAGE WIND SPEED     8.5




RELATIVE HUMIDITY (PERCENT)
 HIGHEST    92           200 AM
 LOWEST     14           500 PM
 AVERAGE    53

..........................................................


THE EUREKA AIRPORT NV CLIMATE NORMALS FOR TODAY
                         NORMAL    RECORD    YEAR
 MAXIMUM TEMPERATURE (F)   73        87      2001
 MINIMUM TEMPERATURE (F)   36        22      1989


SUNRISE AND SUNSET
MAY 25 2018...........SUNRISE   522 AM PDT   SUNSET   800 PM PDT
MAY 26 2018...........SUNRISE   522 AM PDT   SUNSET   801 PM PDT


-  INDICATES NEGATIVE NUMBERS.
R  INDICATES RECORD WAS SET OR TIED.
MM INDICATES DATA IS MISSING.
T  INDICATES TRACE AMOUNT.




$$
