684
CDUS45 KLKN 200030
CLIP68


CLIMATE REPORT
NATIONAL WEATHER SERVICE ELKO NV
529 PM PDT SAT OCT 19 2019


...................................

...THE EUREKA AIRPORT NV CLIMATE SUMMARY FOR OCTOBER 19 2019...
VALID TODAY AS OF 0500 PM LOCAL TIME.

CLIMATE NORMAL PERIOD 1981 TO 2010
CLIMATE RECORD PERIOD 1963 TO 2019


WEATHER ITEM   OBSERVED TIME   RECORD YEAR NORMAL DEPARTURE LAST
                VALUE   (LST)  VALUE       VALUE  FROM      YEAR
                                                  NORMAL
..................................................................
TEMPERATURE (F)
 TODAY
  MAXIMUM         59    100 PM  78    2003  63     -4       68
  MINIMUM         25    603 AM   9    1982  28     -3       25
  AVERAGE         42                        45     -3       47

PRECIPITATION (IN)
  TODAY            0.00          0.35 1986   0.03  -0.03     0.00
  MONTH TO DATE    0.00                      0.41  -0.41     1.02
  SINCE OCT 1      0.00                      0.41  -0.41     1.02
  SINCE JAN 1     11.94                      7.28   4.66     8.78

DEGREE DAYS
 HEATING
  TODAY           23                        20      3       18
  MONTH TO DATE  425                       315    110      398
  SINCE SEP 1    687                       532    155      543
  SINCE JUL 1    715                       579    136      549

 COOLING
  TODAY            0                         0      0        0
  MONTH TO DATE    0                         0      0        0
  SINCE SEP 1     29                        11     18       14
  SINCE JAN 1    318                       288     30      523
..................................................................


WIND (MPH)
  HIGHEST WIND SPEED    33   HIGHEST WIND DIRECTION     W (250)
  HIGHEST GUST SPEED    42   HIGHEST GUST DIRECTION     W (260)




RELATIVE HUMIDITY (PERCENT)
 HIGHEST    65           400 PM
 LOWEST     28           100 PM
 AVERAGE    47

..........................................................


THE EUREKA AIRPORT NV CLIMATE NORMALS FOR TOMORROW
                         NORMAL    RECORD    YEAR
 MAXIMUM TEMPERATURE (F)   62        81      2003
 MINIMUM TEMPERATURE (F)   27         7      1996


SUNRISE AND SUNSET
OCTOBER 19 2019.......SUNRISE   658 AM PDT   SUNSET   559 PM PDT
OCTOBER 20 2019.......SUNRISE   659 AM PDT   SUNSET   558 PM PDT


-  INDICATES NEGATIVE NUMBERS.
R  INDICATES RECORD WAS SET OR TIED.
MM INDICATES DATA IS MISSING.
T  INDICATES TRACE AMOUNT.




$$
