000
CDUS45 KLKN 230927
CLIP68


CLIMATE REPORT
NATIONAL WEATHER SERVICE ELKO NV
127 AM PST WED JAN 23 2019


...................................

...THE EUREKA AIRPORT NV CLIMATE SUMMARY FOR JANUARY 22 2019...

CLIMATE NORMAL PERIOD 1981 TO 2010
CLIMATE RECORD PERIOD 1963 TO 2019


WEATHER ITEM   OBSERVED TIME   RECORD YEAR NORMAL DEPARTURE LAST
                VALUE   (LST)  VALUE       VALUE  FROM      YEAR
                                                  NORMAL
..................................................................
TEMPERATURE (F)
 YESTERDAY
  MAXIMUM         24    236 PM  61    1994  38    -14       36
  MINIMUM         -4    253 AM -13    2008  11    -15       11
                                      2004
  AVERAGE         10                        24    -14       24

PRECIPITATION (IN)
  YESTERDAY        0.00          0.17 2009   0.02  -0.02     0.04
  MONTH TO DATE    0.66                      0.52   0.14     0.66
  SINCE OCT 1      3.28                      2.65   0.63     1.85
  SINCE JAN 1      0.66                      0.52   0.14     0.66

DEGREE DAYS
 HEATING
  YESTERDAY       55                        41     14       41
  MONTH TO DATE  866                       917    -51      668
  SINCE DEC 1   2139                      2164    -25     1760
  SINCE JUL 1   3888                      3923    -35     3344

 COOLING
  YESTERDAY        0                         0      0        0
  MONTH TO DATE    0                         0      0        0
  SINCE DEC 1      0                         0      0        0
  SINCE JAN 1      0                         0      0        0
..................................................................


WIND (MPH)
  HIGHEST WIND SPEED    10   HIGHEST WIND DIRECTION    SW (210)
  HIGHEST GUST SPEED    14   HIGHEST GUST DIRECTION     W (290)
  AVERAGE WIND SPEED     4.9




RELATIVE HUMIDITY (PERCENT)
 HIGHEST    95           300 AM
 LOWEST     68          1100 AM
 AVERAGE    82

..........................................................


THE EUREKA AIRPORT NV CLIMATE NORMALS FOR TODAY
                         NORMAL    RECORD    YEAR
 MAXIMUM TEMPERATURE (F)   38        60      1981
 MINIMUM TEMPERATURE (F)   11       -16      1985


SUNRISE AND SUNSET
JANUARY 23 2019.......SUNRISE   658 AM PST   SUNSET   453 PM PST
JANUARY 24 2019.......SUNRISE   658 AM PST   SUNSET   454 PM PST


-  INDICATES NEGATIVE NUMBERS.
R  INDICATES RECORD WAS SET OR TIED.
MM INDICATES DATA IS MISSING.
T  INDICATES TRACE AMOUNT.




$$
