000
CDUS45 KLKN 160040
CLIP68


CLIMATE REPORT
NATIONAL WEATHER SERVICE ELKO NV
535 PM PDT MON OCT 15 2018


...................................

...THE EUREKA AIRPORT NV CLIMATE SUMMARY FOR OCTOBER 15 2018...
VALID TODAY AS OF 0500 PM LOCAL TIME.

CLIMATE NORMAL PERIOD 1981 TO 2010
CLIMATE RECORD PERIOD 1963 TO 2018


WEATHER ITEM   OBSERVED TIME   RECORD YEAR NORMAL DEPARTURE LAST
                VALUE   (LST)  VALUE       VALUE  FROM      YEAR
                                                  NORMAL
..................................................................
TEMPERATURE (F)
 TODAY
  MAXIMUM         54    229 PM  82    2015  64    -10       68
  MINIMUM         10    235 AM   9    1966  29    -19       15
  AVERAGE         32                        46    -14       42

PRECIPITATION (IN)
  TODAY            0.00          0.80 1984   0.02  -0.02     0.00
  MONTH TO DATE    1.02                      0.30   0.72     0.28
  SINCE OCT 1      1.02                      0.30   0.72     0.28
  SINCE JAN 1      8.78                      7.17   1.61     9.32

DEGREE DAYS
 HEATING
  TODAY           33                        19     14       23
  MONTH TO DATE  312                       237     75      336
  SINCE SEP 1    457                       454      3      598
  SINCE JUL 1    463                       501    -38      602

 COOLING
  TODAY            0                         0      0        0
  MONTH TO DATE    0                         0      0        0
  SINCE SEP 1     14                        11      3       61
  SINCE JAN 1    523                       288    235      570
..................................................................


WIND (MPH)
  HIGHEST WIND SPEED    16   HIGHEST WIND DIRECTION     S (190)
  HIGHEST GUST SPEED    16   HIGHEST GUST DIRECTION     N (360)




RELATIVE HUMIDITY (PERCENT)
 HIGHEST    73          1200 AM
 LOWEST     61           100 AM
 AVERAGE    67

..........................................................


THE EUREKA AIRPORT NV CLIMATE NORMALS FOR TOMORROW
                         NORMAL    RECORD    YEAR
 MAXIMUM TEMPERATURE (F)   64        79      1991
                                             1986
 MINIMUM TEMPERATURE (F)   28         9      1999
                                             1970


SUNRISE AND SUNSET
OCTOBER 15 2018.......SUNRISE   654 AM PDT   SUNSET   605 PM PDT
OCTOBER 16 2018.......SUNRISE   655 AM PDT   SUNSET   603 PM PDT


-  INDICATES NEGATIVE NUMBERS.
R  INDICATES RECORD WAS SET OR TIED.
MM INDICATES DATA IS MISSING.
T  INDICATES TRACE AMOUNT.




$$
