555
CDUS45 KLKN 220029
CLIP68


CLIMATE REPORT
NATIONAL WEATHER SERVICE ELKO NV
529 PM PDT MON MAY 21 2018


...................................

...THE EUREKA AIRPORT NV CLIMATE SUMMARY FOR MAY 21 2018...
VALID TODAY AS OF 0500 PM LOCAL TIME.

CLIMATE NORMAL PERIOD 1981 TO 2010
CLIMATE RECORD PERIOD 1963 TO 2018


WEATHER ITEM   OBSERVED TIME   RECORD YEAR NORMAL DEPARTURE LAST
                VALUE   (LST)  VALUE       VALUE  FROM      YEAR
                                                  NORMAL
..................................................................
TEMPERATURE (F)
 TODAY
  MAXIMUM         68   1224 PM  88    2012  71     -3       72
  MINIMUM         43    318 AM  25    1983  35      8       37
  AVERAGE         56                        53      3       55

PRECIPITATION (IN)
  TODAY            0.07          0.32 1991   0.02   0.05     0.00
  MONTH TO DATE    1.05                      0.51   0.54     0.39
  SINCE OCT 1      7.05                      6.14   0.91     8.95
  SINCE JAN 1      5.86                      4.01   1.85     6.86

DEGREE DAYS
 HEATING
  TODAY            9                        12     -3       10
  MONTH TO DATE  270                       304    -34      286
  SINCE MAR 1   1859                      1823     36     1618
  SINCE JUL 1   6509                      7108   -599     6478

 COOLING
  TODAY            0                         0      0        0
  MONTH TO DATE    0                         0      0        0
  SINCE MAR 1      0                         0      0        0
  SINCE JAN 1      0                         0      0        0
..................................................................


WIND (MPH)
  HIGHEST WIND SPEED    31   HIGHEST WIND DIRECTION    SE (150)
  HIGHEST GUST SPEED    41   HIGHEST GUST DIRECTION    SE (130)




RELATIVE HUMIDITY (PERCENT)
 HIGHEST    93           600 AM
 LOWEST     42          1200 PM
 AVERAGE    68

..........................................................


THE EUREKA AIRPORT NV CLIMATE NORMALS FOR TOMORROW
                         NORMAL    RECORD    YEAR
 MAXIMUM TEMPERATURE (F)   72        88      2000
                                             1967
 MINIMUM TEMPERATURE (F)   35        21      2007


SUNRISE AND SUNSET
MAY 21 2018...........SUNRISE   525 AM PDT   SUNSET   757 PM PDT
MAY 22 2018...........SUNRISE   524 AM PDT   SUNSET   757 PM PDT


-  INDICATES NEGATIVE NUMBERS.
R  INDICATES RECORD WAS SET OR TIED.
MM INDICATES DATA IS MISSING.
T  INDICATES TRACE AMOUNT.




$$
