000
CDUS45 KLKN 280030
CLIP68


CLIMATE REPORT
NATIONAL WEATHER SERVICE ELKO NV
529 PM PDT WED MAY 27 2020


...................................

...THE EUREKA AIRPORT NV CLIMATE SUMMARY FOR MAY 27 2020...
VALID TODAY AS OF 0500 PM LOCAL TIME.

CLIMATE NORMAL PERIOD 1981 TO 2010
CLIMATE RECORD PERIOD 1963 TO 2020


WEATHER ITEM   OBSERVED TIME   RECORD YEAR NORMAL DEPARTURE LAST
                VALUE   (LST)  VALUE       VALUE  FROM      YEAR
                                                  NORMAL
..................................................................
TEMPERATURE (F)
 TODAY
  MAXIMUM         87    356 PM  90    2014  73     14       49
                                      2003
  MINIMUM         47    154 AM  24    1980  36     11       36
  AVERAGE         67                        55     12       43

PRECIPITATION (IN)
  TODAY            0.00          0.81 1987   0.02  -0.02     0.48
  MONTH TO DATE    0.34                      0.64  -0.30     2.95
  SINCE OCT 1      3.53                      6.27  -2.74    11.98
  SINCE JAN 1      1.81                      4.14  -2.33     9.36

DEGREE DAYS
 HEATING
  TODAY            0                        11    -11       22
  MONTH TO DATE  324                       372    -48      484
  SINCE MAR 1   1812                      1891    -79     1937
  SINCE JUL 1   6902                      7176   -274     7290

 COOLING
  TODAY            2                         0      2        0
  MONTH TO DATE    7                         0      7        0
  SINCE MAR 1      7                         0      7        0
  SINCE JAN 1      7                         0      7        0
..................................................................


WIND (MPH)
  HIGHEST WIND SPEED    18   HIGHEST WIND DIRECTION    NW (320)
  HIGHEST GUST SPEED    27   HIGHEST GUST DIRECTION    NW (320)




RELATIVE HUMIDITY (PERCENT)
 HIGHEST    65           200 AM
 LOWEST     15          1200 PM
 AVERAGE    40

..........................................................


THE EUREKA AIRPORT NV CLIMATE NORMALS FOR TOMORROW
                         NORMAL    RECORD    YEAR
 MAXIMUM TEMPERATURE (F)   73        95      2003
 MINIMUM TEMPERATURE (F)   36        25      1982


SUNRISE AND SUNSET
MAY 27 2020...........SUNRISE   521 AM PDT   SUNSET   802 PM PDT
MAY 28 2020...........SUNRISE   520 AM PDT   SUNSET   803 PM PDT


-  INDICATES NEGATIVE NUMBERS.
R  INDICATES RECORD WAS SET OR TIED.
MM INDICATES DATA IS MISSING.
T  INDICATES TRACE AMOUNT.




$$
