000
CDUS43 KPAH 302127
CLIPAH

CLIMATE REPORT
NATIONAL WEATHER SERVICE PADUCAH
427 PM CDT FRI OCT 30 2020

...................................

...THE PADUCAH KY CLIMATE SUMMARY FOR OCTOBER 30 2020...
VALID TODAY AS OF 0425 PM LOCAL TIME.

CLIMATE NORMAL PERIOD 1981 TO 2010
CLIMATE RECORD PERIOD 1937 TO 2020


WEATHER ITEM   OBSERVED TIME   RECORD YEAR NORMAL DEPARTURE LAST
                VALUE   (LST)  VALUE       VALUE  FROM      YEAR
                                                  NORMAL
...................................................................
TEMPERATURE (F)
 TODAY
  MAXIMUM         57    243 PM  84    1950  66     -9       53
                                      2016
  MINIMUM         37    636 AM  27    1980  43     -6       46
  AVERAGE         47                        55     -8       50

PRECIPITATION (IN)
  TODAY            0.00          1.29 2009   0.12  -0.12     0.49
  MONTH TO DATE    8.91                      3.84   5.07     5.92
  SINCE SEP 1     13.89                      7.59   6.30     6.24
  SINCE JAN 1     53.31                     40.07  13.24    62.05

SNOWFALL (IN)
  TODAY            0.0                                       0.0
  MONTH TO DATE    0.0                                       0.0
  SINCE JUL 1      0.0                                       0.0
  SNOW DEPTH       0

...................................................................


WIND (MPH)
  HIGHEST WIND SPEED    12   HIGHEST WIND DIRECTION    NE (30)
  HIGHEST GUST SPEED    16   HIGHEST GUST DIRECTION    NW (330)


RELATIVE HUMIDITY (PERCENT)
 HIGHEST    92
 LOWEST     45

..........................................................


THE PADUCAH KY CLIMATE NORMALS FOR TOMORROW
                         NORMAL    RECORD    YEAR
 MAXIMUM TEMPERATURE (F)   66        85      1950
 MINIMUM TEMPERATURE (F)   43        24      1993


SUNRISE AND SUNSET
OCTOBER 30 2020.......SUNRISE   718 AM CDT   SUNSET   559 PM CDT
OCTOBER 31 2020.......SUNRISE   719 AM CDT   SUNSET   558 PM CDT


-  INDICATES NEGATIVE NUMBERS.
R  INDICATES RECORD WAS SET OR TIED.
MM INDICATES DATA IS MISSING.
T  INDICATES TRACE AMOUNT.




$$
