000
CDUS43 KPAH 242127
CLIPAH


CLIMATE REPORT
NATIONAL WEATHER SERVICE PADUCAH KY
426 PM CDT SUN JUN 24 2018


...................................

...THE PADUCAH KY CLIMATE SUMMARY FOR JUNE 24 2018...
VALID TODAY AS OF 0400 PM LOCAL TIME.

CLIMATE NORMAL PERIOD 1981 TO 2010
CLIMATE RECORD PERIOD 1937 TO 2018


WEATHER ITEM   OBSERVED TIME   RECORD YEAR NORMAL DEPARTURE LAST
                VALUE   (LST)  VALUE       VALUE  FROM      YEAR
                                                  NORMAL
..................................................................
TEMPERATURE (F)
 TODAY
  MAXIMUM         86   1048 AM 103    1988  88     -2       81
  MINIMUM         68    450 AM  49    1972  67      1       59
  AVERAGE         77                        78     -1       70

PRECIPITATION (IN)
  TODAY            0.00          3.01 1955   0.14  -0.14     0.00
  MONTH TO DATE    2.35                      3.25  -0.90     6.25
  SINCE JUN 1      2.35                      3.25  -0.90     6.25
  SINCE JAN 1     31.84                     24.47   7.37    28.60

SNOWFALL (IN)
  TODAY            0.0                                       0.0
  MONTH TO DATE    0.0                                       0.0
  SINCE JUL 1     13.7                                       1.2
  SNOW DEPTH       0

..................................................................


WIND (MPH)
  HIGHEST WIND SPEED    13   HIGHEST WIND DIRECTION     W (260)
  HIGHEST GUST SPEED    17   HIGHEST GUST DIRECTION     W (260)




RELATIVE HUMIDITY (PERCENT)
 HIGHEST    97
 LOWEST     65

..........................................................


THE PADUCAH KY CLIMATE NORMALS FOR TOMORROW
                         NORMAL    RECORD    YEAR
 MAXIMUM TEMPERATURE (F)   88       102      1988
 MINIMUM TEMPERATURE (F)   67        54      1979


SUNRISE AND SUNSET
JUNE 24 2018..........SUNRISE   536 AM CDT   SUNSET   819 PM CDT
JUNE 25 2018..........SUNRISE   537 AM CDT   SUNSET   819 PM CDT


-  INDICATES NEGATIVE NUMBERS.
R  INDICATES RECORD WAS SET OR TIED.
MM INDICATES DATA IS MISSING.
T  INDICATES TRACE AMOUNT.




$$
