000
CDUS43 KPAH 250636
CLIPAH

CLIMATE REPORT
NATIONAL WEATHER SERVICE PADUCAH
136 AM CDT MON MAY 25 2020

...................................

...THE PADUCAH KY CLIMATE SUMMARY FOR MAY 24 2020...

CLIMATE NORMAL PERIOD 1981 TO 2010
CLIMATE RECORD PERIOD 1937 TO 2020


WEATHER ITEM   OBSERVED TIME   RECORD YEAR NORMAL DEPARTURE LAST
                VALUE   (LST)  VALUE       VALUE  FROM      YEAR
                                                  NORMAL
...................................................................
TEMPERATURE (F)
 YESTERDAY
  MAXIMUM         88    239 PM  93    1996  80      8       91
  MINIMUM         69   1159 PM  45    1961  59     10       65
                                      1963
  AVERAGE         79                        69     10       78

PRECIPITATION (IN)
  YESTERDAY        T             3.29 1966   0.14  -0.14     0.00
  MONTH TO DATE    3.52                      3.92  -0.40     7.96
  SINCE MAR 1     13.05                     12.61   0.44    20.21
  SINCE JAN 1     25.68                     20.20   5.48    35.41

SNOWFALL (IN)
  YESTERDAY        0.0           0.0  2001   0.0    0.0      0.0
                                      2002
  MONTH TO DATE    0.0                       0.0    0.0      0.0
  SINCE MAR 1      0.0                       0.6   -0.6      0.3
  SINCE JUL 1      1.2                       9.1   -7.9      6.1
  SNOW DEPTH       0

DEGREE DAYS
 HEATING
  YESTERDAY        0                         1     -1        0
  MONTH TO DATE   99                        58     41       49
  SINCE MAR 1    741                       826    -85      848
  SINCE JUL 1   3768                      4122   -354     3960

 COOLING
  YESTERDAY       14                         5      9       13
  MONTH TO DATE   80                        85     -5      109
  SINCE MAR 1    109                       127    -18      133
  SINCE JAN 1    109                       127    -18      133
...................................................................


WIND (MPH)
  HIGHEST WIND SPEED    15   HIGHEST WIND DIRECTION     S (170)
  HIGHEST GUST SPEED    22   HIGHEST GUST DIRECTION     S (160)
  AVERAGE WIND SPEED     6.5


SKY COVER
  POSSIBLE SUNSHINE  MM
  AVERAGE SKY COVER 0.1


WEATHER CONDITIONS
THE FOLLOWING WEATHER WAS RECORDED YESTERDAY.
  LIGHT RAIN


RELATIVE HUMIDITY (PERCENT)
 HIGHEST    79           300 AM
 LOWEST     46           200 PM
 AVERAGE    63

..........................................................


THE PADUCAH KY CLIMATE NORMALS FOR TODAY
                         NORMAL    RECORD    YEAR
 MAXIMUM TEMPERATURE (F)   80        93      2012
 MINIMUM TEMPERATURE (F)   59        43      1992


SUNRISE AND SUNSET
MAY 25 2020...........SUNRISE   540 AM CDT   SUNSET   805 PM CDT
MAY 26 2020...........SUNRISE   539 AM CDT   SUNSET   806 PM CDT


-  INDICATES NEGATIVE NUMBERS.
R  INDICATES RECORD WAS SET OR TIED.
MM INDICATES DATA IS MISSING.
T  INDICATES TRACE AMOUNT.




$$
