000
CDUS43 KPAH 210631
CLIPAH


CLIMATE REPORT
NATIONAL WEATHER SERVICE PADUCAH KY
130 AM CDT FRI SEP 21 2018


...................................

...THE PADUCAH KY CLIMATE SUMMARY FOR SEPTEMBER 20 2018...

CLIMATE NORMAL PERIOD 1981 TO 2010
CLIMATE RECORD PERIOD 1937 TO 2018


WEATHER ITEM   OBSERVED TIME   RECORD YEAR NORMAL DEPARTURE LAST
                VALUE   (LST)  VALUE       VALUE  FROM      YEAR
                                                  NORMAL
..................................................................
TEMPERATURE (F)
 YESTERDAY
  MAXIMUM         97R   200 PM  95    1955  81     16       92
  MINIMUM         69    554 AM  41    1991  56     13       72
  AVERAGE         83                        68     15       82

PRECIPITATION (IN)
  YESTERDAY        0.00          3.38 1954   0.12  -0.12     0.00
  MONTH TO DATE    3.45                      2.41   1.04     2.55
  SINCE SEP 1      3.45                      2.41   1.04     2.55
  SINCE JAN 1     41.82                     34.89   6.93    35.68

SNOWFALL (IN)
  YESTERDAY        0.0           0.0  2002   0.0    0.0      0.0
                                      2001
  MONTH TO DATE    0.0                       0.0    0.0      0.0
  SINCE SEP 1      0.0                       0.0    0.0      0.0
  SINCE JUL 1      0.0                       0.0    0.0      0.0
  SNOW DEPTH       0

DEGREE DAYS
 HEATING
  YESTERDAY        0                         2     -2        0
  MONTH TO DATE    0                         9     -9       11
  SINCE SEP 1      0                         9     -9       11
  SINCE JUL 1      0                        10    -10       11

 COOLING
  YESTERDAY       18                         5     13       17
  MONTH TO DATE  264                       150    114      117
  SINCE SEP 1    264                       150    114      117
  SINCE JAN 1   1953                      1463    490     1491
..................................................................


WIND (MPH)
  HIGHEST WIND SPEED    13   HIGHEST WIND DIRECTION    SW (240)
  HIGHEST GUST SPEED    17   HIGHEST GUST DIRECTION     W (250)
  AVERAGE WIND SPEED     3.9


SKY COVER
  POSSIBLE SUNSHINE  MM
  AVERAGE SKY COVER 0.1


WEATHER CONDITIONS
 THE FOLLOWING WEATHER WAS RECORDED YESTERDAY.
  FOG
  HAZE


RELATIVE HUMIDITY (PERCENT)
 HIGHEST    93          1200 AM
 LOWEST     38           200 PM
 AVERAGE    66

..........................................................


THE PADUCAH KY CLIMATE NORMALS FOR TODAY
                         NORMAL    RECORD    YEAR
 MAXIMUM TEMPERATURE (F)   80        98      1940
 MINIMUM TEMPERATURE (F)   56        38      1991


SUNRISE AND SUNSET
SEPTEMBER 21 2018.....SUNRISE   642 AM CDT   SUNSET   653 PM CDT
SEPTEMBER 22 2018.....SUNRISE   643 AM CDT   SUNSET   652 PM CDT


-  INDICATES NEGATIVE NUMBERS.
R  INDICATES RECORD WAS SET OR TIED.
MM INDICATES DATA IS MISSING.
T  INDICATES TRACE AMOUNT.




$$
