000
CDUS43 KPAH 160635
CLIPAH


CLIMATE REPORT
NATIONAL WEATHER SERVICE PADUCAH KY
1233 AM CST SUN DEC 16 2018


...................................

...THE PADUCAH KY CLIMATE SUMMARY FOR DECEMBER 15 2018...

CLIMATE NORMAL PERIOD 1981 TO 2010
CLIMATE RECORD PERIOD 1937 TO 2018


WEATHER ITEM   OBSERVED TIME   RECORD YEAR NORMAL DEPARTURE LAST
                VALUE   (LST)  VALUE       VALUE  FROM      YEAR
                                                  NORMAL
..................................................................
TEMPERATURE (F)
 YESTERDAY
  MAXIMUM         51    232 PM  71    1984  46      5       46
  MINIMUM         42   1159 PM   2    1989  28     14       32
  AVERAGE         47                        37     10       39

PRECIPITATION (IN)
  YESTERDAY        0.69          2.05 2007   0.14   0.55     0.00
  MONTH TO DATE    3.76                      2.32   1.44     0.69
  SINCE DEC 1      3.76                      2.32   1.44     0.69
  SINCE JAN 1     58.81                     46.81  12.00    43.83

SNOWFALL (IN)
  YESTERDAY        0.0           1.0  1972   0.1   -0.1      0.0
  MONTH TO DATE    T                         0.9   -0.9       T
  SINCE DEC 1      T                         0.9   -0.9       T
  SINCE JUL 1      2.3                       1.0    1.3       T
  SNOW DEPTH       0

DEGREE DAYS
 HEATING
  YESTERDAY       18                        28    -10       26
  MONTH TO DATE  347                       386    -39      367
  SINCE DEC 1    347                       386    -39      367
  SINCE JUL 1   1280                      1163    117     1050

 COOLING
  YESTERDAY        0                         0      0        0
  MONTH TO DATE    0                         0      0        0
  SINCE DEC 1      0                         0      0        0
  SINCE JAN 1   2138                      1542    596     1692
..................................................................


WIND (MPH)
  HIGHEST WIND SPEED    18   HIGHEST WIND DIRECTION    NE (40)
  HIGHEST GUST SPEED    24   HIGHEST GUST DIRECTION    NE (40)
  AVERAGE WIND SPEED     8.9


SKY COVER
  POSSIBLE SUNSHINE  MM
  AVERAGE SKY COVER 1.0


WEATHER CONDITIONS
 THE FOLLOWING WEATHER WAS RECORDED YESTERDAY.
  HEAVY RAIN
  RAIN
  LIGHT RAIN
  FOG


RELATIVE HUMIDITY (PERCENT)
 HIGHEST    93           300 AM
 LOWEST     82          1000 PM
 AVERAGE    88

..........................................................


THE PADUCAH KY CLIMATE NORMALS FOR TODAY
                         NORMAL    RECORD    YEAR
 MAXIMUM TEMPERATURE (F)   46        70      1984
 MINIMUM TEMPERATURE (F)   28        -4      1989


SUNRISE AND SUNSET
DECEMBER 16 2018......SUNRISE   702 AM CST   SUNSET   440 PM CST
DECEMBER 17 2018......SUNRISE   702 AM CST   SUNSET   440 PM CST


-  INDICATES NEGATIVE NUMBERS.
R  INDICATES RECORD WAS SET OR TIED.
MM INDICATES DATA IS MISSING.
T  INDICATES TRACE AMOUNT.




$$
