470
CDUS44 KLZK 150641
CLIPBF


CLIMATE REPORT
NATIONAL WEATHER SERVICE LITTLE ROCK AR
140 AM CDT MON OCT 15 2018


...................................

...THE PINE BLUFF CLIMATE SUMMARY FOR OCTOBER 14 2018...

CLIMATE NORMAL PERIOD 1981 TO 2010
CLIMATE RECORD PERIOD 1883 TO 2018


WEATHER ITEM   OBSERVED TIME   RECORD YEAR NORMAL DEPARTURE LAST
                VALUE   (LST)  VALUE       VALUE  FROM      YEAR
                                                  NORMAL
..................................................................
TEMPERATURE (F)
 YESTERDAY
  MAXIMUM         77    245 PM  95    1928  76      1       90
  MINIMUM         61   1240 AM  33    1907  52      9       58
  AVERAGE         69                        64      5       74

PRECIPITATION (IN)
  YESTERDAY        0.57          2.36 1919   0.16   0.41     0.00
  MONTH TO DATE    2.12                      2.09   0.03     0.04
  SINCE SEP 1     14.39                      4.78   9.61     0.84
  SINCE JAN 1     61.12                     37.97  23.15    41.35

SNOWFALL (IN)
  YESTERDAY        0.0          MM      MM   0.0    0.0      0.0
  MONTH TO DATE    0.0                       0.0    0.0      0.0
  SINCE SEP 1      0.0                       0.0    0.0      0.0
  SINCE JUL 1      0.0                       0.0    0.0      0.0
  SNOW DEPTH       0

DEGREE DAYS
 HEATING
  YESTERDAY        0                         3     -3        0
  MONTH TO DATE   14                        31    -17        4
  SINCE SEP 1     17                        42    -25        6
  SINCE JUL 1     17                        42    -25        6

 COOLING
  YESTERDAY        4                         2      2        9
  MONTH TO DATE  138                        47     91      120
  SINCE SEP 1    482                       333    149      403
  SINCE JAN 1   2416                      2091    325     2049
..................................................................


WIND (MPH)
  HIGHEST WIND SPEED    13   HIGHEST WIND DIRECTION     S (190)
  HIGHEST GUST SPEED    17   HIGHEST GUST DIRECTION     S (190)
  AVERAGE WIND SPEED     4.8


SKY COVER
  POSSIBLE SUNSHINE  MM
  AVERAGE SKY COVER 0.9


WEATHER CONDITIONS
 THE FOLLOWING WEATHER WAS RECORDED YESTERDAY.
  THUNDERSTORM
  HEAVY RAIN
  RAIN
  LIGHT RAIN
  FOG


RELATIVE HUMIDITY (PERCENT)
 HIGHEST    97          1200 AM
 LOWEST     82           200 PM
 AVERAGE    90

..........................................................


THE PINE BLUFF CLIMATE NORMALS FOR TODAY
                         NORMAL    RECORD    YEAR
 MAXIMUM TEMPERATURE (F)   75        95      2015
 MINIMUM TEMPERATURE (F)   52        33      1907


SUNRISE AND SUNSET
OCTOBER 15 2018.......SUNRISE   713 AM CDT   SUNSET   633 PM CDT
OCTOBER 16 2018.......SUNRISE   714 AM CDT   SUNSET   632 PM CDT


-  INDICATES NEGATIVE NUMBERS.
R  INDICATES RECORD WAS SET OR TIED.
MM INDICATES DATA IS MISSING.
T  INDICATES TRACE AMOUNT.




$$
