409
CDUS44 KLZK 142109
CLIPBF


CLIMATE REPORT
NATIONAL WEATHER SERVICE LITTLE ROCK AR
408 PM CDT MON OCT 14 2019


...................................

...THE PINE BLUFF CLIMATE SUMMARY FOR OCTOBER 14 2019...
VALID TODAY AS OF 0400 PM LOCAL TIME.

CLIMATE NORMAL PERIOD 1981 TO 2010
CLIMATE RECORD PERIOD 1883 TO 2019


WEATHER ITEM   OBSERVED TIME   RECORD YEAR NORMAL DEPARTURE LAST
                VALUE   (LST)  VALUE       VALUE  FROM      YEAR
                                                  NORMAL
..................................................................
TEMPERATURE (F)
 TODAY
  MAXIMUM         74    220 PM  95    1928  76     -2       77
  MINIMUM         45    417 AM  33    1907  52     -7       61
  AVERAGE         60                        64     -4       69

PRECIPITATION (IN)
  TODAY            0.00          2.36 1919   0.16  -0.16     0.57
  MONTH TO DATE    0.73                      2.09  -1.36     2.12
  SINCE SEP 1      3.23                      4.78  -1.55    14.39
  SINCE JAN 1     53.16                     37.97  15.19    61.12

SNOWFALL (IN)
  TODAY            0.0          MM      MM   0.0    0.0      0.0
  MONTH TO DATE    0.0                       0.0    0.0      0.0
  SINCE SEP 1      0.0                       0.0    0.0      0.0
  SINCE JUL 1      0.0                       0.0    0.0      0.0
  SNOW DEPTH       0

DEGREE DAYS
 HEATING
  TODAY            5                         3      2        0
  MONTH TO DATE   35                        31      4       14
  SINCE SEP 1     35                        42     -7       17
  SINCE JUL 1     35                        42     -7       17

 COOLING
  TODAY            0                         2     -2        4
  MONTH TO DATE   93                        47     46      138
  SINCE SEP 1    590                       333    257      482
  SINCE JAN 1   2285                      2091    194     2416
..................................................................


WIND (MPH)
  HIGHEST WIND SPEED     9   HIGHEST WIND DIRECTION     S (170)
  HIGHEST GUST SPEED    13   HIGHEST GUST DIRECTION    SE (140)
  AVERAGE WIND SPEED     2.1


SKY COVER
  POSSIBLE SUNSHINE  MM
  AVERAGE SKY COVER 0.3


WEATHER CONDITIONS
 THE FOLLOWING WEATHER WAS RECORDED TODAY.
  FOG
  FOG W/VISIBILITY <= 1/4 MILE


RELATIVE HUMIDITY (PERCENT)
 HIGHEST   100           200 AM
 LOWEST     38           200 PM
 AVERAGE    69

..........................................................


THE PINE BLUFF CLIMATE NORMALS FOR TOMORROW
                         NORMAL    RECORD    YEAR
 MAXIMUM TEMPERATURE (F)   75        95      2015
 MINIMUM TEMPERATURE (F)   52        33      1907


SUNRISE AND SUNSET
OCTOBER 14 2019.......SUNRISE   712 AM CDT   SUNSET   635 PM CDT
OCTOBER 15 2019.......SUNRISE   713 AM CDT   SUNSET   634 PM CDT


-  INDICATES NEGATIVE NUMBERS.
R  INDICATES RECORD WAS SET OR TIED.
MM INDICATES DATA IS MISSING.
T  INDICATES TRACE AMOUNT.




$$
