000
CDUS44 KLZK 230641
CLIPBF


CLIMATE REPORT
NATIONAL WEATHER SERVICE LITTLE ROCK AR
140 AM CDT MON APR 23 2018


...................................

...THE PINE BLUFF CLIMATE SUMMARY FOR APRIL 22 2018...

CLIMATE NORMAL PERIOD 1981 TO 2010
CLIMATE RECORD PERIOD 1883 TO 2018


WEATHER ITEM   OBSERVED TIME   RECORD YEAR NORMAL DEPARTURE LAST
                VALUE   (LST)  VALUE       VALUE  FROM      YEAR
                                                  NORMAL
..................................................................
TEMPERATURE (F)
 YESTERDAY
  MAXIMUM         68    337 PM  92    1925  76     -8       65
  MINIMUM         54   1159 PM  35    1931  54      0       51
  AVERAGE         61                        65     -4       58

PRECIPITATION (IN)
  YESTERDAY        1.03          3.03 1974   0.17   0.86     0.70
  MONTH TO DATE    7.87                      3.61   4.26     4.07
  SINCE MAR 1     13.55                      9.01   4.54     7.17
  SINCE JAN 1     31.37                     16.83  14.54    13.47

SNOWFALL (IN)
  YESTERDAY        0.0          MM      MM   0.0    0.0      0.0
  MONTH TO DATE    T                         0.0    0.0      0.0
  SINCE MAR 1      T                         0.0    0.0      0.0
  SINCE JUL 1      4.1                       3.1    1.0      1.5
  SNOW DEPTH       0

DEGREE DAYS
 HEATING
  YESTERDAY        4                         3      1        7
  MONTH TO DATE  213                       111    102       37
  SINCE MAR 1    473                       458     15      284
  SINCE JUL 1   2887                      2846     41     1995

 COOLING
  YESTERDAY        0                         3     -3        0
  MONTH TO DATE   13                        40    -27       80
  SINCE MAR 1     36                        57    -21      116
  SINCE JAN 1     52                        60     -8      137
..................................................................


WIND (MPH)
  HIGHEST WIND SPEED    28   HIGHEST WIND DIRECTION     E (100)
  HIGHEST GUST SPEED    33   HIGHEST GUST DIRECTION     E (100)
  AVERAGE WIND SPEED     9.3


SKY COVER
  POSSIBLE SUNSHINE  MM
  AVERAGE SKY COVER 1.0


WEATHER CONDITIONS
 THE FOLLOWING WEATHER WAS RECORDED YESTERDAY.
  HEAVY RAIN
  RAIN
  LIGHT RAIN
  FOG


RELATIVE HUMIDITY (PERCENT)
 HIGHEST   100          1200 AM
 LOWEST     67           600 PM
 AVERAGE    84

..........................................................


THE PINE BLUFF CLIMATE NORMALS FOR TODAY
                         NORMAL    RECORD    YEAR
 MAXIMUM TEMPERATURE (F)   76        96      1905
 MINIMUM TEMPERATURE (F)   54        38      1931


SUNRISE AND SUNSET
APRIL 23 2018.........SUNRISE   627 AM CDT   SUNSET   746 PM CDT
APRIL 24 2018.........SUNRISE   626 AM CDT   SUNSET   746 PM CDT


-  INDICATES NEGATIVE NUMBERS.
R  INDICATES RECORD WAS SET OR TIED.
MM INDICATES DATA IS MISSING.
T  INDICATES TRACE AMOUNT.




$$
