000
CDUS44 KLZK 230640
CLIPBF


CLIMATE REPORT
NATIONAL WEATHER SERVICE LITTLE ROCK AR
1239 AM CST WED JAN 23 2019


...................................

...THE PINE BLUFF CLIMATE SUMMARY FOR JANUARY 22 2019...

CLIMATE NORMAL PERIOD 1981 TO 2010
CLIMATE RECORD PERIOD 1883 TO 2019


WEATHER ITEM   OBSERVED TIME   RECORD YEAR NORMAL DEPARTURE LAST
                VALUE   (LST)  VALUE       VALUE  FROM      YEAR
                                                  NORMAL
..................................................................
TEMPERATURE (F)
 YESTERDAY
  MAXIMUM         57   1159 PM  79    1921  52      5       65
  MINIMUM         40    303 AM   3    1918  33      7       44
  AVERAGE         49                        42      7       55

PRECIPITATION (IN)
  YESTERDAY        0.32          5.65 1906   0.12   0.20     1.11
  MONTH TO DATE    2.91                      2.64   0.27     2.54
  SINCE DEC 1     10.23                      8.08   2.15    10.82
  SINCE JAN 1      2.91                      2.64   0.27     2.54

SNOWFALL (IN)
  YESTERDAY        0.3           4.0  1995   0.1    0.2      0.0
  MONTH TO DATE    0.3                       1.2   -0.9      4.1
  SINCE DEC 1      0.3                       1.4   -1.1      4.1
  SINCE JUL 1      1.3                       1.4   -0.1      4.1
  SNOW DEPTH       0

DEGREE DAYS
 HEATING
  YESTERDAY       16                        23     -7       10
  MONTH TO DATE  432                       506    -74      658
  SINCE DEC 1   1006                      1155   -149     1317
  SINCE JUL 1   1641                      1659    -18     1780

 COOLING
  YESTERDAY        0                         0      0        0
  MONTH TO DATE    0                         0      0        0
  SINCE DEC 1      0                         1     -1        0
  SINCE JAN 1      0                         0      0        0
..................................................................


WIND (MPH)
  HIGHEST WIND SPEED    25   HIGHEST WIND DIRECTION    SE (150)
  HIGHEST GUST SPEED    37   HIGHEST GUST DIRECTION    SE (150)
  AVERAGE WIND SPEED    13.4


SKY COVER
  POSSIBLE SUNSHINE  MM
  AVERAGE SKY COVER 1.0


WEATHER CONDITIONS
 THE FOLLOWING WEATHER WAS RECORDED YESTERDAY.
  RAIN
  LIGHT RAIN
  FOG


RELATIVE HUMIDITY (PERCENT)
 HIGHEST    93           800 PM
 LOWEST     60          1200 AM
 AVERAGE    77

..........................................................


THE PINE BLUFF CLIMATE NORMALS FOR TODAY
                         NORMAL    RECORD    YEAR
 MAXIMUM TEMPERATURE (F)   52        82      1943
 MINIMUM TEMPERATURE (F)   33         2      1918


SUNRISE AND SUNSET
JANUARY 23 2019.......SUNRISE   711 AM CST   SUNSET   529 PM CST
JANUARY 24 2019.......SUNRISE   710 AM CST   SUNSET   530 PM CST


-  INDICATES NEGATIVE NUMBERS.
R  INDICATES RECORD WAS SET OR TIED.
MM INDICATES DATA IS MISSING.
T  INDICATES TRACE AMOUNT.




$$
