000
CDUS44 KLZK 240645
CLIPBF


CLIMATE REPORT
NATIONAL WEATHER SERVICE LITTLE ROCK AR
1245 AM CST SAT FEB 24 2018


...................................

...THE PINE BLUFF CLIMATE SUMMARY FOR FEBRUARY 23 2018...

CLIMATE NORMAL PERIOD 1981 TO 2010
CLIMATE RECORD PERIOD 1883 TO 2018


WEATHER ITEM   OBSERVED TIME   RECORD YEAR NORMAL DEPARTURE LAST
                VALUE   (LST)  VALUE       VALUE  FROM      YEAR
                                                  NORMAL
..................................................................
TEMPERATURE (F)
 YESTERDAY
  MAXIMUM         60    448 PM  84    1930  58      2       78
  MINIMUM         48    336 AM  19    1989  38     10       47
                                      1978
                                      1901
  AVERAGE         54                        48      6       63

PRECIPITATION (IN)
  YESTERDAY        0.28          3.68 1962   0.17   0.11     0.00
  MONTH TO DATE   11.54                      3.23   8.31     2.38
  SINCE DEC 1     22.63                     12.43  10.20     9.83
  SINCE JAN 1     14.35                      6.99   7.36     5.25

SNOWFALL (IN)
  YESTERDAY        0.0           4.2  1966   0.0    0.0      0.0
  MONTH TO DATE    0.0                       0.6   -0.6      0.0
  SINCE DEC 1      4.1                       3.1    1.0      1.5
  SINCE JUL 1      4.1                       3.1    1.0      1.5
  SNOW DEPTH       0

DEGREE DAYS
 HEATING
  YESTERDAY       11                        17     -6        2
  MONTH TO DATE  423                       447    -24      250
  SINCE DEC 1   1912                      1801    111     1362
  SINCE JUL 1   2375                      2305     70     1659

 COOLING
  YESTERDAY        0                         0      0        0
  MONTH TO DATE   15                         0     15       12
  SINCE DEC 1     15                         2     13       22
  SINCE JAN 1     15                         1     14       17
..................................................................


WIND (MPH)
  HIGHEST WIND SPEED    14   HIGHEST WIND DIRECTION     N (20)
  HIGHEST GUST SPEED    17   HIGHEST GUST DIRECTION     N (10)
  AVERAGE WIND SPEED     5.4


SKY COVER
  POSSIBLE SUNSHINE  MM
  AVERAGE SKY COVER 1.0


WEATHER CONDITIONS
 THE FOLLOWING WEATHER WAS RECORDED YESTERDAY.
  HEAVY RAIN
  LIGHT RAIN
  FOG


RELATIVE HUMIDITY (PERCENT)
 HIGHEST   100          1200 AM
 LOWEST     93           200 PM
 AVERAGE    97

..........................................................


THE PINE BLUFF CLIMATE NORMALS FOR TODAY
                         NORMAL    RECORD    YEAR
 MAXIMUM TEMPERATURE (F)   58        85      1918
 MINIMUM TEMPERATURE (F)   39        18      1910


SUNRISE AND SUNSET
FEBRUARY 24 2018......SUNRISE   643 AM CST   SUNSET   600 PM CST
FEBRUARY 25 2018......SUNRISE   641 AM CST   SUNSET   601 PM CST


-  INDICATES NEGATIVE NUMBERS.
R  INDICATES RECORD WAS SET OR TIED.
MM INDICATES DATA IS MISSING.
T  INDICATES TRACE AMOUNT.




$$
