000
CDUS44 KLZK 282205
CLIPBF


CLIMATE REPORT
NATIONAL WEATHER SERVICE LITTLE ROCK AR
405 PM CST FRI FEB 28 2020


...................................

...THE PINE BLUFF CLIMATE SUMMARY FOR FEBRUARY 28 2020...
VALID TODAY AS OF 0400 PM LOCAL TIME.

CLIMATE NORMAL PERIOD 1981 TO 2010
CLIMATE RECORD PERIOD 1883 TO 2020


WEATHER ITEM   OBSERVED TIME   RECORD YEAR NORMAL DEPARTURE LAST
                VALUE   (LST)  VALUE       VALUE  FROM      YEAR
                                                  NORMAL
..................................................................
TEMPERATURE (F)
 TODAY
  MAXIMUM         60    259 PM  91    1918  60      0       57
  MINIMUM         34    445 AM  21    2002  40     -6       39
  AVERAGE         47                        50     -3       48

PRECIPITATION (IN)
  TODAY            0.00          2.33 1900   0.17  -0.17     0.00
  MONTH TO DATE    7.33                      4.06   3.27     6.77
  SINCE DEC 1     15.81                     13.26   2.55    18.27
  SINCE JAN 1     13.52                      7.82   5.70    10.95

SNOWFALL (IN)
  TODAY            0.0           3.0  1916   0.0    0.0      0.0
  MONTH TO DATE    T                         0.6   -0.6       T
  SINCE DEC 1      T                         3.1   -3.1       T
  SINCE JUL 1      T                         3.1   -3.1      1.0
  SNOW DEPTH       0

DEGREE DAYS
 HEATING
  TODAY           18                        16      2       17
  MONTH TO DATE  504                       528    -24      471
  SINCE DEC 1   1635                      1884   -249     1704
  SINCE JUL 1   2293                      2388    -95     2339

 COOLING
  TODAY            0                         0      0        0
  MONTH TO DATE    0                         2     -2        6
  SINCE DEC 1      1                         4     -3        6
  SINCE JAN 1      1                         3     -2        6
..................................................................


WIND (MPH)
  HIGHEST WIND SPEED    18   HIGHEST WIND DIRECTION    NW (300)
  HIGHEST GUST SPEED    26   HIGHEST GUST DIRECTION     W (280)
  AVERAGE WIND SPEED     9.2


SKY COVER
  POSSIBLE SUNSHINE  MM
  AVERAGE SKY COVER 0.1


WEATHER CONDITIONS
 THE FOLLOWING WEATHER WAS RECORDED TODAY.
  NO SIGNIFICANT WEATHER WAS OBSERVED.


RELATIVE HUMIDITY (PERCENT)
 HIGHEST    70           500 AM
 LOWEST     26           200 PM
 AVERAGE    48

..........................................................


THE PINE BLUFF CLIMATE NORMALS FOR TOMORROW
                         NORMAL    RECORD    YEAR
 MAXIMUM TEMPERATURE (F)   60        85      1932
 MINIMUM TEMPERATURE (F)   40        23      1968
                                             1920


SUNRISE AND SUNSET
FEBRUARY 28 2020......SUNRISE   638 AM CST   SUNSET   603 PM CST
FEBRUARY 29 2020......SUNRISE   637 AM CST   SUNSET   604 PM CST


-  INDICATES NEGATIVE NUMBERS.
R  INDICATES RECORD WAS SET OR TIED.
MM INDICATES DATA IS MISSING.
T  INDICATES TRACE AMOUNT.




$$
