000
CDUS42 KMFL 150821
CLIPBI


CLIMATE REPORT
NATIONAL WEATHER SERVICE MIAMI, FL
420 AM EDT MON OCT 15 2018


...................................

...THE WEST PALM BEACH CLIMATE SUMMARY FOR OCTOBER 14 2018...

CLIMATE NORMAL PERIOD 1981 TO 2010
CLIMATE RECORD PERIOD 1888 TO 2018


WEATHER ITEM   OBSERVED TIME   RECORD YEAR NORMAL DEPARTURE LAST
                VALUE   (LST)  VALUE       VALUE  FROM      YEAR
                                                  NORMAL
..................................................................
TEMPERATURE (F)
 YESTERDAY
  MAXIMUM         88    125 PM  91    1901  85      3       87
  MINIMUM         74    556 AM  55    1977  72      2       78
  AVERAGE         81                        79      2       83

PRECIPITATION (IN)
  YESTERDAY        0.04          6.25 1908   0.15  -0.11     0.35
  MONTH TO DATE    1.98                      2.62  -0.64     4.76
  SINCE JUN 1     26.60                     32.98  -6.38    34.02
  SINCE JAN 1     50.72                     51.69  -0.97    45.43

SNOWFALL (IN)
  YESTERDAY        0.0
  MONTH TO DATE    0.0
  SINCE SEP 1      0.0
  SINCE JUL 1      0.0
  SNOW DEPTH       0

DEGREE DAYS
 HEATING
  YESTERDAY        0                         0      0        0
  MONTH TO DATE    0                         0      0        0
  SINCE SEP 1      0                         0      0        0
  SINCE JUL 1      0                         0      0        0

 COOLING
  YESTERDAY       16                        14      2       18
  MONTH TO DATE  248                       207     41      251
  SINCE SEP 1    800                       709     91      809
  SINCE JAN 1   3632                      3415    217     3870
..................................................................


WIND (MPH)
  HIGHEST WIND SPEED    21   HIGHEST WIND DIRECTION     E (100)
  HIGHEST GUST SPEED    25   HIGHEST GUST DIRECTION     E (110)
  AVERAGE WIND SPEED     6.9


SKY COVER
  AVERAGE SKY COVER 0.4


WEATHER CONDITIONS
 THE FOLLOWING WEATHER WAS RECORDED YESTERDAY.
  LIGHT RAIN


RELATIVE HUMIDITY (PERCENT)
 HIGHEST   100
 LOWEST     68
 AVERAGE    84

..........................................................


THE WEST PALM BEACH CLIMATE NORMALS FOR TODAY
                         NORMAL    RECORD    YEAR
 MAXIMUM TEMPERATURE (F)   85        93      2009
 MINIMUM TEMPERATURE (F)   72        54      1977


SUNRISE AND SUNSET
OCTOBER 15 2018.......SUNRISE   720 AM EDT   SUNSET   652 PM EDT
OCTOBER 16 2018.......SUNRISE   720 AM EDT   SUNSET   651 PM EDT


-  INDICATES NEGATIVE NUMBERS.
R  INDICATES RECORD WAS SET OR TIED.
MM INDICATES DATA IS MISSING.
T  INDICATES TRACE AMOUNT.




$$
