000
CDUS42 KMFL 222017
CLIPBI


CLIMATE REPORT
NATIONAL WEATHER SERVICE MIAMI, FL
416 PM EDT TUE OCT 22 2019


...................................

...THE WEST PALM BEACH CLIMATE SUMMARY FOR OCTOBER 22 2019...
VALID TODAY AS OF 0400 PM LOCAL TIME.

CLIMATE NORMAL PERIOD 1981 TO 2010
CLIMATE RECORD PERIOD 1888 TO 2019


WEATHER ITEM   OBSERVED TIME   RECORD YEAR NORMAL DEPARTURE LAST
                VALUE   (LST)  VALUE       VALUE  FROM      YEAR
                                                  NORMAL
..................................................................
TEMPERATURE (F)
 TODAY
  MAXIMUM         88    235 PM  91    1941  84      4       82
  MINIMUM         77    619 AM  53    1961  71      6       77
  AVERAGE         83                        77      6       80

PRECIPITATION (IN)
  TODAY            T             2.45 1915   0.15  -0.15      T
  MONTH TO DATE    4.27                      3.78   0.49     1.98
  SINCE JUN 1     31.25                     34.14  -2.89    26.60
  SINCE JAN 1     52.26                     52.85  -0.59    50.72

SNOWFALL (IN)
  TODAY            0.0
  MONTH TO DATE    0.0
  SINCE SEP 1      0.0
  SINCE JUL 1      0.0
  SNOW DEPTH       0

DEGREE DAYS
 HEATING
  TODAY            0                         0      0        0
  MONTH TO DATE    0                         0      0        0
  SINCE SEP 1      0                         0      0        0
  SINCE JUL 1      0                         0      0        0

 COOLING
  TODAY           18                        12      6       15
  MONTH TO DATE  373                       311     62      388
  SINCE SEP 1    916                       813    103      940
  SINCE JAN 1   4082                      3519    563     3772
..................................................................


WIND (MPH)
  HIGHEST WIND SPEED    13   HIGHEST WIND DIRECTION     E (110)
  HIGHEST GUST SPEED    18   HIGHEST GUST DIRECTION    SE (120)
  AVERAGE WIND SPEED     4.2


SKY COVER
  AVERAGE SKY COVER 0.6


WEATHER CONDITIONS
 THE FOLLOWING WEATHER WAS RECORDED TODAY.
  NO SIGNIFICANT WEATHER WAS OBSERVED.


RELATIVE HUMIDITY (PERCENT)
 HIGHEST    94
 LOWEST     63
 AVERAGE    79

..........................................................


THE WEST PALM BEACH CLIMATE NORMALS FOR TOMORROW
                         NORMAL    RECORD    YEAR
 MAXIMUM TEMPERATURE (F)   84        92      1959
 MINIMUM TEMPERATURE (F)   70        47      1923


SUNRISE AND SUNSET
OCTOBER 22 2019.......SUNRISE   724 AM EDT   SUNSET   646 PM EDT
OCTOBER 23 2019.......SUNRISE   724 AM EDT   SUNSET   645 PM EDT


-  INDICATES NEGATIVE NUMBERS.
R  INDICATES RECORD WAS SET OR TIED.
MM INDICATES DATA IS MISSING.
T  INDICATES TRACE AMOUNT.




$$
