000
CDUS42 KMFL 242117
CLIPBI


CLIMATE REPORT
NATIONAL WEATHER SERVICE MIAMI, FL
417 PM EST FRI JAN 24 2020


...................................

...THE WEST PALM BEACH CLIMATE SUMMARY FOR JANUARY 24 2020...
VALID TODAY AS OF 0400 PM LOCAL TIME.

CLIMATE NORMAL PERIOD 1981 TO 2010
CLIMATE RECORD PERIOD 1888 TO 2020


WEATHER ITEM   OBSERVED TIME   RECORD YEAR NORMAL DEPARTURE LAST
                VALUE   (LST)  VALUE       VALUE  FROM      YEAR
                                                  NORMAL
..................................................................
TEMPERATURE (F)
 TODAY
  MAXIMUM         76    305 PM  85    1965  75      1       83
  MINIMUM         65    335 AM  33    2003  57      8       66
  AVERAGE         71                        66      5       75

PRECIPITATION (IN)
  TODAY            0.29          2.76 1893   0.09   0.20     0.67
  MONTH TO DATE    0.73                      2.48  -1.75     0.97
  SINCE NOV 1     13.30                     10.61   2.69     4.20
  SINCE JAN 1      0.73                      2.48  -1.75     0.97

SNOWFALL (IN)
  TODAY            0.0
  MONTH TO DATE    0.0
  SINCE DEC 1      0.0
  SINCE JUL 1      0.0
  SNOW DEPTH       0

DEGREE DAYS
 HEATING
  TODAY            0                         3     -3        0
  MONTH TO DATE   25                        72    -47       30
  SINCE DEC 1     40                       131    -91       75
  SINCE JUL 1     46                       143    -97       99

 COOLING
  TODAY            6                         3      3       10
  MONTH TO DATE  168                        79     89       90
  SINCE DEC 1    417                       234    183      277
  SINCE JAN 1    168                        79     89       90
..................................................................


WIND (MPH)
  HIGHEST WIND SPEED    14   HIGHEST WIND DIRECTION    SW (240)
  HIGHEST GUST SPEED    17   HIGHEST GUST DIRECTION    SW (240)
  AVERAGE WIND SPEED     7.2


SKY COVER
  AVERAGE SKY COVER 0.8


WEATHER CONDITIONS
 THE FOLLOWING WEATHER WAS RECORDED TODAY.
  LIGHT RAIN
  FOG


RELATIVE HUMIDITY (PERCENT)
 HIGHEST   100
 LOWEST     64
 AVERAGE    82

..........................................................


THE WEST PALM BEACH CLIMATE NORMALS FOR TOMORROW
                         NORMAL    RECORD    YEAR
 MAXIMUM TEMPERATURE (F)   75        87      1928
                                             1917
 MINIMUM TEMPERATURE (F)   57        39      1980
                                             1940


SUNRISE AND SUNSET
JANUARY 24 2020.......SUNRISE   709 AM EST   SUNSET   556 PM EST
JANUARY 25 2020.......SUNRISE   709 AM EST   SUNSET   557 PM EST


-  INDICATES NEGATIVE NUMBERS.
R  INDICATES RECORD WAS SET OR TIED.
MM INDICATES DATA IS MISSING.
T  INDICATES TRACE AMOUNT.




$$
