000
CDUS42 KMFL 240926
CLIPBI


CLIMATE REPORT
NATIONAL WEATHER SERVICE MIAMI, FL
426 AM EST SAT FEB 24 2018


...................................

...THE WEST PALM BEACH CLIMATE SUMMARY FOR FEBRUARY 23 2018...

CLIMATE NORMAL PERIOD 1981 TO 2010
CLIMATE RECORD PERIOD 1888 TO 2018


WEATHER ITEM   OBSERVED TIME   RECORD YEAR NORMAL DEPARTURE LAST
                VALUE   (LST)  VALUE       VALUE  FROM      YEAR
                                                  NORMAL
..................................................................
TEMPERATURE (F)
 YESTERDAY
  MAXIMUM         83   1243 PM  88    1991  77      6       79
                                      1990
  MINIMUM         71   1101 PM  32    1978  60     11       57
  AVERAGE         77                        69      8       68

PRECIPITATION (IN)
  YESTERDAY        0.02          3.37 1903   0.11  -0.09     0.00
  MONTH TO DATE    0.09                      2.24  -2.15     1.73
  SINCE NOV 1      7.95                     13.50  -5.55     7.20
  SINCE JAN 1      4.51                      5.37  -0.86     2.73

SNOWFALL (IN)
  YESTERDAY        0.0
  MONTH TO DATE    0.0
  SINCE DEC 1      0.0
  SINCE JUL 1      0.0
  SNOW DEPTH       0

DEGREE DAYS
 HEATING
  YESTERDAY        0                         1     -1        0
  MONTH TO DATE    0                        43    -43        2
  SINCE DEC 1    136                       188    -52       51
  SINCE JUL 1    140                       200    -60       52

 COOLING
  YESTERDAY       12                         5      7        3
  MONTH TO DATE  237                       103    134      123
  SINCE DEC 1    525                       366    159      587
  SINCE JAN 1    348                       211    137      294
..................................................................


WIND (MPH)
  HIGHEST WIND SPEED    22   HIGHEST WIND DIRECTION    SE (130)
  HIGHEST GUST SPEED    27   HIGHEST GUST DIRECTION     E (90)
  AVERAGE WIND SPEED    13.7


SKY COVER
  AVERAGE SKY COVER 0.5


WEATHER CONDITIONS
 THE FOLLOWING WEATHER WAS RECORDED YESTERDAY.
  RAIN
  LIGHT RAIN


RELATIVE HUMIDITY (PERCENT)
 HIGHEST    87
 LOWEST     58
 AVERAGE    73

..........................................................


THE WEST PALM BEACH CLIMATE NORMALS FOR TODAY
                         NORMAL    RECORD    YEAR
 MAXIMUM TEMPERATURE (F)   77        88      2013
                                             2012
                                             1975
 MINIMUM TEMPERATURE (F)   60        32      1989


SUNRISE AND SUNSET
FEBRUARY 24 2018......SUNRISE   649 AM EST   SUNSET   619 PM EST
FEBRUARY 25 2018......SUNRISE   648 AM EST   SUNSET   619 PM EST


-  INDICATES NEGATIVE NUMBERS.
R  INDICATES RECORD WAS SET OR TIED.
MM INDICATES DATA IS MISSING.
T  INDICATES TRACE AMOUNT.




$$
