000
CDUS42 KMFL 230922
CLIPBI


CLIMATE REPORT
NATIONAL WEATHER SERVICE MIAMI, FL
421 AM EST WED JAN 23 2019


...................................

...THE WEST PALM BEACH CLIMATE SUMMARY FOR JANUARY 22 2019...

CLIMATE NORMAL PERIOD 1981 TO 2010
CLIMATE RECORD PERIOD 1888 TO 2019


WEATHER ITEM   OBSERVED TIME   RECORD YEAR NORMAL DEPARTURE LAST
                VALUE   (LST)  VALUE       VALUE  FROM      YEAR
                                                  NORMAL
..................................................................
TEMPERATURE (F)
 YESTERDAY
  MAXIMUM         75    332 PM  88    1926  75      0       79
  MINIMUM         60   1200 AM  28    1985  57      3       71
  AVERAGE         68                        66      2       75

PRECIPITATION (IN)
  YESTERDAY        0.00          6.30 1998   0.10  -0.10      T
  MONTH TO DATE    0.30                      2.29  -1.99     3.94
  SINCE NOV 1      3.53                     10.42  -6.89     7.38
  SINCE JAN 1      0.30                      2.29  -1.99     3.94

SNOWFALL (IN)
  YESTERDAY        0.0
  MONTH TO DATE    0.0
  SINCE DEC 1      0.0
  SINCE JUL 1      0.0
  SNOW DEPTH       0

DEGREE DAYS
 HEATING
  YESTERDAY        0                         3     -3        0
  MONTH TO DATE   30                        66    -36       79
  SINCE DEC 1     75                       125    -50      128
  SINCE JUL 1     99                       137    -38      132

 COOLING
  YESTERDAY        3                         3      0       10
  MONTH TO DATE   71                        73     -2       55
  SINCE DEC 1    258                       228     30      232
  SINCE JAN 1     71                        73     -2       55
..................................................................


WIND (MPH)
  HIGHEST WIND SPEED    29   HIGHEST WIND DIRECTION     E (90)
  HIGHEST GUST SPEED    35   HIGHEST GUST DIRECTION     E (80)
  AVERAGE WIND SPEED    19.4


SKY COVER
  AVERAGE SKY COVER 0.5


WEATHER CONDITIONS
 THE FOLLOWING WEATHER WAS RECORDED YESTERDAY.
  NO SIGNIFICANT WEATHER WAS OBSERVED.


RELATIVE HUMIDITY (PERCENT)
 HIGHEST    86
 LOWEST     46
 AVERAGE    66

..........................................................


THE WEST PALM BEACH CLIMATE NORMALS FOR TODAY
                         NORMAL    RECORD    YEAR
 MAXIMUM TEMPERATURE (F)   75        87      1973
 MINIMUM TEMPERATURE (F)   57        32      1985


SUNRISE AND SUNSET
JANUARY 23 2019.......SUNRISE   709 AM EST   SUNSET   556 PM EST
JANUARY 24 2019.......SUNRISE   709 AM EST   SUNSET   557 PM EST


-  INDICATES NEGATIVE NUMBERS.
R  INDICATES RECORD WAS SET OR TIED.
MM INDICATES DATA IS MISSING.
T  INDICATES TRACE AMOUNT.




$$
