110
CDUS42 KFFC 140819
CLIPDK


CLIMATE REPORT
NATIONAL WEATHER SERVICE PEACHTREE CITY GA
418 AM EDT MON OCT 14 2019


...................................

...THE DEKALB PEACHTREE AIRPORT CLIMATE SUMMARY FOR OCTOBER 13 2019...

CLIMATE NORMAL PERIOD 1981 TO 2010
CLIMATE RECORD PERIOD 9999 TO 9999


WEATHER ITEM   OBSERVED TIME   RECORD YEAR NORMAL DEPARTURE LAST
                VALUE   (LST)  VALUE       VALUE  FROM      YEAR
                                                  NORMAL
..................................................................
TEMPERATURE (F)
 YESTERDAY
  MAXIMUM         63    601 PM  MM      MM  74    -11       73
  MINIMUM         58   1004 AM  MM      MM  52      6       53
  AVERAGE         61                        63     -2       63

PRECIPITATION (IN)
  YESTERDAY        0.25         MM      MM   0.09   0.16     0.00
  MONTH TO DATE    0.28                      1.65  -1.37     2.98
  SINCE SEP 1      1.62                      6.21  -4.59     4.17
  SINCE JAN 1     37.18                     42.79  -5.61    46.66

SNOWFALL (IN)
  YESTERDAY        0.0          MM      MM  MM     MM        0.0
  MONTH TO DATE    0.0                      MM     MM        0.0
  SINCE SEP 1      0.0                      MM     MM        0.0
  SINCE JUL 1      0.0                      MM     MM        0.0
  SNOW DEPTH       0

DEGREE DAYS
 HEATING
  YESTERDAY        4                         4      0        2
  MONTH TO DATE    4                        33    -29        5
  SINCE SEP 1      4                        43    -39        5
  SINCE JUL 1      4                        43    -39        5

 COOLING
  YESTERDAY        0                         1     -1        0
  MONTH TO DATE  106                        33     73      124
  SINCE SEP 1    525                       280    245      559
  SINCE JAN 1   2144                      1737    407     2140
..................................................................


WIND (MPH)
  RESULTANT WIND SPEED   2   RESULTANT WIND DIRECTION   W (270)
  HIGHEST WIND SPEED    14   HIGHEST WIND DIRECTION    NW (310)
  HIGHEST GUST SPEED    17   HIGHEST GUST DIRECTION    NW (300)
  AVERAGE WIND SPEED     3.2


SKY COVER
  AVERAGE SKY COVER 0.7


WEATHER CONDITIONS
 THE FOLLOWING WEATHER WAS RECORDED YESTERDAY.
  HEAVY RAIN
  LIGHT RAIN
  FOG


RELATIVE HUMIDITY (PERCENT)
 HIGHEST   100          1200 PM
 LOWEST     87           600 AM
 AVERAGE    94

..........................................................


THE DEKALB PEACHTREE AIRPORT CLIMATE NORMALS FOR TODAY
                         NORMAL    RECORD    YEAR
 MAXIMUM TEMPERATURE (F)   73        MM        MM
 MINIMUM TEMPERATURE (F)   52        MM        MM


SUNRISE AND SUNSET
OCTOBER 14 2019.......SUNRISE   741 AM EDT   SUNSET   705 PM EDT
OCTOBER 15 2019.......SUNRISE   742 AM EDT   SUNSET   703 PM EDT


-  INDICATES NEGATIVE NUMBERS.
R  INDICATES RECORD WAS SET OR TIED.
MM INDICATES DATA IS MISSING.
T  INDICATES TRACE AMOUNT.




$$
