000
CDUS46 KPDT 150029
CLIPDT

CLIMATE REPORT
NATIONAL WEATHER SERVICE PENDLETON OR
527 PM PDT TUE AUG 14 2018


...................................

...THE PENDLETON OR CLIMATE SUMMARY FOR AUGUST 14 2018...
VALID TODAY AS OF 0500 PM LOCAL TIME.

CLIMATE NORMAL PERIOD 1981 TO 2010
CLIMATE RECORD PERIOD 1890 TO 2018


WEATHER ITEM   OBSERVED TIME   RECORD YEAR NORMAL DEPARTURE LAST
                VALUE   (LST)  VALUE       VALUE  FROM      YEAR
                                                  NORMAL
..................................................................
TEMPERATURE (F)
 TODAY
  MAXIMUM         93    225 PM 107    1933  88      5       78
                                      1930
  MINIMUM         53    411 AM  40    1910  57     -4       49
                                      1895
  AVERAGE         73                        72      1       64

PRECIPITATION (IN)
  TODAY            0.00          0.53 1976   0.01  -0.01     0.00
  MONTH TO DATE    0.00                      0.15  -0.15     0.07
  SINCE OCT 1     10.68                     11.86  -1.18    16.89
  SINCE JAN 1      6.49                      7.86  -1.37    11.37

SNOWFALL (IN)
  TODAY            0.0           0.0  2002   0.0    0.0      0.0
                                      2001
                                      1999
  MONTH TO DATE    0.0                       0.0    0.0      0.0
  SINCE JAN 1      5.0                       7.7   -2.7     25.9
  SINCE JUL 1      0.0                       0.0    0.0      0.0
  SNOW DEPTH       0

DEGREE DAYS
 HEATING
  TODAY            0                         0      0        1
  MONTH TO DATE    0                         0      0        1
  SINCE JUN 1     61                        94    -33       76
  SINCE JUL 1      4                        11     -7        1

 COOLING
  TODAY            8                         8      0        0
  MONTH TO DATE  159                       121     38      204
  SINCE JUN 1    563                       446    117      626
  SINCE JAN 1    610                       469    141      654
..................................................................


WIND (MPH)
  HIGHEST WIND SPEED    13   HIGHEST WIND DIRECTION    NE (40)
  HIGHEST GUST SPEED    18   HIGHEST GUST DIRECTION     N (350)
  AVERAGE WIND SPEED     7.0


SKY COVER
  POSSIBLE SUNSHINE  MM
  AVERAGE SKY COVER 0.2


WEATHER CONDITIONS
 THE FOLLOWING WEATHER WAS RECORDED TODAY.
  HAZE


RELATIVE HUMIDITY (PERCENT)
 HIGHEST    64           500 AM
 LOWEST     14           300 PM
 AVERAGE    39

..........................................................


THE PENDLETON OR CLIMATE NORMALS FOR TOMORROW
                         NORMAL    RECORD    YEAR
 MAXIMUM TEMPERATURE (F)   87       109      1901
 MINIMUM TEMPERATURE (F)   57        38      1910


SUNRISE AND SUNSET
AUGUST 14 2018........SUNRISE   555 AM PDT   SUNSET   805 PM PDT
AUGUST 15 2018........SUNRISE   556 AM PDT   SUNSET   803 PM PDT


-  INDICATES NEGATIVE NUMBERS.
R  INDICATES RECORD WAS SET OR TIED.
MM INDICATES DATA IS MISSING.
T  INDICATES TRACE AMOUNT.




$$
