000
CDUS46 KPDT 220044
CLIPDT

CLIMATE REPORT
NATIONAL WEATHER SERVICE PENDLETON OR
531 PM PDT SUN OCT 21 2018


...................................

...THE PENDLETON OR CLIMATE SUMMARY FOR OCTOBER 21 2018...
VALID TODAY AS OF 0500 PM LOCAL TIME.

CLIMATE NORMAL PERIOD 1981 TO 2010
CLIMATE RECORD PERIOD 1890 TO 2018


WEATHER ITEM   OBSERVED TIME   RECORD YEAR NORMAL DEPARTURE LAST
                VALUE   (LST)  VALUE       VALUE  FROM      YEAR
                                                  NORMAL
..................................................................
TEMPERATURE (F)
 TODAY
  MAXIMUM         63    329 PM  88    2003  61      2       61
  MINIMUM         37    649 AM  16    1911  39     -2       42
  AVERAGE         50                        50      0       52

PRECIPITATION (IN)
  TODAY            0.00          0.73 1954   0.03  -0.03     0.65
  MONTH TO DATE    1.39                      0.59   0.80     1.38
  SINCE OCT 1      1.39                      0.59   0.80     1.38
  SINCE JAN 1      7.91                      9.25  -1.34    13.67

SNOWFALL (IN)
  TODAY            0.0           0.0  2002   0.0    0.0      0.0
                                      2001
                                      1999
  MONTH TO DATE    0.0                       0.0    0.0      0.0
  SINCE JAN 1      5.0                       7.7   -2.7     25.9
  SINCE JUL 1      0.0                       0.0    0.0      0.0
  SNOW DEPTH       0

DEGREE DAYS
 HEATING
  TODAY           15                        15      0       13
  MONTH TO DATE  303                       239     64      276
  SINCE SEP 1    425                       351     74      391
  SINCE JUL 1    440                       373     67      393

 COOLING
  TODAY            0                         0      0        0
  MONTH TO DATE    0                         0      0        0
  SINCE SEP 1     25                        64    -39      113
  SINCE JAN 1    736                       634    102      894
..................................................................


WIND (MPH)
  HIGHEST WIND SPEED     8   HIGHEST WIND DIRECTION     N (340)
  HIGHEST GUST SPEED    12   HIGHEST GUST DIRECTION    NW (310)
  AVERAGE WIND SPEED     4.9


SKY COVER
  POSSIBLE SUNSHINE  MM
  AVERAGE SKY COVER 0.0


WEATHER CONDITIONS
THE FOLLOWING WEATHER WAS RECORDED TODAY.
  HAZE


RELATIVE HUMIDITY (PERCENT)
 HIGHEST    92           200 AM
 LOWEST     39           300 PM
 AVERAGE    66

..........................................................


THE PENDLETON OR CLIMATE NORMALS FOR TOMORROW
                         NORMAL    RECORD    YEAR
 MAXIMUM TEMPERATURE (F)   61        82      1924
                                             1915
 MINIMUM TEMPERATURE (F)   39        16      1911


SUNRISE AND SUNSET
OCTOBER 21 2018.......SUNRISE   720 AM PDT   SUNSET   559 PM PDT
OCTOBER 22 2018.......SUNRISE   721 AM PDT   SUNSET   557 PM PDT


-  INDICATES NEGATIVE NUMBERS.
R  INDICATES RECORD WAS SET OR TIED.
MM INDICATES DATA IS MISSING.
T  INDICATES TRACE AMOUNT.




$$
