000
CDUS46 KPDT 210045
CLIPDT

CLIMATE REPORT
NATIONAL WEATHER SERVICE PENDLETON OR
445 PM PST SUN JAN 20 2019


...................................

...THE PENDLETON OR CLIMATE SUMMARY FOR JANUARY 20 2019...
VALID TODAY AS OF 0400 PM LOCAL TIME.

CLIMATE NORMAL PERIOD 1981 TO 2010
CLIMATE RECORD PERIOD 1890 TO 2019


WEATHER ITEM   OBSERVED TIME   RECORD YEAR NORMAL DEPARTURE LAST
                VALUE   (LST)  VALUE       VALUE  FROM      YEAR
                                                  NORMAL
..................................................................
TEMPERATURE (F)
 TODAY
  MAXIMUM         41    741 AM  67    1968  43     -2       48
  MINIMUM         33    322 PM -18    1930  30      3       33
  AVERAGE         37                        36      1       41

PRECIPITATION (IN)
  TODAY            0.39          0.65 1919   0.05   0.34      T
  MONTH TO DATE    1.37                      0.97   0.40     1.06
  SINCE OCT 1      5.38                      4.97   0.41     5.25
  SINCE JAN 1      1.37                      0.97   0.40     1.06

SNOWFALL (IN)
  TODAY            T             3.7  1957   0.1   -0.1      0.0
  MONTH TO DATE    T                         2.6   -2.6       T
  SINCE JAN 1      T                         2.6   -2.6       T
  SINCE JUL 1      0.7                      10.1   -9.4     10.0
  SNOW DEPTH       0

DEGREE DAYS
 HEATING
  TODAY           28                        29     -1       24
  MONTH TO DATE  571                       608    -37      534
  SINCE DEC 1   1420                      1592   -172     1583
  SINCE JUL 1   2715                      2845   -130     2791

 COOLING
  TODAY            0                         0      0        0
  MONTH TO DATE    0                         0      0        0
  SINCE DEC 1      0                         0      0        0
  SINCE JAN 1      0                         0      0        0
..................................................................


WIND (MPH)
  HIGHEST WIND SPEED    20   HIGHEST WIND DIRECTION    NW (300)
  HIGHEST GUST SPEED    24   HIGHEST GUST DIRECTION     N (360)
  AVERAGE WIND SPEED    10.4


SKY COVER
  POSSIBLE SUNSHINE  MM
  AVERAGE SKY COVER 0.9


WEATHER CONDITIONS
 THE FOLLOWING WEATHER WAS RECORDED TODAY.
  RAIN
  LIGHT RAIN
  LIGHT SNOW
  FOG


RELATIVE HUMIDITY (PERCENT)
 HIGHEST    92          1200 AM
 LOWEST     85           100 AM
 AVERAGE    89

..........................................................


THE PENDLETON OR CLIMATE NORMALS FOR TOMORROW
                         NORMAL    RECORD    YEAR
 MAXIMUM TEMPERATURE (F)   43        62      1909
 MINIMUM TEMPERATURE (F)   30       -26      1930


SUNRISE AND SUNSET
JANUARY 20 2019.......SUNRISE   729 AM PST   SUNSET   444 PM PST
JANUARY 21 2019.......SUNRISE   728 AM PST   SUNSET   446 PM PST


-  INDICATES NEGATIVE NUMBERS.
R  INDICATES RECORD WAS SET OR TIED.
MM INDICATES DATA IS MISSING.
T  INDICATES TRACE AMOUNT.




$$
