000
CDUS46 KPDT 260918
CLIPDT

CLIMATE REPORT
NATIONAL WEATHER SERVICE PENDLETON OR
218 AM PDT SAT MAY 26 2018


...................................

...THE PENDLETON OR CLIMATE SUMMARY FOR MAY 25 2018...

CLIMATE NORMAL PERIOD 1981 TO 2010
CLIMATE RECORD PERIOD 1890 TO 2018


WEATHER ITEM   OBSERVED TIME   RECORD YEAR NORMAL DEPARTURE LAST
                VALUE   (LST)  VALUE       VALUE  FROM      YEAR
                                                  NORMAL
..................................................................
TEMPERATURE (F)
 YESTERDAY
  MAXIMUM         81    332 PM  98    1928  72      9       65
  MINIMUM         54    451 AM  30    1918  48      6       43
  AVERAGE         68                        60      8       54

PRECIPITATION (IN)
  YESTERDAY        T             0.66 1981   0.05  -0.05      T
  MONTH TO DATE    0.65                      1.06  -0.41     0.93
  SINCE OCT 1     10.26                     10.12   0.14    14.66
  SINCE JAN 1      6.07                      6.12  -0.05     9.14

SNOWFALL (IN)
  YESTERDAY        0.0           0.0  2002   0.0    0.0      0.0
                                      2001
                                      2000
  MONTH TO DATE    0.0                       0.0    0.0      0.0
  SINCE JAN 1      5.0                       7.7   -2.7     25.9
  SINCE JUL 1     15.0                      15.2   -0.2     44.4
  SNOW DEPTH       0

DEGREE DAYS
 HEATING
  YESTERDAY        0                         6     -6       11
  MONTH TO DATE   62                       214   -152      234
  SINCE MAR 1   1107                      1262   -155     1281
  SINCE JUL 1   4884                      5161   -277     5583

 COOLING
  YESTERDAY        3                         1      2        0
  MONTH TO DATE   43                        16     27       12
  SINCE MAR 1     43                        17     26       12
  SINCE JAN 1     43                        17     26       12
..................................................................


WIND (MPH)
  HIGHEST WIND SPEED    25   HIGHEST WIND DIRECTION     W (260)
  HIGHEST GUST SPEED    31   HIGHEST GUST DIRECTION     W (270)
  AVERAGE WIND SPEED    10.0


SKY COVER
  POSSIBLE SUNSHINE  MM
  AVERAGE SKY COVER 0.2


WEATHER CONDITIONS
 THE FOLLOWING WEATHER WAS RECORDED YESTERDAY.
  LIGHT RAIN


RELATIVE HUMIDITY (PERCENT)
 HIGHEST    83           400 AM
 LOWEST     30           300 PM
 AVERAGE    57

..........................................................


THE PENDLETON OR CLIMATE NORMALS FOR TODAY
                         NORMAL    RECORD    YEAR
 MAXIMUM TEMPERATURE (F)   73        99      1936
 MINIMUM TEMPERATURE (F)   48        29      1918


SUNRISE AND SUNSET
MAY 26 2018...........SUNRISE   513 AM PDT   SUNSET   832 PM PDT
MAY 27 2018...........SUNRISE   513 AM PDT   SUNSET   833 PM PDT


-  INDICATES NEGATIVE NUMBERS.
R  INDICATES RECORD WAS SET OR TIED.
MM INDICATES DATA IS MISSING.
T  INDICATES TRACE AMOUNT.

$$
