000
CDUS46 KPDT 160027
CLIPDT

CLIMATE REPORT
NATIONAL WEATHER SERVICE PENDLETON OR
527 PM PDT TUE OCT 15 2019


...................................

...THE PENDLETON OR CLIMATE SUMMARY FOR OCTOBER 15 2019...
VALID TODAY AS OF 0500 PM LOCAL TIME.

CLIMATE NORMAL PERIOD 1981 TO 2010
CLIMATE RECORD PERIOD 1890 TO 2019


WEATHER ITEM   OBSERVED TIME   RECORD YEAR NORMAL DEPARTURE LAST
                VALUE   (LST)  VALUE       VALUE  FROM      YEAR
                                                  NORMAL
..................................................................
TEMPERATURE (F)
 TODAY
  MAXIMUM         60    213 PM  84    1991  64     -4       65
                                      1963
  MINIMUM         34    641 AM  23    1897  40     -6       33
  AVERAGE         47                        52     -5       49

PRECIPITATION (IN)
  TODAY            0.00          0.39 1905   0.03  -0.03     0.00
  MONTH TO DATE    0.05                      0.38  -0.33     1.39
  SINCE OCT 1      0.05                      0.38  -0.33     1.39
  SINCE JAN 1     10.90                      9.04   1.86     7.91

SNOWFALL (IN)
  TODAY            0.0           0.0  2002   0.0    0.0      0.0
                                      2001
                                      1999
  MONTH TO DATE    T                         0.0    0.0      0.0
  SINCE JAN 1     35.6                       7.7   27.9      5.0
  SINCE JUL 1      T                         0.0    0.0      0.0
  SNOW DEPTH       0

DEGREE DAYS
 HEATING
  TODAY           18                        13      5       16
  MONTH TO DATE  249                       154     95      219
  SINCE SEP 1    375                       266    109      341
  SINCE JUL 1    377                       288     89      356

 COOLING
  TODAY            0                         0      0        0
  MONTH TO DATE    0                         0      0        0
  SINCE SEP 1     69                        64      5       25
  SINCE JAN 1    640                       634      6      736
..................................................................


WIND (MPH)
  HIGHEST WIND SPEED    16   HIGHEST WIND DIRECTION     W (290)
  HIGHEST GUST SPEED    19   HIGHEST GUST DIRECTION     W (290)
  AVERAGE WIND SPEED     5.4


SKY COVER
  POSSIBLE SUNSHINE  MM
  AVERAGE SKY COVER 0.1


WEATHER CONDITIONS
 THE FOLLOWING WEATHER WAS RECORDED TODAY.
  HAZE


RELATIVE HUMIDITY (PERCENT)
 HIGHEST    82           700 AM
 LOWEST     36          1100 AM
 AVERAGE    59

..........................................................


THE PENDLETON OR CLIMATE NORMALS FOR TOMORROW
                         NORMAL    RECORD    YEAR
 MAXIMUM TEMPERATURE (F)   64        83      1916
 MINIMUM TEMPERATURE (F)   40        24      1897


SUNRISE AND SUNSET
OCTOBER 15 2019.......SUNRISE   712 AM PDT   SUNSET   610 PM PDT
OCTOBER 16 2019.......SUNRISE   713 AM PDT   SUNSET   608 PM PDT


-  INDICATES NEGATIVE NUMBERS.
R  INDICATES RECORD WAS SET OR TIED.
MM INDICATES DATA IS MISSING.
T  INDICATES TRACE AMOUNT.




$$
