000
CDUS46 KPDT 200828
CLIPDT

CLIMATE REPORT
NATIONAL WEATHER SERVICE PENDLETON OR
128 AM PDT TUE OCT 20 2020

...................................

...THE PENDLETON OR CLIMATE SUMMARY FOR OCTOBER 19 2020...

CLIMATE NORMAL PERIOD 1981 TO 2010
CLIMATE RECORD PERIOD 1890 TO 2020


WEATHER ITEM   OBSERVED TIME   RECORD YEAR NORMAL DEPARTURE LAST
                VALUE   (LST)  VALUE       VALUE  FROM      YEAR
                                                  NORMAL
...................................................................
TEMPERATURE (F)
 YESTERDAY
  MAXIMUM         67    159 PM  82    1940  62      5       50
  MINIMUM         50   1159 PM  15    1911  39     11       44
  AVERAGE         59                        51      8       47

PRECIPITATION (IN)
  YESTERDAY        0.00          1.30 1899   0.03  -0.03     0.26
  MONTH TO DATE    0.44                      0.52  -0.08     0.46
  SINCE SEP 1      0.58                      1.09  -0.51     1.57
  SINCE JAN 1      9.19                      9.18   0.01    11.31

SNOWFALL (IN)
  YESTERDAY        0.0           0.0  1999   0.0    0.0      0.0
                                      2001
                                      2002
  MONTH TO DATE    0.0                       0.0    0.0       T
  SINCE SEP 1      0.0                       0.0    0.0       T
  SINCE JUL 1      0.0                       0.0    0.0       T
  SNOW DEPTH       0

DEGREE DAYS
 HEATING
  YESTERDAY        6                        14     -8       18
  MONTH TO DATE   80                       209   -129      301
  SINCE SEP 1    123                       321   -198      427
  SINCE JUL 1    128                       343   -215      429

 COOLING
  YESTERDAY        0                         0      0        0
  MONTH TO DATE   13                         0     13        0
  SINCE SEP 1    100                        64     36       69
  SINCE JAN 1    751                       634    117      640
...................................................................


WIND (MPH)
  HIGHEST WIND SPEED    32   HIGHEST WIND DIRECTION     W (270)
  HIGHEST GUST SPEED    40   HIGHEST GUST DIRECTION     W (270)
  AVERAGE WIND SPEED    18.0


SKY COVER
  POSSIBLE SUNSHINE  MM
  AVERAGE SKY COVER 0.0


WEATHER CONDITIONS
THE FOLLOWING WEATHER WAS RECORDED YESTERDAY.
  HAZE


RELATIVE HUMIDITY (PERCENT)
 HIGHEST    77          1100 PM
 LOWEST     38           100 PM
 AVERAGE    58

..........................................................


THE PENDLETON OR CLIMATE NORMALS FOR TODAY
                         NORMAL    RECORD    YEAR
 MAXIMUM TEMPERATURE (F)   62        84      2003
 MINIMUM TEMPERATURE (F)   39        16      1911


SUNRISE AND SUNSET
OCTOBER 20 2020.......SUNRISE   719 AM PDT   SUNSET   600 PM PDT
OCTOBER 21 2020.......SUNRISE   721 AM PDT   SUNSET   558 PM PDT


-  INDICATES NEGATIVE NUMBERS.
R  INDICATES RECORD WAS SET OR TIED.
MM INDICATES DATA IS MISSING.
T  INDICATES TRACE AMOUNT.




$$
