000
CDUS46 KPDT 060827
CLIPDT

CLIMATE REPORT
NATIONAL WEATHER SERVICE PENDLETON OR
126 AM PDT SAT JUN 6 2020


...................................

...THE PENDLETON OR CLIMATE SUMMARY FOR JUNE 5 2020...

CLIMATE NORMAL PERIOD 1981 TO 2010
CLIMATE RECORD PERIOD 1890 TO 2020


WEATHER ITEM   OBSERVED TIME   RECORD YEAR NORMAL DEPARTURE LAST
                VALUE   (LST)  VALUE       VALUE  FROM      YEAR
                                                  NORMAL
..................................................................
TEMPERATURE (F)
 YESTERDAY
  MAXIMUM         72    118 PM  96    2016  75     -3       83
  MINIMUM         51    433 AM  37    1910  50      1       52
  AVERAGE         62                        62      0       68

PRECIPITATION (IN)
  YESTERDAY        0.06          1.03 1959   0.04   0.02     0.03
  MONTH TO DATE    0.06                      0.23  -0.17     0.03
  SINCE OCT 1      9.43                     10.64  -1.21    13.32
  SINCE JAN 1      7.92                      6.64   1.28     9.31

SNOWFALL (IN)
  YESTERDAY        0.0           0.0  2002   0.0    0.0      0.0
                                      2001
                                      2000
  MONTH TO DATE    0.0                       0.0    0.0      0.0
  SINCE JAN 1     14.6                       7.7    6.9     35.6
  SINCE JUL 1     14.9                      15.2   -0.3     36.3
  SNOW DEPTH       0

DEGREE DAYS
 HEATING
  YESTERDAY        3                         4     -1        0
  MONTH TO DATE   10                        22    -12        2
  SINCE JUN 1     10                        22    -12        2
  SINCE JUL 1   4918                      5215   -297     5544

 COOLING
  YESTERDAY        0                         2     -2        3
  MONTH TO DATE    1                         6     -5       19
  SINCE JUN 1      1                         6     -5       19
  SINCE JAN 1     21                        29     -8       34
..................................................................


WIND (MPH)
  HIGHEST WIND SPEED    16   HIGHEST WIND DIRECTION     W (290)
  HIGHEST GUST SPEED    18   HIGHEST GUST DIRECTION     W (280)
  AVERAGE WIND SPEED     5.4


SKY COVER
  POSSIBLE SUNSHINE  MM
  AVERAGE SKY COVER 0.4


WEATHER CONDITIONS
 THE FOLLOWING WEATHER WAS RECORDED YESTERDAY.
  LIGHT RAIN
  FOG


RELATIVE HUMIDITY (PERCENT)
 HIGHEST    87           700 PM
 LOWEST     38           100 PM
 AVERAGE    63

..........................................................


THE PENDLETON OR CLIMATE NORMALS FOR TODAY
                         NORMAL    RECORD    YEAR
 MAXIMUM TEMPERATURE (F)   75       100      2016
 MINIMUM TEMPERATURE (F)   50        35      1901


SUNRISE AND SUNSET
JUNE  6 2020..........SUNRISE   507 AM PDT   SUNSET   842 PM PDT
JUNE  7 2020..........SUNRISE   507 AM PDT   SUNSET   843 PM PDT


-  INDICATES NEGATIVE NUMBERS.
R  INDICATES RECORD WAS SET OR TIED.
MM INDICATES DATA IS MISSING.
T  INDICATES TRACE AMOUNT.




$$
