000
CDUS46 KPQR 150240
CLIPDX

CLIMATE REPORT
NATIONAL WEATHER SERVICE PORTLAND OREGON
740 PM PDT MON JUN 14 2021

...................................

...THE PORTLAND OR CLIMATE SUMMARY FOR JUNE 14 2021...
VALID TODAY AS OF 0700 PM LOCAL TIME.

CLIMATE NORMAL PERIOD 1991 TO 2020
CLIMATE RECORD PERIOD 1940 TO 2021


WEATHER ITEM   OBSERVED TIME   RECORD YEAR NORMAL DEPARTURE LAST
                VALUE   (LST)  VALUE       VALUE  FROM      YEAR
                                                  NORMAL
...................................................................
TEMPERATURE (F)
 TODAY
  MAXIMUM         73    539 PM  89    1988  74     -1       68
  MINIMUM         61    935 AM  43    1945  54      7       50
  AVERAGE         67                        64      3       59

PRECIPITATION (IN)
  TODAY            0.12          0.55 1978   0.06   0.06     0.01
  MONTH TO DATE    1.22                      0.93   0.29     2.62
  SINCE OCT 1     26.38                     33.65  -7.27    24.60
  SINCE JAN 1     14.50                     19.01  -4.51    17.18

SNOWFALL (IN)
  TODAY           MM            MM      MM
  MONTH TO DATE    0.0
  SINCE JUL 1     10.1

DEGREE DAYS
 HEATING
  TODAY            0                         3     -3        6
  MONTH TO DATE   39                        49    -10       60
  SINCE JUN 1     39                        49    -10       60
  SINCE JUL 1   3822                      4072   -250     4006

 COOLING
  TODAY            2                         2      0        0
  MONTH TO DATE   37                        17     20        8
  SINCE JUN 1     37                        17     20        8
  SINCE JAN 1     58                        40     18       47
...................................................................


WIND (MPH)
  HIGHEST WIND SPEED    13   HIGHEST WIND DIRECTION     E (100)
  HIGHEST GUST SPEED    16   HIGHEST GUST DIRECTION     E (100)
  AVERAGE WIND SPEED     5.6


WEATHER CONDITIONS
THE FOLLOWING WEATHER WAS RECORDED TODAY.
  LIGHT RAIN
  FOG


RELATIVE HUMIDITY (PERCENT)
 HIGHEST    97           300 AM
 LOWEST     61           600 PM
 AVERAGE    79

..........................................................


THE PORTLAND OR CLIMATE NORMALS FOR TOMORROW
                         NORMAL    RECORD    YEAR
 MAXIMUM TEMPERATURE (F)   74        95      1966
 MINIMUM TEMPERATURE (F)   54        45      1959


SUNRISE AND SUNSET
JUNE 14 2021..........SUNRISE   521 AM PDT   SUNSET   901 PM PDT
JUNE 15 2021..........SUNRISE   521 AM PDT   SUNSET   902 PM PDT


-  INDICATES NEGATIVE NUMBERS.
R  INDICATES RECORD WAS SET OR TIED.
MM INDICATES DATA IS MISSING.
T  INDICATES TRACE AMOUNT.




$$
