000
CDUS46 KPQR 211143
CLIPDX


CLIMATE REPORT
NATIONAL WEATHER SERVICE PORTLAND OREGON
343 AM PST WED FEB 21 2018


...................................

...THE PORTLAND OR CLIMATE SUMMARY FOR FEBRUARY 20 2018...

CLIMATE NORMAL PERIOD 1981 TO 2010
CLIMATE RECORD PERIOD 1940 TO 2018


WEATHER ITEM   OBSERVED TIME   RECORD YEAR NORMAL DEPARTURE LAST
                VALUE   (LST)  VALUE       VALUE  FROM      YEAR
                                                  NORMAL
..................................................................
TEMPERATURE (F)
 YESTERDAY
  MAXIMUM         34    354 PM  63    1982  52    -18       50
                                      1973
  MINIMUM         30    357 AM  22    2006  36     -6       40
  AVERAGE         32                        44    -12       45

PRECIPITATION (IN)
  YESTERDAY        0.30          1.71 1982   0.13   0.17     0.81
  MONTH TO DATE    1.15                      2.62  -1.47     9.53
  SINCE OCT 1     20.61                     21.62  -1.01    33.41
  SINCE JAN 1      6.51                      7.50  -0.99    13.66

SNOWFALL (IN)
  YESTERDAY        4.2 R         0.4  1957
  MONTH TO DATE    4.4
  SINCE DEC 1      5.4
  SINCE JUL 1      5.4

DEGREE DAYS
 HEATING
  YESTERDAY       33                        21     12       20
  MONTH TO DATE  408                       433    -25      470
  SINCE DEC 1   1779                      1928   -149     2293
  SINCE JUL 1   2704                      2897   -193     3003

 COOLING
  YESTERDAY        0                         0      0        0
  MONTH TO DATE    0                         0      0        0
  SINCE DEC 1      0                         0      0        0
  SINCE JAN 1      0                         0      0        0
..................................................................


WIND (MPH)
  HIGHEST WIND SPEED    17   HIGHEST WIND DIRECTION     E (110)
  HIGHEST GUST SPEED    20   HIGHEST GUST DIRECTION     E (110)
  AVERAGE WIND SPEED     9.2


SKY COVER
  POSSIBLE SUNSHINE  MM
  AVERAGE SKY COVER 1.0


WEATHER CONDITIONS
 THE FOLLOWING WEATHER WAS RECORDED YESTERDAY.
  SNOW
  LIGHT SNOW
  FOG


RELATIVE HUMIDITY (PERCENT)
 HIGHEST   100           600 PM
 LOWEST     78           300 AM
 AVERAGE    89

..........................................................


THE PORTLAND OR CLIMATE NORMALS FOR TODAY
                         NORMAL    RECORD    YEAR
 MAXIMUM TEMPERATURE (F)   52        66      1958
 MINIMUM TEMPERATURE (F)   37        25      1955


SUNRISE AND SUNSET
FEBRUARY 21 2018......SUNRISE   702 AM PST   SUNSET   546 PM PST
FEBRUARY 22 2018......SUNRISE   701 AM PST   SUNSET   548 PM PST


-  INDICATES NEGATIVE NUMBERS.
R  INDICATES RECORD WAS SET OR TIED.
MM INDICATES DATA IS MISSING.
T  INDICATES TRACE AMOUNT.




$$
