000
CDUS46 KPQR 121144
CLIPDX


CLIMATE REPORT
NATIONAL WEATHER SERVICE PORTLAND OREGON
444 AM PDT WED AUG 12 2020


...................................

...THE PORTLAND OR CLIMATE SUMMARY FOR AUGUST 11 2020...

CLIMATE NORMAL PERIOD 1981 TO 2010
CLIMATE RECORD PERIOD 1940 TO 2020


WEATHER ITEM   OBSERVED TIME   RECORD YEAR NORMAL DEPARTURE LAST
                VALUE   (LST)  VALUE       VALUE  FROM      YEAR
                                                  NORMAL
..................................................................
TEMPERATURE (F)
 YESTERDAY
  MAXIMUM         80    409 PM 102    1977  82     -2       76
  MINIMUM         56    544 AM  50    1966  59     -3       62
  AVERAGE         68                        70     -2       69

PRECIPITATION (IN)
  YESTERDAY        0.00          0.39 2009   0.02  -0.02      T
  MONTH TO DATE    0.19                      0.17   0.02     0.95
  SINCE OCT 1     25.73                     34.06  -8.33    26.49
  SINCE JAN 1     18.31                     19.94  -1.63    15.12

SNOWFALL (IN)
  YESTERDAY        0.0          MM      MM
  MONTH TO DATE    0.0
  SINCE JUN 1      0.0
  SINCE JUL 1      0.0

DEGREE DAYS
 HEATING
  YESTERDAY        0                         0      0        0
  MONTH TO DATE    0                         0      0        0
  SINCE JUN 1     86                       108    -22       49
  SINCE JUL 1     11                        17     -6        3

 COOLING
  YESTERDAY        3                         5     -2        4
  MONTH TO DATE   69                        64      5       85
  SINCE JUN 1    309                       258     51      335
  SINCE JAN 1    348                       275     73      363
..................................................................


WIND (MPH)
  HIGHEST WIND SPEED    16   HIGHEST WIND DIRECTION    NW (320)
  HIGHEST GUST SPEED    21   HIGHEST GUST DIRECTION    NW (320)
  AVERAGE WIND SPEED     7.4


SKY COVER
  POSSIBLE SUNSHINE  MM
  AVERAGE SKY COVER 0.2


WEATHER CONDITIONS
 THE FOLLOWING WEATHER WAS RECORDED YESTERDAY.
  NO SIGNIFICANT WEATHER WAS OBSERVED.


RELATIVE HUMIDITY (PERCENT)
 HIGHEST    86           500 AM
 LOWEST     32           300 PM
 AVERAGE    59

..........................................................


THE PORTLAND OR CLIMATE NORMALS FOR TODAY
                         NORMAL    RECORD    YEAR
 MAXIMUM TEMPERATURE (F)   82       104      1977
 MINIMUM TEMPERATURE (F)   59        49      1957


SUNRISE AND SUNSET
AUGUST 12 2020........SUNRISE   608 AM PDT   SUNSET   822 PM PDT
AUGUST 13 2020........SUNRISE   609 AM PDT   SUNSET   820 PM PDT


-  INDICATES NEGATIVE NUMBERS.
R  INDICATES RECORD WAS SET OR TIED.
MM INDICATES DATA IS MISSING.
T  INDICATES TRACE AMOUNT.




$$
