000
CDUS46 KPQR 230222
CLIPDX


CLIMATE REPORT
NATIONAL WEATHER SERVICE PORTLAND OREGON
722 PM PDT SAT SEP 22 2018


...................................

...THE PORTLAND OR CLIMATE SUMMARY FOR SEPTEMBER 22 2018...
VALID TODAY AS OF 0700 PM LOCAL TIME.

CLIMATE NORMAL PERIOD 1981 TO 2010
CLIMATE RECORD PERIOD 1940 TO 2018


WEATHER ITEM   OBSERVED TIME   RECORD YEAR NORMAL DEPARTURE LAST
                VALUE   (LST)  VALUE       VALUE  FROM      YEAR
                                                  NORMAL
..................................................................
TEMPERATURE (F)
 TODAY
  MAXIMUM         71    427 PM  93    1994  74     -3       68
                                      1990
                                      1987
  MINIMUM         60    729 AM  34    1961  52      8       47
  AVERAGE         66                        63      3       58

PRECIPITATION (IN)
  TODAY            0.02          0.73 1948   0.06  -0.04     0.00
  MONTH TO DATE    1.57                      0.98   0.59     2.15
  SINCE OCT 1     30.01                     35.54  -5.53    51.22
  SINCE JAN 1     15.91                     21.42  -5.51    31.47

SNOWFALL (IN)
  TODAY            0.0          MM      MM
  MONTH TO DATE    0.0
  SINCE SEP 1      0.0
  SINCE JUL 1      0.0

DEGREE DAYS
 HEATING
  TODAY            0                         3     -3        7
  MONTH TO DATE   41                        41      0       47
  SINCE SEP 1     41                        41      0       47
  SINCE JUL 1     49                        68    -19       49

 COOLING
  TODAY            1                         1      0        0
  MONTH TO DATE   37                        52    -15      118
  SINCE SEP 1     37                        52    -15      118
  SINCE JAN 1    680                       415    265      686
..................................................................


WIND (MPH)
  HIGHEST WIND SPEED    21   HIGHEST WIND DIRECTION    NW (320)
  HIGHEST GUST SPEED    25   HIGHEST GUST DIRECTION    NW (310)
  AVERAGE WIND SPEED    11.9



WEATHER CONDITIONS
 THE FOLLOWING WEATHER WAS RECORDED TODAY.
  LIGHT RAIN
  FOG


RELATIVE HUMIDITY (PERCENT)
 HIGHEST    90           700 AM
 LOWEST     41           400 PM
 AVERAGE    66

..........................................................


THE PORTLAND OR CLIMATE NORMALS FOR TOMORROW
                         NORMAL    RECORD    YEAR
 MAXIMUM TEMPERATURE (F)   74        94      1974
 MINIMUM TEMPERATURE (F)   51        40      2000


SUNRISE AND SUNSET
SEPTEMBER 22 2018.....SUNRISE   658 AM PDT   SUNSET   708 PM PDT
SEPTEMBER 23 2018.....SUNRISE   659 AM PDT   SUNSET   706 PM PDT


-  INDICATES NEGATIVE NUMBERS.
R  INDICATES RECORD WAS SET OR TIED.
MM INDICATES DATA IS MISSING.
T  INDICATES TRACE AMOUNT.




$$
