000
CDUS46 KPQR 242320
CLIPDX


CLIMATE REPORT
NATIONAL WEATHER SERVICE PORTLAND OREGON
420 PM PDT SUN JUN 24 2018


...................................

...THE PORTLAND OR CLIMATE SUMMARY FOR JUNE 24 2018...
VALID TODAY AS OF 0400 PM LOCAL TIME.

CLIMATE NORMAL PERIOD 1981 TO 2010
CLIMATE RECORD PERIOD 1940 TO 2018


WEATHER ITEM   OBSERVED TIME   RECORD YEAR NORMAL DEPARTURE LAST
                VALUE   (LST)  VALUE       VALUE  FROM      YEAR
                                                  NORMAL
..................................................................
TEMPERATURE (F)
 TODAY
  MAXIMUM         88    227 PM  98    2017  75     13       98
  MINIMUM         57    421 AM  46    1971  55      2       60
  AVERAGE         73                        65      8       79

PRECIPITATION (IN)
  TODAY            0.00          0.82 1971   0.04  -0.04     0.00
  MONTH TO DATE    1.01                      1.49  -0.48     1.08
  SINCE OCT 1     28.34                     33.03  -4.69    49.01
  SINCE JAN 1     14.24                     18.91  -4.67    29.26

SNOWFALL (IN)
  TODAY            0.0          MM      MM
  MONTH TO DATE    0.0
  SINCE JUN 1      0.0
  SINCE JUL 1      7.6

DEGREE DAYS
 HEATING
  TODAY            0                         2     -2        0
  MONTH TO DATE   44                        80    -36       69
  SINCE JUN 1     44                        80    -36       69
  SINCE JUL 1   3938                      4267   -329     4421

 COOLING
  TODAY            8                         2      6       14
  MONTH TO DATE   62                        32     30       53
  SINCE JUN 1     62                        32     30       53
  SINCE JAN 1    105                        49     56       94
..................................................................


WIND (MPH)
  HIGHEST WIND SPEED    13   HIGHEST WIND DIRECTION    NW (300)
  HIGHEST GUST SPEED    15   HIGHEST GUST DIRECTION     W (280)
  AVERAGE WIND SPEED     4.1



WEATHER CONDITIONS
 THE FOLLOWING WEATHER WAS RECORDED TODAY.
  NO SIGNIFICANT WEATHER WAS OBSERVED.


RELATIVE HUMIDITY (PERCENT)
 HIGHEST    93           500 AM
 LOWEST     31           300 PM
 AVERAGE    62

..........................................................


THE PORTLAND OR CLIMATE NORMALS FOR TOMORROW
                         NORMAL    RECORD    YEAR
 MAXIMUM TEMPERATURE (F)   76       101      2017
                                             2006
 MINIMUM TEMPERATURE (F)   55        44      1976


SUNRISE AND SUNSET
JUNE 24 2018..........SUNRISE   522 AM PDT   SUNSET   904 PM PDT
JUNE 25 2018..........SUNRISE   522 AM PDT   SUNSET   904 PM PDT


-  INDICATES NEGATIVE NUMBERS.
R  INDICATES RECORD WAS SET OR TIED.
MM INDICATES DATA IS MISSING.
T  INDICATES TRACE AMOUNT.




$$
