000
CDUS46 KPQR 190222
CLIPDX


CLIMATE REPORT
NATIONAL WEATHER SERVICE PORTLAND OREGON
722 PM PDT FRI OCT 18 2019


...................................

...THE PORTLAND OR CLIMATE SUMMARY FOR OCTOBER 18 2019...
VALID TODAY AS OF 0700 PM LOCAL TIME.

CLIMATE NORMAL PERIOD 1981 TO 2010
CLIMATE RECORD PERIOD 1940 TO 2019


WEATHER ITEM   OBSERVED TIME   RECORD YEAR NORMAL DEPARTURE LAST
                VALUE   (LST)  VALUE       VALUE  FROM      YEAR
                                                  NORMAL
..................................................................
TEMPERATURE (F)
 TODAY
  MAXIMUM         59    118 PM  78    1978  63     -4       72
                                      1974
                                      1944
  MINIMUM         50    720 AM  31    1949  45      5       41
  AVERAGE         55                        54      1       57

PRECIPITATION (IN)
  TODAY            0.01          1.40 1979   0.10  -0.09     0.00
  MONTH TO DATE    0.84                      1.38  -0.54     0.84
  SINCE OCT 1      0.84                      1.38  -0.54     0.84
  SINCE JAN 1     20.09                     23.29  -3.20    16.77

SNOWFALL (IN)
  TODAY            0.0           0.0  2016
  MONTH TO DATE    0.0
  SINCE SEP 1      0.0
  SINCE JUL 1      0.0

DEGREE DAYS
 HEATING
  TODAY           10                        11     -1        8
  MONTH TO DATE  213                       148     65      136
  SINCE SEP 1    293                       224     69      197
  SINCE JUL 1    296                       251     45      205

 COOLING
  TODAY            0                         0      0        0
  MONTH TO DATE    0                         0      0        1
  SINCE SEP 1     70                        59     11       49
  SINCE JAN 1    564                       422    142      692
..................................................................


WIND (MPH)
  HIGHEST WIND SPEED    20   HIGHEST WIND DIRECTION    SW (210)
  HIGHEST GUST SPEED    23   HIGHEST GUST DIRECTION     S (200)
  AVERAGE WIND SPEED     9.2



WEATHER CONDITIONS
 THE FOLLOWING WEATHER WAS RECORDED TODAY.
  LIGHT RAIN
  FOG


RELATIVE HUMIDITY (PERCENT)
 HIGHEST    89           100 AM
 LOWEST     72          1100 AM
 AVERAGE    81

..........................................................


THE PORTLAND OR CLIMATE NORMALS FOR TOMORROW
                         NORMAL    RECORD    YEAR
 MAXIMUM TEMPERATURE (F)   62        78      1940
 MINIMUM TEMPERATURE (F)   45        27      1949


SUNRISE AND SUNSET
OCTOBER 18 2019.......SUNRISE   731 AM PDT   SUNSET   620 PM PDT
OCTOBER 19 2019.......SUNRISE   732 AM PDT   SUNSET   618 PM PDT


-  INDICATES NEGATIVE NUMBERS.
R  INDICATES RECORD WAS SET OR TIED.
MM INDICATES DATA IS MISSING.
T  INDICATES TRACE AMOUNT.




$$
