000
CDUS46 KPQR 110222
CLIPDX


CLIMATE REPORT
NATIONAL WEATHER SERVICE PORTLAND OREGON
621 PM PST MON DEC 10 2018


...................................

...THE PORTLAND OR CLIMATE SUMMARY FOR DECEMBER 10 2018...
VALID TODAY AS OF 0600 PM LOCAL TIME.

CLIMATE NORMAL PERIOD 1981 TO 2010
CLIMATE RECORD PERIOD 1940 TO 2018


WEATHER ITEM   OBSERVED TIME   RECORD YEAR NORMAL DEPARTURE LAST
                VALUE   (LST)  VALUE       VALUE  FROM      YEAR
                                                  NORMAL
..................................................................
TEMPERATURE (F)
 TODAY
  MAXIMUM         44    451 PM  65    1993  46     -2       45
  MINIMUM         37   1246 AM  13    2009  35      2       27
  AVERAGE         41                        41      0       36

PRECIPITATION (IN)
  TODAY            T             1.43 1992   0.18  -0.18     0.00
  MONTH TO DATE    0.62                      1.92  -1.30     0.37
  SINCE OCT 1      6.91                     10.55  -3.64    11.38
  SINCE JAN 1     22.84                     32.46  -9.62    43.08

SNOWFALL (IN)
  TODAY            0.0           T    2013
                                      1987
  MONTH TO DATE    0.0
  SINCE DEC 1      0.0
  SINCE JUL 1      0.0

DEGREE DAYS
 HEATING
  TODAY           24                        24      0       29
  MONTH TO DATE  241                       234      7      230
  SINCE DEC 1    241                       234      7      230
  SINCE JUL 1   1062                      1203   -141     1155

 COOLING
  TODAY            0                         0      0        0
  MONTH TO DATE    0                         0      0        0
  SINCE DEC 1      0                         0      0        0
  SINCE JAN 1    692                       424    268      700
..................................................................


WIND (MPH)
  HIGHEST WIND SPEED    14   HIGHEST WIND DIRECTION    SE (120)
  HIGHEST GUST SPEED    15   HIGHEST GUST DIRECTION     E (110)
  AVERAGE WIND SPEED     6.8



WEATHER CONDITIONS
 THE FOLLOWING WEATHER WAS RECORDED TODAY.
  LIGHT RAIN
  FOG
  FOG W/VISIBILITY <= 1/4 MILE


RELATIVE HUMIDITY (PERCENT)
 HIGHEST   100           100 AM
 LOWEST     85           600 AM
 AVERAGE    93

..........................................................


THE PORTLAND OR CLIMATE NORMALS FOR TOMORROW
                         NORMAL    RECORD    YEAR
 MAXIMUM TEMPERATURE (F)   46        64      2014
 MINIMUM TEMPERATURE (F)   35        14      2009


SUNRISE AND SUNSET
DECEMBER 10 2018......SUNRISE   740 AM PST   SUNSET   427 PM PST
DECEMBER 11 2018......SUNRISE   741 AM PST   SUNSET   427 PM PST


-  INDICATES NEGATIVE NUMBERS.
R  INDICATES RECORD WAS SET OR TIED.
MM INDICATES DATA IS MISSING.
T  INDICATES TRACE AMOUNT.




$$
