219
CDUS41 KPBZ 182116
CLIPHD

CLIMATE REPORT
NATIONAL WEATHER SERVICE PITTSBURGH PA
516 PM EDT FRI OCT 18 2019

...................................

...THE NEW PHILADELPHIA OH CLIMATE SUMMARY FOR OCTOBER 18 2019...
VALID TODAY AS OF 0500 PM LOCAL TIME.

CLIMATE NORMAL PERIOD 1981 TO 2010
CLIMATE RECORD PERIOD 1948 TO 2019


WEATHER ITEM   OBSERVED TIME   RECORD YEAR NORMAL DEPARTURE LAST
                VALUE   (LST)  VALUE       VALUE  FROM      YEAR
                                                  NORMAL
...................................................................
TEMPERATURE (F)
 TODAY
  MAXIMUM         58    346 PM  83    1968  64     -6       52
  MINIMUM         37    634 AM  25    1976  40     -3       30
                                      2015
  AVERAGE         48                        52     -4       41

PRECIPITATION (IN)
  TODAY            0.00          2.22 1975   0.10  -0.10     0.00
  MONTH TO DATE    2.07                      1.60   0.47     1.03
  SINCE JUN 1     19.41                     16.21   3.20    17.90
  SINCE JAN 1     35.23                     31.81   3.42    35.18

DEGREE DAYS
 HEATING
  TODAY           17                        13      4       24
  MONTH TO DATE  140                       193    -53      139
  SINCE SEP 1    145                       289   -144      182
  SINCE JUL 1    149                       299   -150      182

 COOLING
  TODAY            0                         0      0        0
  MONTH TO DATE   38                         9     29       70
  SINCE SEP 1    189                        75    114      266
  SINCE JAN 1    962                       697    265     1226
...................................................................


WIND (MPH)
  HIGHEST WIND SPEED    14   HIGHEST WIND DIRECTION     N (340)
  HIGHEST GUST SPEED    19   HIGHEST GUST DIRECTION     N (350)
  AVERAGE WIND SPEED     1.2


SKY COVER
  POSSIBLE SUNSHINE  MM
  AVERAGE SKY COVER 0.4


WEATHER CONDITIONS
THE FOLLOWING WEATHER WAS RECORDED TODAY.
  HAZE


RELATIVE HUMIDITY (PERCENT)
 HIGHEST    92           700 AM
 LOWEST     43           100 PM
 AVERAGE    68

..........................................................


THE NEW PHILADELPHIA OH CLIMATE NORMALS FOR TOMORROW
                         NORMAL    RECORD    YEAR
 MAXIMUM TEMPERATURE (F)   63        79      1963
                                             1985
 MINIMUM TEMPERATURE (F)   40        25      2015


SUNRISE AND SUNSET
OCTOBER 18 2019.......SUNRISE   740 AM EDT   SUNSET   642 PM EDT
OCTOBER 19 2019.......SUNRISE   741 AM EDT   SUNSET   640 PM EDT


-  INDICATES NEGATIVE NUMBERS.
R  INDICATES RECORD WAS SET OR TIED.
MM INDICATES DATA IS MISSING.
T  INDICATES TRACE AMOUNT.




$$
