000
CDUS41 KPBZ 212130
CLIPHD


CLIMATE REPORT
NATIONAL WEATHER SERVICE PITTSBURGH PA
530 PM EDT TUE AUG 21 2018


...................................

...THE NEW PHILADELPHIA OH CLIMATE SUMMARY FOR AUGUST 21 2018...
VALID TODAY AS OF 0500 PM LOCAL TIME.

CLIMATE NORMAL PERIOD 1981 TO 2010
CLIMATE RECORD PERIOD 1948 TO 2018


WEATHER ITEM   OBSERVED TIME   RECORD YEAR NORMAL DEPARTURE LAST
                VALUE   (LST)  VALUE       VALUE  FROM      YEAR
                                                  NORMAL
..................................................................
TEMPERATURE (F)
 TODAY
  MAXIMUM         83    250 PM  98    1983  83      0       86
                                      1962
  MINIMUM         71    224 AM  45    2000  60     11       65
  AVERAGE         77                        71      6       76

PRECIPITATION (IN)
  TODAY            0.56          1.53 2007   0.13   0.43     0.00
  MONTH TO DATE    2.43                      2.29   0.14     1.88
  SINCE JUN 1     10.04                     10.05  -0.01    10.08
  SINCE JAN 1     27.32                     25.65   1.67    30.83

DEGREE DAYS
 HEATING
  TODAY            0                         0      0        0
  MONTH TO DATE    0                         0      0        0
  SINCE JUN 1     15                        38    -23       27
  SINCE JUL 1      0                         3     -3        0

 COOLING
  TODAY           12                         6      6       11
  MONTH TO DATE  204                       146     58      123
  SINCE JUN 1    710                       523    187      571
  SINCE JAN 1    873                       566    307      638
..................................................................


WIND (MPH)
  HIGHEST WIND SPEED    15   HIGHEST WIND DIRECTION     W (260)
  HIGHEST GUST SPEED    24   HIGHEST GUST DIRECTION    SW (220)
  AVERAGE WIND SPEED     8.6


SKY COVER
  POSSIBLE SUNSHINE  MM
  AVERAGE SKY COVER 0.7


WEATHER CONDITIONS
 THE FOLLOWING WEATHER WAS RECORDED TODAY.
  THUNDERSTORM
  HEAVY RAIN
  RAIN
  LIGHT RAIN
  FOG


RELATIVE HUMIDITY (PERCENT)
 HIGHEST    93           300 AM
 LOWEST     58           300 PM
 AVERAGE    76

..........................................................


THE NEW PHILADELPHIA OH CLIMATE NORMALS FOR TOMORROW
                         NORMAL    RECORD    YEAR
 MAXIMUM TEMPERATURE (F)   82        94      1968
 MINIMUM TEMPERATURE (F)   59        40      1982


SUNRISE AND SUNSET
AUGUST 21 2018........SUNRISE   642 AM EDT   SUNSET   815 PM EDT
AUGUST 22 2018........SUNRISE   643 AM EDT   SUNSET   813 PM EDT


-  INDICATES NEGATIVE NUMBERS.
R  INDICATES RECORD WAS SET OR TIED.
MM INDICATES DATA IS MISSING.
T  INDICATES TRACE AMOUNT.




$$
