000
CDUS41 KPBZ 230811
CLIPHD


CLIMATE REPORT
NATIONAL WEATHER SERVICE PITTSBURGH PA
311 AM EST FRI FEB 23 2018


...................................

...THE NEW PHILADELPHIA OH CLIMATE SUMMARY FOR FEBRUARY 22 2018...

CLIMATE NORMAL PERIOD 1981 TO 2010
CLIMATE RECORD PERIOD 1948 TO 2018


WEATHER ITEM   OBSERVED TIME   RECORD YEAR NORMAL DEPARTURE LAST
                VALUE   (LST)  VALUE       VALUE  FROM      YEAR
                                                  NORMAL
..................................................................
TEMPERATURE (F)
 YESTERDAY
  MAXIMUM         45    306 PM  73    1997  43      2       62
  MINIMUM         35            -8    1963  23     12       49
  AVERAGE         40                        33      7       56

PRECIPITATION (IN)
  YESTERDAY        0.31          0.87 2003   0.09   0.22     0.02
  MONTH TO DATE    4.28                      1.82   2.46     1.09
  SINCE JUN 1     27.01                     27.72  -0.71    25.23
  SINCE JAN 1      6.49                      4.42   2.07     4.65

DEGREE DAYS
 HEATING
  YESTERDAY       25                        32     -7        9
  MONTH TO DATE  664                       747    -83      574
  SINCE DEC 1   2988                      2861    127     2531
  SINCE JUL 1   3990                      4019    -29     3398

 COOLING
  YESTERDAY        0                         0      0        0
  MONTH TO DATE    5                         0      5        0
  SINCE DEC 1      5                         0      5        0
  SINCE JAN 1      5                         0      5        0
..................................................................


WIND (MPH)
  HIGHEST WIND SPEED    17   HIGHEST WIND DIRECTION     E (100)
  HIGHEST GUST SPEED    23   HIGHEST GUST DIRECTION    NE (30)
  AVERAGE WIND SPEED     7.5


SKY COVER
  POSSIBLE SUNSHINE  MM
  AVERAGE SKY COVER 1.0


WEATHER CONDITIONS
 THE FOLLOWING WEATHER WAS RECORDED YESTERDAY.
  RAIN
  LIGHT RAIN
  FOG


RELATIVE HUMIDITY (PERCENT)
 HIGHEST    92           600 AM
 LOWEST     76           300 PM
 AVERAGE    84

..........................................................


THE NEW PHILADELPHIA OH CLIMATE NORMALS FOR TODAY
                         NORMAL    RECORD    YEAR
 MAXIMUM TEMPERATURE (F)   43        69      2017
                                             1975
 MINIMUM TEMPERATURE (F)   23        -8      1963


SUNRISE AND SUNSET
FEBRUARY 23 2018......SUNRISE   708 AM EST   SUNSET   610 PM EST
FEBRUARY 24 2018......SUNRISE   707 AM EST   SUNSET   611 PM EST


-  INDICATES NEGATIVE NUMBERS.
R  INDICATES RECORD WAS SET OR TIED.
MM INDICATES DATA IS MISSING.
T  INDICATES TRACE AMOUNT.




$$
