000
CDUS41 KPBZ 092123
CLIPHD

CLIMATE REPORT
NATIONAL WEATHER SERVICE PITTSBURGH PA
523 PM EDT SUN AUG 09 2020

...................................

...THE NEW PHILADELPHIA OH CLIMATE SUMMARY FOR AUGUST 9 2020...
VALID TODAY AS OF 0500 PM LOCAL TIME.

CLIMATE NORMAL PERIOD 1981 TO 2010
CLIMATE RECORD PERIOD 1948 TO 2020


WEATHER ITEM   OBSERVED TIME   RECORD YEAR NORMAL DEPARTURE LAST
                VALUE   (LST)  VALUE       VALUE  FROM      YEAR
                                                  NORMAL
...................................................................
TEMPERATURE (F)
 TODAY
  MAXIMUM         88    357 PM  92    1980  83      5       80
                                      1988
                                      2001
  MINIMUM         58    414 AM  45    1989  61     -3       60
  AVERAGE         73                        72      1       70

PRECIPITATION (IN)
  TODAY            0.00          1.27 1996   0.11  -0.11     0.00
  MONTH TO DATE    1.28                      0.88   0.40     0.25
  SINCE JUN 1      5.93                      8.64  -2.71    11.24
  SINCE JAN 1     25.53                     24.04   1.49    27.06

DEGREE DAYS
 HEATING
  TODAY            0                         0      0        0
  MONTH TO DATE    0                         0      0        0
  SINCE JUN 1     15                        38    -23       33
  SINCE JUL 1      0                         3     -3        0

 COOLING
  TODAY            8                         7      1        5
  MONTH TO DATE   56                        65     -9       74
  SINCE JUN 1    628                       442    186      548
  SINCE JAN 1    703                       485    218      646
...................................................................


WIND (MPH)
  HIGHEST WIND SPEED     9   HIGHEST WIND DIRECTION    SW (210)
  HIGHEST GUST SPEED    12   HIGHEST GUST DIRECTION     S (170)
  AVERAGE WIND SPEED     2.2


SKY COVER
  POSSIBLE SUNSHINE  MM
  AVERAGE SKY COVER 0.0


WEATHER CONDITIONS
THE FOLLOWING WEATHER WAS RECORDED TODAY.
  FOG


RELATIVE HUMIDITY (PERCENT)
 HIGHEST   100           200 AM
 LOWEST     45           400 PM
 AVERAGE    73

..........................................................


THE NEW PHILADELPHIA OH CLIMATE NORMALS FOR TOMORROW
                         NORMAL    RECORD    YEAR
 MAXIMUM TEMPERATURE (F)   83        92      1988
 MINIMUM TEMPERATURE (F)   61        44      1972


SUNRISE AND SUNSET
AUGUST  9 2020........SUNRISE   631 AM EDT   SUNSET   830 PM EDT
AUGUST 10 2020........SUNRISE   632 AM EDT   SUNSET   829 PM EDT


-  INDICATES NEGATIVE NUMBERS.
R  INDICATES RECORD WAS SET OR TIED.
MM INDICATES DATA IS MISSING.
T  INDICATES TRACE AMOUNT.




$$
