000
CDUS41 KPBZ 250700
CLIPHD


CLIMATE REPORT
NATIONAL WEATHER SERVICE PITTSBURGH PA
300 AM EDT FRI MAY 25 2018


...................................

...THE NEW PHILADELPHIA OH CLIMATE SUMMARY FOR MAY 24 2018...

CLIMATE NORMAL PERIOD 1981 TO 2010
CLIMATE RECORD PERIOD 1948 TO 2018


WEATHER ITEM   OBSERVED TIME   RECORD YEAR NORMAL DEPARTURE LAST
                VALUE   (LST)  VALUE       VALUE  FROM      YEAR
                                                  NORMAL
..................................................................
TEMPERATURE (F)
 YESTERDAY
  MAXIMUM         82    458 PM  89    1964  74      8       67
  MINIMUM         50            27    1963  50      0       59
  AVERAGE         66                        62      4       63

PRECIPITATION (IN)
  YESTERDAY        0.00          1.13 1999   0.14  -0.14     0.21
  MONTH TO DATE    2.12                      3.13  -1.01     4.29
  SINCE JUN 1     37.40                     37.86  -0.46    40.13
  SINCE JAN 1     16.88                     14.56   2.32    19.55

DEGREE DAYS
 HEATING
  YESTERDAY        0                         5     -5        2
  MONTH TO DATE   19                       168   -149      163
  SINCE MAR 1   1496                      1376    120     1181
  SINCE JUL 1   5586                      5583      3     4678

 COOLING
  YESTERDAY        1                         2     -1        0
  MONTH TO DATE   75                        19     56       26
  SINCE MAR 1     83                        26     57       51
  SINCE JAN 1     88                        26     62       51
..................................................................


WIND (MPH)
  HIGHEST WIND SPEED    10   HIGHEST WIND DIRECTION     S (180)
  HIGHEST GUST SPEED    13   HIGHEST GUST DIRECTION     S (200)
  AVERAGE WIND SPEED     1.5


SKY COVER
  POSSIBLE SUNSHINE  MM
  AVERAGE SKY COVER 0.1


WEATHER CONDITIONS
 THE FOLLOWING WEATHER WAS RECORDED YESTERDAY.
  FOG
  FOG W/VISIBILITY <= 1/4 MILE


RELATIVE HUMIDITY (PERCENT)
 HIGHEST   100           300 AM
 LOWEST     28           400 PM
 AVERAGE    64

..........................................................


THE NEW PHILADELPHIA OH CLIMATE NORMALS FOR TODAY
                         NORMAL    RECORD    YEAR
 MAXIMUM TEMPERATURE (F)   75        88      2012
                                             1966
 MINIMUM TEMPERATURE (F)   51        32      2013


SUNRISE AND SUNSET
MAY 25 2018...........SUNRISE   601 AM EDT   SUNSET   844 PM EDT
MAY 26 2018...........SUNRISE   601 AM EDT   SUNSET   845 PM EDT


-  INDICATES NEGATIVE NUMBERS.
R  INDICATES RECORD WAS SET OR TIED.
MM INDICATES DATA IS MISSING.
T  INDICATES TRACE AMOUNT.




$$
