000
CDUS41 KPBZ 082124
CLIPHD

CLIMATE REPORT
NATIONAL WEATHER SERVICE PITTSBURGH PA
524 PM EDT SAT MAY 08 2021

...................................

...THE NEW PHILADELPHIA OH CLIMATE SUMMARY FOR MAY 8 2021...
VALID TODAY AS OF 0500 PM LOCAL TIME.

CLIMATE NORMAL PERIOD 1991 TO 2020
CLIMATE RECORD PERIOD 1948 TO 2021


WEATHER ITEM   OBSERVED TIME   RECORD YEAR NORMAL DEPARTURE LAST
                VALUE   (LST)  VALUE       VALUE  FROM      YEAR
                                                  NORMAL
...................................................................
TEMPERATURE (F)
 TODAY
  MAXIMUM         54    348 PM  91    2015  71    -17       50
  MINIMUM         43   1042 AM  28    1968  47     -4       29
  AVERAGE         49                        59    -10       40

PRECIPITATION (IN)
  TODAY            0.01          0.85 1982   0.13  -0.12     0.04
  MONTH TO DATE    1.61                      0.98   0.63     0.18
  SINCE MAR 1      6.67                      7.81  -1.14    10.31
  SINCE JAN 1      9.76                     12.70  -2.94    16.30

DEGREE DAYS
 HEATING
  TODAY           16                         7      9       25
  MONTH TO DATE   83                        64     19      119
  SINCE MAR 1   1111                      1258   -147     1209
  SINCE JUL 1   5118                      5430   -312     5017

 COOLING
  TODAY            0                         1     -1        0
  MONTH TO DATE    2                         6     -4        2
  SINCE MAR 1      5                        14     -9        3
  SINCE JAN 1      5                        14     -9        3
...................................................................


WIND (MPH)
  HIGHEST WIND SPEED    18   HIGHEST WIND DIRECTION     N (340)
  HIGHEST GUST SPEED    24   HIGHEST GUST DIRECTION    NW (320)
  AVERAGE WIND SPEED     8.3


SKY COVER
  POSSIBLE SUNSHINE  MM
  AVERAGE SKY COVER 0.9


WEATHER CONDITIONS
THE FOLLOWING WEATHER WAS RECORDED TODAY.
  LIGHT RAIN


RELATIVE HUMIDITY (PERCENT)
 HIGHEST    93           200 AM
 LOWEST     48           400 PM
 AVERAGE    71

..........................................................


THE NEW PHILADELPHIA OH CLIMATE NORMALS FOR TOMORROW
                         NORMAL    RECORD    YEAR
 MAXIMUM TEMPERATURE (F)   71        91      2015
 MINIMUM TEMPERATURE (F)   47        26      1983


SUNRISE AND SUNSET
MAY  8 2021...........SUNRISE   616 AM EDT   SUNSET   829 PM EDT
MAY  9 2021...........SUNRISE   615 AM EDT   SUNSET   830 PM EDT


-  INDICATES NEGATIVE NUMBERS.
R  INDICATES RECORD WAS SET OR TIED.
MM INDICATES DATA IS MISSING.
T  INDICATES TRACE AMOUNT.




$$
