000
CDUS41 KPBZ 200821
CLIPHD


CLIMATE REPORT
NATIONAL WEATHER SERVICE PITTSBURGH PA
320 AM EST TUE NOV 20 2018


...................................

...THE NEW PHILADELPHIA OH CLIMATE SUMMARY FOR NOVEMBER 19 2018...

CLIMATE NORMAL PERIOD 1981 TO 2010
CLIMATE RECORD PERIOD 1948 TO 2018


WEATHER ITEM   OBSERVED TIME   RECORD YEAR NORMAL DEPARTURE LAST
                VALUE   (LST)  VALUE       VALUE  FROM      YEAR
                                                  NORMAL
..................................................................
TEMPERATURE (F)
 YESTERDAY
  MAXIMUM         39    512 PM  71    1971  51    -12       40
  MINIMUM         35            13    2014  33      2       33
  AVERAGE         37                        42     -5       37

PRECIPITATION (IN)
  YESTERDAY        0.44          0.91 1948   0.12   0.32     0.05
  MONTH TO DATE    3.28                      1.98   1.30     4.60
  SINCE JUN 1     22.67                     19.34   3.33    19.15
  SINCE JAN 1     39.95                     34.94   5.01    39.90

DEGREE DAYS
 HEATING
  YESTERDAY       28                        23      5       28
  MONTH TO DATE  472                       381     91      410
  SINCE SEP 1    905                       870     35      737
  SINCE JUL 1    905                       880     25      747

 COOLING
  YESTERDAY        0                         0      0        0
  MONTH TO DATE    0                         0      0        0
  SINCE SEP 1    266                        75    191      163
  SINCE JAN 1   1226                       697    529      831
..................................................................


WIND (MPH)
  HIGHEST WIND SPEED    10   HIGHEST WIND DIRECTION    NW (310)
  HIGHEST GUST SPEED    14   HIGHEST GUST DIRECTION    NW (310)
  AVERAGE WIND SPEED     2.4


SKY COVER
  POSSIBLE SUNSHINE  MM
  AVERAGE SKY COVER 1.0


WEATHER CONDITIONS
 THE FOLLOWING WEATHER WAS RECORDED YESTERDAY.
  RAIN
  LIGHT RAIN
  LIGHT SNOW
  FOG


RELATIVE HUMIDITY (PERCENT)
 HIGHEST    92           100 AM
 LOWEST     85          1200 AM
 AVERAGE    89

..........................................................


THE NEW PHILADELPHIA OH CLIMATE NORMALS FOR TODAY
                         NORMAL    RECORD    YEAR
 MAXIMUM TEMPERATURE (F)   51        74      1985
 MINIMUM TEMPERATURE (F)   32        18      1980


SUNRISE AND SUNSET
NOVEMBER 20 2018......SUNRISE   718 AM EST   SUNSET   505 PM EST
NOVEMBER 21 2018......SUNRISE   719 AM EST   SUNSET   504 PM EST


-  INDICATES NEGATIVE NUMBERS.
R  INDICATES RECORD WAS SET OR TIED.
MM INDICATES DATA IS MISSING.
T  INDICATES TRACE AMOUNT.




$$
