014
CDUS41 KPBZ 200804
CLIPHD


CLIMATE REPORT
NATIONAL WEATHER SERVICE PITTSBURGH PA
304 AM EST WED FEB 20 2019


...................................

...THE NEW PHILADELPHIA OH CLIMATE SUMMARY FOR FEBRUARY 19 2019...

CLIMATE NORMAL PERIOD 1981 TO 2010
CLIMATE RECORD PERIOD 1948 TO 2019


WEATHER ITEM   OBSERVED TIME   RECORD YEAR NORMAL DEPARTURE LAST
                VALUE   (LST)  VALUE       VALUE  FROM      YEAR
                                                  NORMAL
..................................................................
TEMPERATURE (F)
 YESTERDAY
  MAXIMUM         32    351 PM  66    2018  42    -10       66
  MINIMUM         17            -1    1993  23     -6       34
  AVERAGE         25                        32     -7       50

PRECIPITATION (IN)
  YESTERDAY        0.00          0.66 1964   0.09  -0.09     0.56
  MONTH TO DATE    2.40                      1.56   0.84     3.92
  SINCE JUN 1     31.38                     27.46   3.92    26.65
  SINCE JAN 1      4.13                      4.16  -0.03     6.13

DEGREE DAYS
 HEATING
  YESTERDAY       40                        33      7       15
  MONTH TO DATE  593                       650    -57      628
  SINCE DEC 1   2623                      2764   -141     2952
  SINCE JUL 1   3857                      3922    -65     3954

 COOLING
  YESTERDAY        0                         0      0        0
  MONTH TO DATE    0                         0      0        0
  SINCE DEC 1      0                         0      0        0
  SINCE JAN 1      0                         0      0        0
..................................................................


WIND (MPH)
  HIGHEST WIND SPEED     8   HIGHEST WIND DIRECTION     E (90)
  HIGHEST GUST SPEED    11   HIGHEST GUST DIRECTION    NE (60)
  AVERAGE WIND SPEED     2.6


SKY COVER
  POSSIBLE SUNSHINE  MM
  AVERAGE SKY COVER 0.1


WEATHER CONDITIONS
 THE FOLLOWING WEATHER WAS RECORDED YESTERDAY.
  FOG
  HAZE


RELATIVE HUMIDITY (PERCENT)
 HIGHEST    92           200 AM
 LOWEST     58           100 PM
 AVERAGE    75

..........................................................


THE NEW PHILADELPHIA OH CLIMATE NORMALS FOR TODAY
                         NORMAL    RECORD    YEAR
 MAXIMUM TEMPERATURE (F)   42        78      2018
 MINIMUM TEMPERATURE (F)   23       -12      2015


SUNRISE AND SUNSET
FEBRUARY 20 2019......SUNRISE   713 AM EST   SUNSET   607 PM EST
FEBRUARY 21 2019......SUNRISE   711 AM EST   SUNSET   608 PM EST


-  INDICATES NEGATIVE NUMBERS.
R  INDICATES RECORD WAS SET OR TIED.
MM INDICATES DATA IS MISSING.
T  INDICATES TRACE AMOUNT.




$$
