000
CDUS41 KPHI 240709
CLIPHL


CLIMATE REPORT
NATIONAL WEATHER SERVICE MOUNT HOLLY NJ
309 AM EDT TUE APR 24 2018


...................................

...THE PHILADELPHIA PA CLIMATE SUMMARY FOR APRIL 23 2018...

CLIMATE NORMAL PERIOD 1981 TO 2010
CLIMATE RECORD PERIOD 1872 TO 2018


WEATHER ITEM   OBSERVED TIME   RECORD YEAR NORMAL DEPARTURE LAST
                VALUE   (LST)  VALUE       VALUE  FROM      YEAR
                                                  NORMAL
..................................................................
TEMPERATURE (F)
 YESTERDAY
  MAXIMUM         70    110 PM  91    1960  67      3       66
  MINIMUM         43    457 AM  33    1982  47     -4       46
  AVERAGE         57                        57      0       56

PRECIPITATION (IN)
  YESTERDAY        0.00          1.55 1928   0.12  -0.12     0.00
  MONTH TO DATE    3.13                      2.78   0.35     2.45
  SINCE MAR 1      7.87                      6.57   1.30     6.71
  SINCE JAN 1     16.74                     12.25   4.49    10.92

SNOWFALL (IN)
  YESTERDAY        0.0           T    1986   0.0    0.0      0.0
  MONTH TO DATE    T                         0.5   -0.5      0.0
  SINCE MAR 1     15.2                       3.4   11.8      7.0
  SINCE JUL 1     29.8                      22.4    7.4     15.0
  SNOW DEPTH       0

DEGREE DAYS
 HEATING
  YESTERDAY        8                         9     -1        9
  MONTH TO DATE  377                       289     88      175
  SINCE MAR 1   1140                       954    186      878
  SINCE JUL 1   4300                      4436   -136     3704

 COOLING
  YESTERDAY        0                         1     -1        0
  MONTH TO DATE    8                         5      3       13
  SINCE MAR 1      8                         6      2       13
  SINCE JAN 1      8                         6      2       13
..................................................................


WIND (MPH)
  HIGHEST WIND SPEED    21   HIGHEST WIND DIRECTION     W (250)
  HIGHEST GUST SPEED    26   HIGHEST GUST DIRECTION    SW (220)
  AVERAGE WIND SPEED     5.8


SKY COVER
  POSSIBLE SUNSHINE  MM
  AVERAGE SKY COVER 0.4


WEATHER CONDITIONS
 THE FOLLOWING WEATHER WAS RECORDED YESTERDAY.
  NO SIGNIFICANT WEATHER WAS OBSERVED.


RELATIVE HUMIDITY (PERCENT)
 HIGHEST    76           100 AM
 LOWEST     22           300 PM
 AVERAGE    49

..........................................................


THE PHILADELPHIA PA CLIMATE NORMALS FOR TODAY
                         NORMAL    RECORD    YEAR
 MAXIMUM TEMPERATURE (F)   67        86      2001
                                             1960
 MINIMUM TEMPERATURE (F)   47        33      1930


SUNRISE AND SUNSET
APRIL 24 2018.........SUNRISE   610 AM EDT   SUNSET   748 PM EDT
APRIL 25 2018.........SUNRISE   609 AM EDT   SUNSET   749 PM EDT


-  INDICATES NEGATIVE NUMBERS.
R  INDICATES RECORD WAS SET OR TIED.
MM INDICATES DATA IS MISSING.
T  INDICATES TRACE AMOUNT.




$$
