000
CDUS41 KPHI 150600
CLIPHL


CLIMATE REPORT
NATIONAL WEATHER SERVICE MOUNT HOLLY NJ
159 AM EDT MON OCT 15 2018


...................................

...THE PHILADELPHIA PA CLIMATE SUMMARY FOR OCTOBER 14 2018...

CLIMATE NORMAL PERIOD 1981 TO 2010
CLIMATE RECORD PERIOD 1872 TO 2018


WEATHER ITEM   OBSERVED TIME   RECORD YEAR NORMAL DEPARTURE LAST
                VALUE   (LST)  VALUE       VALUE  FROM      YEAR
                                                  NORMAL
..................................................................
TEMPERATURE (F)
 YESTERDAY
  MAXIMUM         57    455 PM  88    1975  67    -10       73
  MINIMUM         45    345 AM  30    1988  49     -4       61
  AVERAGE         51                        58     -7       67

PRECIPITATION (IN)
  YESTERDAY        T             1.66 1955   0.11  -0.11      T
  MONTH TO DATE    1.72                      1.52   0.20     0.89
  SINCE SEP 1     11.48                      5.30   6.18     4.75
  SINCE JAN 1     44.75                     33.32  11.43    35.96

SNOWFALL (IN)
  YESTERDAY        0.0           0.0    MM   0.0    0.0      0.0
  MONTH TO DATE    0.0                       0.0    0.0      0.0
  SINCE SEP 1      0.0                       0.0    0.0      0.0
  SINCE JUL 1      0.0                       0.0    0.0      0.0
  SNOW DEPTH       0

DEGREE DAYS
 HEATING
  YESTERDAY       14                         8      6        0
  MONTH TO DATE   29                        81    -52       15
  SINCE SEP 1     42                       118    -76       29
  SINCE JUL 1     42                       119    -77       29

 COOLING
  YESTERDAY        0                         1     -1        2
  MONTH TO DATE   78                        18     60       75
  SINCE SEP 1    321                       179    142      289
  SINCE JAN 1   1584                      1296    288     1479
..................................................................


WIND (MPH)
  HIGHEST WIND SPEED    12   HIGHEST WIND DIRECTION    SW (240)
  HIGHEST GUST SPEED    14   HIGHEST GUST DIRECTION    SW (230)
  AVERAGE WIND SPEED     2.9


SKY COVER
  POSSIBLE SUNSHINE  MM
  AVERAGE SKY COVER 0.8


WEATHER CONDITIONS
 THE FOLLOWING WEATHER WAS RECORDED YESTERDAY.
  LIGHT RAIN


RELATIVE HUMIDITY (PERCENT)
 HIGHEST    83           300 AM
 LOWEST     61           200 PM
 AVERAGE    72

..........................................................


THE PHILADELPHIA PA CLIMATE NORMALS FOR TODAY
                         NORMAL    RECORD    YEAR
 MAXIMUM TEMPERATURE (F)   67        87      1975
 MINIMUM TEMPERATURE (F)   49        32      1876


SUNRISE AND SUNSET
OCTOBER 15 2018.......SUNRISE   711 AM EDT   SUNSET   622 PM EDT
OCTOBER 16 2018.......SUNRISE   712 AM EDT   SUNSET   620 PM EDT


-  INDICATES NEGATIVE NUMBERS.
R  INDICATES RECORD WAS SET OR TIED.
MM INDICATES DATA IS MISSING.
T  INDICATES TRACE AMOUNT.




$$
