452
CDUS41 KPHI 150558
CLIPHL


CLIMATE REPORT
NATIONAL WEATHER SERVICE MOUNT HOLLY NJ
158 AM EDT TUE OCT 15 2019


...................................

...THE PHILADELPHIA PA CLIMATE SUMMARY FOR OCTOBER 14 2019...

CLIMATE NORMAL PERIOD 1981 TO 2010
CLIMATE RECORD PERIOD 1872 TO 2019


WEATHER ITEM   OBSERVED TIME   RECORD YEAR NORMAL DEPARTURE LAST
                VALUE   (LST)  VALUE       VALUE  FROM      YEAR
                                                  NORMAL
..................................................................
TEMPERATURE (F)
 YESTERDAY
  MAXIMUM         74    409 PM  88    1975  67      7       57
  MINIMUM         58   1158 PM  30    1988  49      9       45
  AVERAGE         66                        58      8       51

PRECIPITATION (IN)
  YESTERDAY        0.00          1.66 1955   0.11  -0.11      T
  MONTH TO DATE    0.22                      1.52  -1.30     1.72
  SINCE SEP 1      1.38                      5.30  -3.92    11.48
  SINCE JAN 1     37.41                     33.32   4.09    44.75

SNOWFALL (IN)
  YESTERDAY        0.0           0.0    MM   0.0    0.0      0.0
  MONTH TO DATE    0.0                       0.0    0.0      0.0
  SINCE SEP 1      0.0                       0.0    0.0      0.0
  SINCE JUL 1      0.0                       0.0    0.0      0.0
  SNOW DEPTH       0

DEGREE DAYS
 HEATING
  YESTERDAY        0                         8     -8       14
  MONTH TO DATE   41                        81    -40       29
  SINCE SEP 1     43                       118    -75       42
  SINCE JUL 1     43                       119    -76       42

 COOLING
  YESTERDAY        1                         1      0        0
  MONTH TO DATE   40                        18     22       78
  SINCE SEP 1    276                       179     97      321
  SINCE JAN 1   1610                      1296    314     1584
..................................................................


WIND (MPH)
  HIGHEST WIND SPEED    18   HIGHEST WIND DIRECTION     W (250)
  HIGHEST GUST SPEED    29   HIGHEST GUST DIRECTION     W (270)
  AVERAGE WIND SPEED     6.4


SKY COVER
  POSSIBLE SUNSHINE  MM
  AVERAGE SKY COVER 0.4


WEATHER CONDITIONS
 THE FOLLOWING WEATHER WAS RECORDED YESTERDAY.
  FOG


RELATIVE HUMIDITY (PERCENT)
 HIGHEST    93           300 AM
 LOWEST     25           500 PM
 AVERAGE    59

..........................................................


THE PHILADELPHIA PA CLIMATE NORMALS FOR TODAY
                         NORMAL    RECORD    YEAR
 MAXIMUM TEMPERATURE (F)   67        87      1975
 MINIMUM TEMPERATURE (F)   49        32      1876


SUNRISE AND SUNSET
OCTOBER 15 2019.......SUNRISE   711 AM EDT   SUNSET   622 PM EDT
OCTOBER 16 2019.......SUNRISE   712 AM EDT   SUNSET   620 PM EDT


-  INDICATES NEGATIVE NUMBERS.
R  INDICATES RECORD WAS SET OR TIED.
MM INDICATES DATA IS MISSING.
T  INDICATES TRACE AMOUNT.




$$
