112
CDUS41 KPHI 202128
CLIPHL


CLIMATE REPORT
NATIONAL WEATHER SERVICE MOUNT HOLLY NJ
528 PM EDT FRI JUL 20 2018


...................................

...THE PHILADELPHIA PA CLIMATE SUMMARY FOR JULY 20 2018...
VALID TODAY AS OF 0500 PM LOCAL TIME.

CLIMATE NORMAL PERIOD 1981 TO 2010
CLIMATE RECORD PERIOD 1872 TO 2018


WEATHER ITEM   OBSERVED TIME   RECORD YEAR NORMAL DEPARTURE LAST
                VALUE   (LST)  VALUE       VALUE  FROM      YEAR
                                                  NORMAL
..................................................................
TEMPERATURE (F)
 TODAY
  MAXIMUM         87    122 PM  99    1930  87      0       95
  MINIMUM         65    500 AM  57    1890  70     -5       79
  AVERAGE         76                        79     -3       87

PRECIPITATION (IN)
  TODAY            0.00          2.32 1938   0.14  -0.14     0.00
  MONTH TO DATE    0.71                      2.79  -2.08     2.17
  SINCE JUN 1      4.05                      6.22  -2.17     4.03
  SINCE JAN 1     26.81                     22.96   3.85    21.98

SNOWFALL (IN)
  TODAY            0.0           0.0  1870   0.0    0.0      0.0
  MONTH TO DATE    0.0                       0.0    0.0      0.0
  SINCE JUN 1      0.0                       0.0    0.0      0.0
  SINCE JUL 1      0.0                       0.0    0.0      0.0
  SNOW DEPTH       0

DEGREE DAYS
 HEATING
  TODAY            0                         0      0        0
  MONTH TO DATE    0                         0      0        0
  SINCE JUN 1      7                        11     -4        8
  SINCE JUL 1      0                         0      0        0

 COOLING
  TODAY           11                        13     -2       22
  MONTH TO DATE  298                       257     41      309
  SINCE JUN 1    544                       515     29      613
  SINCE JAN 1    680                       606     74      724
..................................................................


WIND (MPH)
  HIGHEST WIND SPEED    15   HIGHEST WIND DIRECTION    SE (120)
  HIGHEST GUST SPEED    19   HIGHEST GUST DIRECTION    SE (130)
  AVERAGE WIND SPEED     4.6


SKY COVER
  POSSIBLE SUNSHINE  MM
  AVERAGE SKY COVER 0.6


WEATHER CONDITIONS
 THE FOLLOWING WEATHER WAS RECORDED TODAY.
  NO SIGNIFICANT WEATHER WAS OBSERVED.


RELATIVE HUMIDITY (PERCENT)
 HIGHEST    93           500 AM
 LOWEST     32           100 PM
 AVERAGE    63

..........................................................


THE PHILADELPHIA PA CLIMATE NORMALS FOR TOMORROW
                         NORMAL    RECORD    YEAR
 MAXIMUM TEMPERATURE (F)   87       103      1930
 MINIMUM TEMPERATURE (F)   70        51      1966


SUNRISE AND SUNSET
JULY 20 2018..........SUNRISE   549 AM EDT   SUNSET   825 PM EDT
JULY 21 2018..........SUNRISE   550 AM EDT   SUNSET   824 PM EDT


-  INDICATES NEGATIVE NUMBERS.
R  INDICATES RECORD WAS SET OR TIED.
MM INDICATES DATA IS MISSING.
T  INDICATES TRACE AMOUNT.




$$
