000
CDUS41 KPHI 220554
CLIPHL


CLIMATE REPORT
NATIONAL WEATHER SERVICE MOUNT HOLLY NJ
1253 AM EST TUE JAN 22 2019


...................................

...THE PHILADELPHIA PA CLIMATE SUMMARY FOR JANUARY 21 2019...

CLIMATE NORMAL PERIOD 1981 TO 2010
CLIMATE RECORD PERIOD 1872 TO 2019


WEATHER ITEM   OBSERVED TIME   RECORD YEAR NORMAL DEPARTURE LAST
                VALUE   (LST)  VALUE       VALUE  FROM      YEAR
                                                  NORMAL
..................................................................
TEMPERATURE (F)
 YESTERDAY
  MAXIMUM         19    457 PM  62    1959  40    -21       53
  MINIMUM         10    849 AM  -6    1985  25    -15       30
  AVERAGE         15                        33    -18       42

PRECIPITATION (IN)
  YESTERDAY        0.00          1.32 1979   0.10  -0.10     0.00
  MONTH TO DATE    2.47                      2.05   0.42     1.85
  SINCE DEC 1      8.85                      5.61   3.24     3.16
  SINCE JAN 1      2.47                      2.05   0.42     1.85

SNOWFALL (IN)
  YESTERDAY        0.0          13.5  2014   0.3   -0.3      0.0
  MONTH TO DATE    2.4                       4.0   -1.6      4.3
  SINCE DEC 1      2.7                       7.4   -4.7     12.9
  SINCE JUL 1      6.3                       7.7   -1.4     12.9
  SNOW DEPTH       0

DEGREE DAYS
 HEATING
  YESTERDAY       50                        32     18       23
  MONTH TO DATE  630                       670    -40      746
  SINCE DEC 1   1388                      1524   -136     1637
  SINCE JUL 1   2290                      2340    -50     2272

 COOLING
  YESTERDAY        0                         0      0        0
  MONTH TO DATE    0                         0      0        0
  SINCE DEC 1      0                         0      0        0
  SINCE JAN 1      0                         0      0        0
..................................................................


WIND (MPH)
  HIGHEST WIND SPEED    33   HIGHEST WIND DIRECTION    NW (320)
  HIGHEST GUST SPEED    43   HIGHEST GUST DIRECTION    NW (320)
  AVERAGE WIND SPEED    22.0


SKY COVER
  POSSIBLE SUNSHINE  MM
  AVERAGE SKY COVER 0.1


WEATHER CONDITIONS
 THE FOLLOWING WEATHER WAS RECORDED YESTERDAY.
  NO SIGNIFICANT WEATHER WAS OBSERVED.


RELATIVE HUMIDITY (PERCENT)
 HIGHEST    47          1200 AM
 LOWEST     28           200 PM
 AVERAGE    38

..........................................................


THE PHILADELPHIA PA CLIMATE NORMALS FOR TODAY
                         NORMAL    RECORD    YEAR
 MAXIMUM TEMPERATURE (F)   40        70      1906
 MINIMUM TEMPERATURE (F)   25        -7      1984


SUNRISE AND SUNSET
JANUARY 22 2019.......SUNRISE   717 AM EST   SUNSET   508 PM EST
JANUARY 23 2019.......SUNRISE   717 AM EST   SUNSET   509 PM EST


-  INDICATES NEGATIVE NUMBERS.
R  INDICATES RECORD WAS SET OR TIED.
MM INDICATES DATA IS MISSING.
T  INDICATES TRACE AMOUNT.




$$
