000
CDUS43 KUNR 150837
CLIPHP


CLIMATE REPORT
NATIONAL WEATHER SERVICE RAPID CITY SD
236 AM MDT MON OCT 15 2018


...................................

...THE PHILIP SD CLIMATE SUMMARY FOR OCTOBER 14 2018...

CLIMATE NORMAL PERIOD 1981 TO 2010
CLIMATE RECORD PERIOD 9999 TO 9999


WEATHER ITEM   OBSERVED TIME   NORMAL DEPARTURE LAST
                VALUE   (LST)  VALUE  FROM      YEAR
                                      NORMAL
......................................................
TEMPERATURE (F)
 YESTERDAY
  MAXIMUM         33    522 PM  64    -31       48
  MINIMUM         19   1154 PM  35    -16       31
  AVERAGE         26            49    -23       40

PRECIPITATION (IN)
  YESTERDAY        0.00          0.05  -0.05     1.13
  MONTH TO DATE    0.97          0.70   0.27     1.38
  SINCE SEP 1      1.84          2.19  -0.35     2.41
  SINCE JAN 1     13.57         15.57  -2.00    10.27

DEGREE DAYS
 HEATING
  YESTERDAY       39            16     23       25
  MONTH TO DATE  344           182    162      213
  SINCE SEP 1    491           343    148      363
  SINCE JUL 1    514           368    146      369

 COOLING
  YESTERDAY        0             0      0        0
  MONTH TO DATE    0             0      0        0
  SINCE SEP 1     97            79     18      109
  SINCE JAN 1    946           814    132      905
......................................................


WIND (MPH)
  HIGHEST WIND SPEED    24   HIGHEST WIND DIRECTION    NW (310)
  HIGHEST GUST SPEED    31   HIGHEST GUST DIRECTION    NW (330)
  AVERAGE WIND SPEED    13.9


SKY COVER
  AVERAGE SKY COVER 0.8


WEATHER CONDITIONS
 THE FOLLOWING WEATHER WAS RECORDED YESTERDAY.
  NO SIGNIFICANT WEATHER WAS OBSERVED.


RELATIVE HUMIDITY (PERCENT)
 HIGHEST    84          1000 PM
 LOWEST     51           500 PM
 AVERAGE    68

..........................................................




SUNRISE AND SUNSET
OCTOBER 15 2018.......SUNRISE   701 AM MDT   SUNSET   602 PM MDT
OCTOBER 16 2018.......SUNRISE   702 AM MDT   SUNSET   601 PM MDT


-  INDICATES NEGATIVE NUMBERS.
R  INDICATES RECORD WAS SET OR TIED.
MM INDICATES DATA IS MISSING.
T  INDICATES TRACE AMOUNT.




$$
