490
CDUS43 KUNR 170832
CLIPHP


CLIMATE REPORT
NATIONAL WEATHER SERVICE RAPID CITY SD
131 AM MST SAT FEB 17 2018


...................................

...THE PHILIP SD CLIMATE SUMMARY FOR FEBRUARY 16 2018...

CLIMATE NORMAL PERIOD 1981 TO 2010
CLIMATE RECORD PERIOD 9999 TO 9999


WEATHER ITEM   OBSERVED TIME   NORMAL DEPARTURE LAST
                VALUE   (LST)  VALUE  FROM      YEAR
                                      NORMAL
......................................................
TEMPERATURE (F)
 YESTERDAY
  MAXIMUM         35    350 PM  39     -4       69
  MINIMUM         -8    552 AM  13    -21       30
  AVERAGE         14            26    -12       50

PRECIPITATION (IN)
  YESTERDAY        0.00          0.02  -0.02     0.00
  MONTH TO DATE    0.59          0.20   0.39     0.13
  SINCE DEC 1      1.28          0.93   0.35     1.36
  SINCE JAN 1      0.89          0.50   0.39     0.94

DEGREE DAYS
 HEATING
  YESTERDAY       51            39     12       15
  MONTH TO DATE  850           649    201      613
  SINCE DEC 1   3461          3279    182     3609
  SINCE JUL 1   4910          4914     -4     4747

 COOLING
  YESTERDAY        0             0      0        0
  MONTH TO DATE    0             0      0        0
  SINCE DEC 1      0             0      0        0
  SINCE JAN 1      0             0      0        0
......................................................


WIND (MPH)
  HIGHEST WIND SPEED    23   HIGHEST WIND DIRECTION    SW (240)
  HIGHEST GUST SPEED    26   HIGHEST GUST DIRECTION    SW (240)
  AVERAGE WIND SPEED     6.0


SKY COVER
  AVERAGE SKY COVER 0.2


WEATHER CONDITIONS
 THE FOLLOWING WEATHER WAS RECORDED YESTERDAY.
  NO SIGNIFICANT WEATHER WAS OBSERVED.


RELATIVE HUMIDITY (PERCENT)
 HIGHEST    90           600 AM
 LOWEST     54           100 PM
 AVERAGE    72

..........................................................




SUNRISE AND SUNSET
FEBRUARY 17 2018......SUNRISE   643 AM MST   SUNSET   519 PM MST
FEBRUARY 18 2018......SUNRISE   641 AM MST   SUNSET   520 PM MST


-  INDICATES NEGATIVE NUMBERS.
R  INDICATES RECORD WAS SET OR TIED.
MM INDICATES DATA IS MISSING.
T  INDICATES TRACE AMOUNT.




$$
