000
CDUS43 KUNR 130831
CLIPHP


CLIMATE REPORT
NATIONAL WEATHER SERVICE RAPID CITY SD
231 AM MDT MON AUG 13 2018


...................................

...THE PHILIP SD CLIMATE SUMMARY FOR AUGUST 12 2018...

CLIMATE NORMAL PERIOD 1981 TO 2010
CLIMATE RECORD PERIOD 9999 TO 9999


WEATHER ITEM   OBSERVED TIME   NORMAL DEPARTURE LAST
                VALUE   (LST)  VALUE  FROM      YEAR
                                      NORMAL
......................................................
TEMPERATURE (F)
 YESTERDAY
  MAXIMUM        100    301 PM  90     10       88
  MINIMUM         69    422 AM  60      9       50
  AVERAGE         85            75     10       69

PRECIPITATION (IN)
  YESTERDAY        0.00          0.04  -0.04     0.00
  MONTH TO DATE    0.02          0.58  -0.56     0.14
  SINCE JUN 1      3.05          5.54  -2.49     2.80
  SINCE JAN 1     10.02         12.46  -2.44     7.64

DEGREE DAYS
 HEATING
  YESTERDAY        0             0      0        0
  MONTH TO DATE    0             0      0        6
  SINCE JUN 1     18            71    -53       29
  SINCE JUL 1      0             8     -8        6

 COOLING
  YESTERDAY       20            10     10        4
  MONTH TO DATE  156           129     27       37
  SINCE JUN 1    666           557    109      647
  SINCE JAN 1    731           584    147      660
......................................................


WIND (MPH)
  HIGHEST WIND SPEED    29   HIGHEST WIND DIRECTION     S (180)
  HIGHEST GUST SPEED    35   HIGHEST GUST DIRECTION     S (190)
  AVERAGE WIND SPEED    14.0


SKY COVER
  AVERAGE SKY COVER 0.0


WEATHER CONDITIONS
 THE FOLLOWING WEATHER WAS RECORDED YESTERDAY.
  HAZE


RELATIVE HUMIDITY (PERCENT)
 HIGHEST    57           500 AM
 LOWEST     18           100 PM
 AVERAGE    38

..........................................................




SUNRISE AND SUNSET
AUGUST 13 2018........SUNRISE   548 AM MDT   SUNSET   754 PM MDT
AUGUST 14 2018........SUNRISE   549 AM MDT   SUNSET   752 PM MDT


-  INDICATES NEGATIVE NUMBERS.
R  INDICATES RECORD WAS SET OR TIED.
MM INDICATES DATA IS MISSING.
T  INDICATES TRACE AMOUNT.




$$
