000
CDUS43 KUNR 260834
CLIPHP


CLIMATE REPORT
NATIONAL WEATHER SERVICE RAPID CITY SD
234 AM MDT TUE MAY 26 2020


...................................

...THE PHILIP SD CLIMATE SUMMARY FOR MAY 25 2020...

CLIMATE NORMAL PERIOD 1981 TO 2010
CLIMATE RECORD PERIOD 9999 TO 9999


WEATHER ITEM   OBSERVED TIME   NORMAL DEPARTURE LAST
                VALUE   (LST)  VALUE  FROM      YEAR
                                      NORMAL
......................................................
TEMPERATURE (F)
 YESTERDAY
  MAXIMUM         67    435 PM  73     -6       69
  MINIMUM         43   1159 PM  47     -4       40
  AVERAGE         55            60     -5       55

PRECIPITATION (IN)
  YESTERDAY        0.00          0.10  -0.10     0.00
  MONTH TO DATE    1.68          2.45  -0.77     6.15
  SINCE MAR 1      3.57          5.56  -1.99     8.67
  SINCE JAN 1      4.25          6.34  -2.09     9.71

DEGREE DAYS
 HEATING
  YESTERDAY       10             6      4       10
  MONTH TO DATE  303           238     65      400
  SINCE MAR 1   1773          1740     33     2174
  SINCE JUL 1   7144          7105     39     8005

 COOLING
  YESTERDAY        0             1     -1        0
  MONTH TO DATE   14            20     -6        3
  SINCE MAR 1     14            23     -9        3
  SINCE JAN 1     14            23     -9        3
......................................................


WIND (MPH)
  HIGHEST WIND SPEED    13   HIGHEST WIND DIRECTION     N (350)
  HIGHEST GUST SPEED    19   HIGHEST GUST DIRECTION    NW (330)
  AVERAGE WIND SPEED     7.2


SKY COVER
  AVERAGE SKY COVER 0.5


WEATHER CONDITIONS
 THE FOLLOWING WEATHER WAS RECORDED YESTERDAY.
  NO SIGNIFICANT WEATHER WAS OBSERVED.


RELATIVE HUMIDITY (PERCENT)
 HIGHEST    93          1200 AM
 LOWEST     42           200 PM
 AVERAGE    68

..........................................................




SUNRISE AND SUNSET
MAY 26 2020...........SUNRISE   510 AM MDT   SUNSET   818 PM MDT
MAY 27 2020...........SUNRISE   509 AM MDT   SUNSET   819 PM MDT


-  INDICATES NEGATIVE NUMBERS.
R  INDICATES RECORD WAS SET OR TIED.
MM INDICATES DATA IS MISSING.
T  INDICATES TRACE AMOUNT.




$$
