000
CDUS43 KUNR 220916
CLIPHP

CLIMATE REPORT
NATIONAL WEATHER SERVICE
316 AM MDT THU OCT 22 2020

...................................

...THE PHILIP SD CLIMATE SUMMARY FOR OCTOBER 21 2020...

CLIMATE NORMAL PERIOD 1981 TO 2010
CLIMATE RECORD PERIOD 9999 TO 9999


WEATHER ITEM   OBSERVED TIME   NORMAL DEPARTURE LAST
                VALUE   (LST)  VALUE  FROM      YEAR
                                      NORMAL
.......................................................
TEMPERATURE (F)
 YESTERDAY
  MAXIMUM         33    247 AM  61    -28       52
  MINIMUM         31   1159 PM  32     -1       33
  AVERAGE         32            46    -14       43

PRECIPITATION (IN)
  YESTERDAY        0.41          0.04   0.37     0.32
  MONTH TO DATE    0.64          1.05  -0.41     1.04
  SINCE SEP 1      1.10          2.54  -1.44     2.78
  SINCE JAN 1     12.63         15.92  -3.29    20.03

DEGREE DAYS
 HEATING
  YESTERDAY       33            19     14       22
  MONTH TO DATE  338           304     34      436
  SINCE SEP 1    482           465     17      541
  SINCE JUL 1    489           490     -1      554

 COOLING
  YESTERDAY        0             0      0        0
  MONTH TO DATE    1             0      1        0
  SINCE SEP 1     72            79     -7       95
  SINCE JAN 1    912           814     98      669
.......................................................


WIND (MPH)
  HIGHEST WIND SPEED    23   HIGHEST WIND DIRECTION     E (80)
  HIGHEST GUST SPEED    31   HIGHEST GUST DIRECTION     E (80)
  AVERAGE WIND SPEED    13.7


SKY COVER
  AVERAGE SKY COVER 0.9


RELATIVE HUMIDITY (PERCENT)
 HIGHEST    96           700 AM
 LOWEST     85          1200 AM
 AVERAGE    91

..........................................................



SUNRISE AND SUNSET
OCTOBER 22 2020.......SUNRISE   711 AM MDT   SUNSET   550 PM MDT
OCTOBER 23 2020.......SUNRISE   712 AM MDT   SUNSET   549 PM MDT


-  INDICATES NEGATIVE NUMBERS.
R  INDICATES RECORD WAS SET OR TIED.
MM INDICATES DATA IS MISSING.
T  INDICATES TRACE AMOUNT.




$$
