112
CDUS43 KUNR 210843
CLIPHP


CLIMATE REPORT
NATIONAL WEATHER SERVICE RAPID CITY SD
243 AM MDT MON OCT 21 2019


...................................

...THE PHILIP SD CLIMATE SUMMARY FOR OCTOBER 20 2019...

CLIMATE NORMAL PERIOD 1981 TO 2010
CLIMATE RECORD PERIOD 9999 TO 9999


WEATHER ITEM   OBSERVED TIME   NORMAL DEPARTURE LAST
                VALUE   (LST)  VALUE  FROM      YEAR
                                      NORMAL
......................................................
TEMPERATURE (F)
 YESTERDAY
  MAXIMUM         54    344 PM  61     -7       59
  MINIMUM         36   1054 PM  32      4       30
  AVERAGE         45            47     -2       45

PRECIPITATION (IN)
  YESTERDAY        0.25          0.05   0.20     0.00
  MONTH TO DATE    0.72          1.01  -0.29     0.97
  SINCE SEP 1      2.46          2.50  -0.04     1.84
  SINCE JAN 1     19.71         15.88   3.83    13.57

DEGREE DAYS
 HEATING
  YESTERDAY       20            18      2       20
  MONTH TO DATE  414           285    129      443
  SINCE SEP 1    519           446     73      590
  SINCE JUL 1    532           471     61      613

 COOLING
  YESTERDAY        0             0      0        0
  MONTH TO DATE    0             0      0        0
  SINCE SEP 1     95            79     16       97
  SINCE JAN 1    669           814   -145      946
......................................................


WIND (MPH)
  HIGHEST WIND SPEED    38   HIGHEST WIND DIRECTION     N (340)
  HIGHEST GUST SPEED    54   HIGHEST GUST DIRECTION     N (340)
  AVERAGE WIND SPEED    16.2


SKY COVER
  AVERAGE SKY COVER 0.7


WEATHER CONDITIONS
 THE FOLLOWING WEATHER WAS RECORDED YESTERDAY.
  RAIN
  LIGHT RAIN
  LIGHT SNOW
  FOG


RELATIVE HUMIDITY (PERCENT)
 HIGHEST    85           900 PM
 LOWEST     50           100 AM
 AVERAGE    68

..........................................................




SUNRISE AND SUNSET
OCTOBER 21 2019.......SUNRISE   708 AM MDT   SUNSET   553 PM MDT
OCTOBER 22 2019.......SUNRISE   710 AM MDT   SUNSET   551 PM MDT


-  INDICATES NEGATIVE NUMBERS.
R  INDICATES RECORD WAS SET OR TIED.
MM INDICATES DATA IS MISSING.
T  INDICATES TRACE AMOUNT.




$$
