000
CDUS43 KUNR 230857
CLIPHP


CLIMATE REPORT
NATIONAL WEATHER SERVICE RAPID CITY SD
156 AM MST WED JAN 23 2019


...................................

...THE PHILIP SD CLIMATE SUMMARY FOR JANUARY 22 2019...

CLIMATE NORMAL PERIOD 1981 TO 2010
CLIMATE RECORD PERIOD 9999 TO 9999


WEATHER ITEM   OBSERVED TIME   NORMAL DEPARTURE LAST
                VALUE   (LST)  VALUE  FROM      YEAR
                                      NORMAL
......................................................
TEMPERATURE (F)
 YESTERDAY
  MAXIMUM         26    320 PM  35     -9       38
  MINIMUM          5   1125 PM  10     -5       16
  AVERAGE         16            22     -6       27

PRECIPITATION (IN)
  YESTERDAY        T             0.01  -0.01     0.00
  MONTH TO DATE    0.25          0.22   0.03     0.30
  SINCE DEC 1      1.13          0.65   0.48     0.69
  SINCE JAN 1      0.25          0.22   0.03     0.30

DEGREE DAYS
 HEATING
  YESTERDAY       49            43      6       38
  MONTH TO DATE  896           953    -57     1012
  SINCE DEC 1   2075          2253   -178     2286
  SINCE JUL 1   3824          3888    -64     3735

 COOLING
  YESTERDAY        0             0      0        0
  MONTH TO DATE    0             0      0        0
  SINCE DEC 1      0             0      0        0
  SINCE JAN 1      0             0      0        0
......................................................


WIND (MPH)
  HIGHEST WIND SPEED    26   HIGHEST WIND DIRECTION    NW (330)
  HIGHEST GUST SPEED    35   HIGHEST GUST DIRECTION     N (340)
  AVERAGE WIND SPEED    13.0


SKY COVER
  AVERAGE SKY COVER 0.6


WEATHER CONDITIONS
 THE FOLLOWING WEATHER WAS RECORDED YESTERDAY.
  LIGHT SNOW
  FOG


RELATIVE HUMIDITY (PERCENT)
 HIGHEST    96           400 AM
 LOWEST     68           300 PM
 AVERAGE    82

..........................................................




SUNRISE AND SUNSET
JANUARY 23 2019.......SUNRISE   713 AM MST   SUNSET   444 PM MST
JANUARY 24 2019.......SUNRISE   712 AM MST   SUNSET   445 PM MST


-  INDICATES NEGATIVE NUMBERS.
R  INDICATES RECORD WAS SET OR TIED.
MM INDICATES DATA IS MISSING.
T  INDICATES TRACE AMOUNT.




$$
