000
CDUS45 KPSR 210801
CLIPHX

CLIMATE REPORT
NATIONAL WEATHER SERVICE PHOENIX AZ
100 AM MST WED FEB 21 2018

...................................

...THE PHOENIX AZ CLIMATE SUMMARY FOR FEBRUARY 20 2018...

CLIMATE NORMAL PERIOD 1981 TO 2010
CLIMATE RECORD PERIOD 1895 TO 2018


WEATHER ITEM   OBSERVED TIME   RECORD YEAR NORMAL DEPARTURE LAST
                VALUE   (LST)  VALUE       VALUE  FROM      YEAR
                                                  NORMAL
..................................................................
TEMPERATURE (F)
 YESTERDAY
  MAXIMUM         60    346 PM  87    1977  72    -12       69
                                      1943
  MINIMUM         43    806 AM  27    1955  50     -7       50
  AVERAGE         52                        60     -8       60

PRECIPITATION (IN)
  YESTERDAY        0.00          0.55 1920   0.04  -0.04     0.00
  MONTH TO DATE    0.30                      0.62  -0.32     0.84
  SINCE OCT 1      0.74                      3.64  -2.90     3.77
  SINCE JAN 1      0.51                      1.53  -1.02     1.94

SNOWFALL (IN)
  YESTERDAY        0.0
  MONTH TO DATE    0.0
  SINCE JAN 1      0.0
  SINCE JUL 1      0.0
  SNOW DEPTH       0

DEGREE DAYS
 HEATING
  YESTERDAY       13                         5      8        5
  MONTH TO DATE   50                       125    -75       50
  SINCE DEC 1    363                       692   -329      560
  SINCE JUL 1    364                       795   -431      618

 COOLING
  YESTERDAY        0                         1     -1        0
  MONTH TO DATE   10                         3      7       19
  SINCE DEC 1     41                         6     35       20
  SINCE JAN 1     22                         5     17       19
..................................................................


WIND (MPH)
  HIGHEST WIND SPEED    14   HIGHEST WIND DIRECTION     W (270)
  HIGHEST GUST SPEED    18   HIGHEST GUST DIRECTION    SW (230)
  AVERAGE WIND SPEED     5.7


SKY COVER
  AVERAGE SKY COVER 0.2


WEATHER CONDITIONS
 THE FOLLOWING WEATHER WAS RECORDED YESTERDAY.
  NO SIGNIFICANT WEATHER WAS OBSERVED.


RELATIVE HUMIDITY (PERCENT)
 HIGHEST    34          1100 PM
 LOWEST     14           400 PM
 AVERAGE    24

..........................................................


THE PHOENIX AZ CLIMATE NORMALS FOR TODAY
                         NORMAL    RECORD    YEAR
 MAXIMUM TEMPERATURE (F)   72        86      2016
                                             1982
 MINIMUM TEMPERATURE (F)   50        29      1955


SUNRISE AND SUNSET
FEBRUARY 21 2018......SUNRISE   706 AM MST   SUNSET   618 PM MST
FEBRUARY 22 2018......SUNRISE   704 AM MST   SUNSET   619 PM MST


-  INDICATES NEGATIVE NUMBERS.
R  INDICATES RECORD WAS SET OR TIED.
MM INDICATES DATA IS MISSING.
T  INDICATES TRACE AMOUNT.

&&
.....................................................................

DEW POINT
  HIGHEST DEW POINT    22
   LOWEST DEW POINT    9
  AVERAGE DEW POINT    14
.....................................................................

$$
