000
CDUS45 KPSR 140015
CLIPHX

CLIMATE REPORT
NATIONAL WEATHER SERVICE PHOENIX AZ
513 PM MST SUN OCT 13 2019


...................................

...THE PHOENIX AZ CLIMATE SUMMARY FOR OCTOBER 13 2019...
VALID TODAY AS OF 0500 PM LOCAL TIME.

CLIMATE NORMAL PERIOD 1981 TO 2010
CLIMATE RECORD PERIOD 1895 TO 2019


WEATHER ITEM   OBSERVED TIME   RECORD YEAR NORMAL DEPARTURE LAST
                VALUE   (LST)  VALUE       VALUE  FROM      YEAR
                                                  NORMAL
..................................................................
TEMPERATURE (F)
 TODAY
  MAXIMUM         93    313 PM 101    1989  90      3       73
                                      1978
                                      1950
  MINIMUM         64    704 AM  48    1969  66     -2       63
  AVERAGE         79                        78      1       68

PRECIPITATION (IN)
  TODAY            0.00          2.19 2018   0.02  -0.02     2.19
  MONTH TO DATE    0.00                      0.25  -0.25     5.32
  SINCE OCT 1      0.00                      0.25  -0.25     5.32
  SINCE JAN 1      3.68                      6.17  -2.49     8.72

SNOWFALL (IN)
  TODAY            0.0
  MONTH TO DATE    0.0
  SINCE JAN 1      0.0
  SINCE JUL 1      0.0
  SNOW DEPTH       0

DEGREE DAYS
 HEATING
  TODAY            0                         0      0        0
  MONTH TO DATE    0                         0      0        0
  SINCE SEP 1      0                         0      0        0
  SINCE JUL 1      0                         0      0        0

 COOLING
  TODAY           14                        13      1        3
  MONTH TO DATE  199                       199      0      113
  SINCE SEP 1    931                       899     32      927
  SINCE JAN 1   4462                      4368     94     4732
..................................................................


WIND (MPH)
  HIGHEST WIND SPEED    12   HIGHEST WIND DIRECTION    SE (130)
  HIGHEST GUST SPEED    15   HIGHEST GUST DIRECTION    SE (150)
  AVERAGE WIND SPEED     5.1


SKY COVER
  AVERAGE SKY COVER 0.0


WEATHER CONDITIONS
 THE FOLLOWING WEATHER WAS RECORDED TODAY.
  NO SIGNIFICANT WEATHER WAS OBSERVED.


RELATIVE HUMIDITY (PERCENT)
 HIGHEST    40           700 AM
 LOWEST     12           300 PM
 AVERAGE    26

..........................................................


THE PHOENIX AZ CLIMATE NORMALS FOR TOMORROW
                         NORMAL    RECORD    YEAR
 MAXIMUM TEMPERATURE (F)   89       100      2015
                                             2010
                                             1973
 MINIMUM TEMPERATURE (F)   66        43      1920


SUNRISE AND SUNSET
OCTOBER 13 2019.......SUNRISE   631 AM MST   SUNSET   557 PM MST
OCTOBER 14 2019.......SUNRISE   632 AM MST   SUNSET   556 PM MST


-  INDICATES NEGATIVE NUMBERS.
R  INDICATES RECORD WAS SET OR TIED.
MM INDICATES DATA IS MISSING.
T  INDICATES TRACE AMOUNT.

$$
