000
CDUS45 KPSR 280818
CLIPHX

CLIMATE REPORT
NATIONAL WEATHER SERVICE PHOENIX AZ
117 AM MST FRI FEB 28 2020

...................................

...THE PHOENIX AZ CLIMATE SUMMARY FOR FEBRUARY 27 2020...

CLIMATE NORMAL PERIOD 1981 TO 2010
CLIMATE RECORD PERIOD 1895 TO 2020


WEATHER ITEM   OBSERVED TIME   RECORD YEAR NORMAL DEPARTURE LAST
                VALUE   (LST)  VALUE       VALUE  FROM      YEAR
                                                  NORMAL
...................................................................
TEMPERATURE (F)
 YESTERDAY
  MAXIMUM         77    253 PM  92    1986  73      4       76
  MINIMUM         45    728 AM  28    1964  51     -6       54
  AVERAGE         61                        62     -1       65

PRECIPITATION (IN)
  YESTERDAY        0.00          0.57 1905   0.03  -0.03     0.00
  MONTH TO DATE    1.34                      0.88   0.46     1.79
  SINCE OCT 1      3.78                      3.90  -0.12     8.42
  SINCE JAN 1      1.53                      1.79  -0.26     2.53

SNOWFALL (IN)
  YESTERDAY        0.0
  MONTH TO DATE    0.0
  SINCE JAN 1      0.0
  SINCE JUL 1      0.0
  SNOW DEPTH      MM

DEGREE DAYS
 HEATING
  YESTERDAY        4                         4      0        0
  MONTH TO DATE  176                       159     17      295
  SINCE DEC 1    693                       726    -33      846
  SINCE JUL 1    779                       829    -50      921

 COOLING
  YESTERDAY        0                         1     -1        0
  MONTH TO DATE    8                        10     -2        0
  SINCE DEC 1      9                        13     -4        0
  SINCE JAN 1      8                        12     -4        0
...................................................................


WIND (MPH)
  HIGHEST WIND SPEED     9   HIGHEST WIND DIRECTION     E (90)
  HIGHEST GUST SPEED    13   HIGHEST GUST DIRECTION     E (70)
  AVERAGE WIND SPEED     4.3


SKY COVER
  AVERAGE SKY COVER 0.4


WEATHER CONDITIONS
THE FOLLOWING WEATHER WAS RECORDED YESTERDAY.
  NO SIGNIFICANT WEATHER WAS OBSERVED.


RELATIVE HUMIDITY (PERCENT)
 HIGHEST    60           600 AM
 LOWEST     12           300 PM
 AVERAGE    36

..........................................................


THE PHOENIX AZ CLIMATE NORMALS FOR TODAY
                         NORMAL    RECORD    YEAR
 MAXIMUM TEMPERATURE (F)   73        89      1986
 MINIMUM TEMPERATURE (F)   51        30      1962


SUNRISE AND SUNSET
FEBRUARY 28 2020......SUNRISE   658 AM MST   SUNSET   624 PM MST
FEBRUARY 29 2020......SUNRISE   657 AM MST   SUNSET   625 PM MST


-  INDICATES NEGATIVE NUMBERS.
R  INDICATES RECORD WAS SET OR TIED.
MM INDICATES DATA IS MISSING.
T  INDICATES TRACE AMOUNT.




$$
