000
CDUS43 KILX 192142
CLIPIA


CLIMATE REPORT
NATIONAL WEATHER SERVICE LINCOLN IL
440 PM CDT SAT OCT 19 2019


...................................

...THE PEORIA IL CLIMATE SUMMARY FOR OCTOBER 19 2019...
VALID TODAY AS OF 0400 PM LOCAL TIME.

CLIMATE NORMAL PERIOD 1981 TO 2010
CLIMATE RECORD PERIOD 1883 TO 2019


WEATHER ITEM   OBSERVED TIME   RECORD YEAR NORMAL DEPARTURE LAST
                VALUE   (LST)  VALUE       VALUE  FROM      YEAR
                                                  NORMAL
..................................................................
TEMPERATURE (F)
 TODAY
  MAXIMUM         68   1242 PM  84    1953  63      5       57
  MINIMUM         46    626 AM  19    1972  43      3       42
  AVERAGE         57                        53      4       50

PRECIPITATION (IN)
  TODAY            0.00          1.41 1995   0.09  -0.09     0.00
  MONTH TO DATE    1.05                      1.67  -0.62     4.35
  SINCE SEP 1      8.73                      4.82   3.91     7.11
  SINCE JAN 1     42.25                     29.77  12.48    36.99

SNOWFALL (IN)
  TODAY            0.0           0.4  1989   0.0    0.0      0.0
  MONTH TO DATE    0.0                       0.0    0.0       T
  SINCE SEP 1      0.0                       0.0    0.0       T
  SINCE JUL 1      0.0                       0.0    0.0       T
  SNOW DEPTH       0

DEGREE DAYS
 HEATING
  TODAY            8                        12     -4       15
  MONTH TO DATE  179                       184     -5      193
  SINCE SEP 1    180                       268    -88      235
  SINCE JUL 1    180                       274    -94      235

 COOLING
  TODAY            0                         0      0        0
  MONTH TO DATE   22                        12     10       44
  SINCE SEP 1    250                       129    121      260
  SINCE JAN 1   1232                      1036    196     1472
..................................................................


WIND (MPH)
  HIGHEST WIND SPEED    16   HIGHEST WIND DIRECTION     S (200)
  HIGHEST GUST SPEED    22   HIGHEST GUST DIRECTION     S (170)
  AVERAGE WIND SPEED     8.6


SKY COVER
  POSSIBLE SUNSHINE  MM
  AVERAGE SKY COVER 0.1


WEATHER CONDITIONS
 THE FOLLOWING WEATHER WAS RECORDED TODAY.
  NO SIGNIFICANT WEATHER WAS OBSERVED.


RELATIVE HUMIDITY (PERCENT)
 HIGHEST    71          1200 AM
 LOWEST     48           100 PM
 AVERAGE    60

..........................................................


THE PEORIA IL CLIMATE NORMALS FOR TOMORROW
                         NORMAL    RECORD    YEAR
 MAXIMUM TEMPERATURE (F)   63        87      2003
 MINIMUM TEMPERATURE (F)   42        22      1960


SUNRISE AND SUNSET
OCTOBER 19 2019.......SUNRISE   714 AM CDT   SUNSET   613 PM CDT
OCTOBER 20 2019.......SUNRISE   715 AM CDT   SUNSET   611 PM CDT


-  INDICATES NEGATIVE NUMBERS.
R  INDICATES RECORD WAS SET OR TIED.
MM INDICATES DATA IS MISSING.
T  INDICATES TRACE AMOUNT.




$$
