000
CDUS43 KILX 192126
CLIPIA

CLIMATE REPORT
NATIONAL WEATHER SERVICE LINCOLN IL
426 PM CDT MON OCT 19 2020

...................................

...THE PEORIA IL CLIMATE SUMMARY FOR OCTOBER 19 2020...
VALID TODAY AS OF 0400 PM LOCAL TIME.

CLIMATE NORMAL PERIOD 1981 TO 2010
CLIMATE RECORD PERIOD 1883 TO 2020


WEATHER ITEM   OBSERVED TIME   RECORD YEAR NORMAL DEPARTURE LAST
                VALUE   (LST)  VALUE       VALUE  FROM      YEAR
                                                  NORMAL
...................................................................
TEMPERATURE (F)
 TODAY
  MAXIMUM         49    114 PM  84    1953  63    -14       68
  MINIMUM         37    620 AM  19    1972  43     -6       46
  AVERAGE         43                        53    -10       57

PRECIPITATION (IN)
  TODAY            0.05          1.41 1995   0.09  -0.04      T
  MONTH TO DATE    0.59                      1.67  -1.08     1.05
  SINCE SEP 1      6.43                      4.82   1.61     8.73
  SINCE JAN 1     36.49                     29.77   6.72    42.25

SNOWFALL (IN)
  TODAY            0.0           0.4  1989   0.0    0.0      0.0
  MONTH TO DATE    0.0                       0.0    0.0      0.0
  SINCE SEP 1      0.0                       0.0    0.0      0.0
  SINCE JUL 1      0.0                       0.0    0.0      0.0
  SNOW DEPTH       0

DEGREE DAYS
 HEATING
  TODAY           22                        12     10        8
  MONTH TO DATE  182                       184     -2      179
  SINCE SEP 1    241                       268    -27      180
  SINCE JUL 1    241                       274    -33      180

 COOLING
  TODAY            0                         0      0        0
  MONTH TO DATE   13                        12      1       22
  SINCE SEP 1     88                       129    -41      250
  SINCE JAN 1   1135                      1036     99     1232
...................................................................


WIND (MPH)
  HIGHEST WIND SPEED    15   HIGHEST WIND DIRECTION     N (10)
  HIGHEST GUST SPEED    29   HIGHEST GUST DIRECTION     N (360)
  AVERAGE WIND SPEED     5.7


SKY COVER
  POSSIBLE SUNSHINE  MM
  AVERAGE SKY COVER 0.9


WEATHER CONDITIONS
THE FOLLOWING WEATHER WAS RECORDED TODAY.
  LIGHT RAIN


RELATIVE HUMIDITY (PERCENT)
 HIGHEST    82           500 AM
 LOWEST     60           200 PM
 AVERAGE    71

..........................................................


THE PEORIA IL CLIMATE NORMALS FOR TOMORROW
                         NORMAL    RECORD    YEAR
 MAXIMUM TEMPERATURE (F)   63        87      2003
 MINIMUM TEMPERATURE (F)   42        22      1960


SUNRISE AND SUNSET
OCTOBER 19 2020.......SUNRISE   715 AM CDT   SUNSET   612 PM CDT
OCTOBER 20 2020.......SUNRISE   716 AM CDT   SUNSET   610 PM CDT


-  INDICATES NEGATIVE NUMBERS.
R  INDICATES RECORD WAS SET OR TIED.
MM INDICATES DATA IS MISSING.
T  INDICATES TRACE AMOUNT.




$$
