000
CDUS43 KILX 180646
CLIPIA


CLIMATE REPORT
NATIONAL WEATHER SERVICE LINCOLN IL
137 AM CDT THU OCT 18 2018


...................................

...THE PEORIA IL CLIMATE SUMMARY FOR OCTOBER 17 2018...

CLIMATE NORMAL PERIOD 1981 TO 2010
CLIMATE RECORD PERIOD 1883 TO 2018


WEATHER ITEM   OBSERVED TIME   RECORD YEAR NORMAL DEPARTURE LAST
                VALUE   (LST)  VALUE       VALUE  FROM      YEAR
                                                  NORMAL
..................................................................
TEMPERATURE (F)
 YESTERDAY
  MAXIMUM         54    357 PM  87    2016  64    -10       69
  MINIMUM         34   1158 PM  26    1948  43     -9       43
  AVERAGE         44                        54    -10       56

PRECIPITATION (IN)
  YESTERDAY        0.00          2.13 1946   0.09  -0.09     0.00
  MONTH TO DATE    4.35                      1.49   2.86     4.55
  SINCE SEP 1      7.11                      4.64   2.47     5.09
  SINCE JAN 1     36.99                     29.59   7.40    30.82

SNOWFALL (IN)
  YESTERDAY        0.0           0.0    MM   0.0    0.0      0.0
  MONTH TO DATE    T                         0.0    0.0      0.0
  SINCE SEP 1      T                         0.0    0.0      0.0
  SINCE JUL 1      T                         0.0    0.0      0.0
  SNOW DEPTH       0

DEGREE DAYS
 HEATING
  YESTERDAY       21                        12      9        9
  MONTH TO DATE  159                       160     -1       47
  SINCE SEP 1    201                       244    -43       80
  SINCE JUL 1    201                       250    -49       80

 COOLING
  YESTERDAY        0                         0      0        0
  MONTH TO DATE   44                        12     32       42
  SINCE SEP 1    260                       129    131      225
  SINCE JAN 1   1472                      1036    436     1151
..................................................................


WIND (MPH)
  HIGHEST WIND SPEED    17   HIGHEST WIND DIRECTION    NW (300)
  HIGHEST GUST SPEED    28   HIGHEST GUST DIRECTION    NW (310)
  AVERAGE WIND SPEED     5.7


SKY COVER
  POSSIBLE SUNSHINE  MM
  AVERAGE SKY COVER 0.0


WEATHER CONDITIONS
 THE FOLLOWING WEATHER WAS RECORDED YESTERDAY.
  NO SIGNIFICANT WEATHER WAS OBSERVED.


RELATIVE HUMIDITY (PERCENT)
 HIGHEST    82          1100 PM
 LOWEST     38           300 PM
 AVERAGE    60

..........................................................


THE PEORIA IL CLIMATE NORMALS FOR TODAY
                         NORMAL    RECORD    YEAR
 MAXIMUM TEMPERATURE (F)   64        85      1953
 MINIMUM TEMPERATURE (F)   43        22      1948


SUNRISE AND SUNSET
OCTOBER 18 2018.......SUNRISE   713 AM CDT   SUNSET   614 PM CDT
OCTOBER 19 2018.......SUNRISE   714 AM CDT   SUNSET   613 PM CDT


-  INDICATES NEGATIVE NUMBERS.
R  INDICATES RECORD WAS SET OR TIED.
MM INDICATES DATA IS MISSING.
T  INDICATES TRACE AMOUNT.




$$
