376
CDUS43 KILX 190705
CLIPIA


CLIMATE REPORT
NATIONAL WEATHER SERVICE LINCOLN IL
105 AM CST SAT JAN 19 2019


...................................

...THE PEORIA IL CLIMATE SUMMARY FOR JANUARY 18 2019...

CLIMATE NORMAL PERIOD 1981 TO 2010
CLIMATE RECORD PERIOD 1883 TO 2019


WEATHER ITEM   OBSERVED TIME   RECORD YEAR NORMAL DEPARTURE LAST
                VALUE   (LST)  VALUE       VALUE  FROM      YEAR
                                                  NORMAL
..................................................................
TEMPERATURE (F)
 YESTERDAY
  MAXIMUM         33    903 PM  59    1951  33      0       37
                                      1933
  MINIMUM         29    906 AM -19    1930  17     12       14
  AVERAGE         31                        25      6       26

PRECIPITATION (IN)
  YESTERDAY        T             1.01 1949   0.05  -0.05     0.00
  MONTH TO DATE    1.38                      1.10   0.28     0.56
  SINCE DEC 1      4.57                      3.52   1.05     1.36
  SINCE JAN 1      1.38                      1.10   0.28     0.56

SNOWFALL (IN)
  YESTERDAY        T             9.0  1918   0.2   -0.2      0.0
  MONTH TO DATE   11.2                       4.0    7.2      3.4
  SINCE DEC 1     11.6                      11.1    0.5     10.8
  SINCE JUL 1     21.4                      12.2    9.2     10.8
  SNOW DEPTH       7

DEGREE DAYS
 HEATING
  YESTERDAY       34                        40     -6       39
  MONTH TO DATE  595                       720   -125      907
  SINCE DEC 1   1549                      1850   -301     2034
  SINCE JUL 1   2882                      2998   -116     3021

 COOLING
  YESTERDAY        0                         0      0        0
  MONTH TO DATE    0                         0      0        0
  SINCE DEC 1      0                         0      0        0
  SINCE JAN 1      0                         0      0        0
..................................................................


WIND (MPH)
  HIGHEST WIND SPEED    22   HIGHEST WIND DIRECTION     E (70)
  HIGHEST GUST SPEED    31   HIGHEST GUST DIRECTION     E (70)
  AVERAGE WIND SPEED     8.8


SKY COVER
  POSSIBLE SUNSHINE  MM
  AVERAGE SKY COVER 1.0


WEATHER CONDITIONS
 THE FOLLOWING WEATHER WAS RECORDED YESTERDAY.
  LT FREEZING RAIN
  LIGHT SNOW
  FOG
  HAZE


RELATIVE HUMIDITY (PERCENT)
 HIGHEST    85           600 AM
 LOWEST     72           200 PM
 AVERAGE    79

..........................................................


THE PEORIA IL CLIMATE NORMALS FOR TODAY
                         NORMAL    RECORD    YEAR
 MAXIMUM TEMPERATURE (F)   33        63      1952
 MINIMUM TEMPERATURE (F)   17       -21      1994


SUNRISE AND SUNSET
JANUARY 19 2019.......SUNRISE   719 AM CST   SUNSET   501 PM CST
JANUARY 20 2019.......SUNRISE   718 AM CST   SUNSET   502 PM CST


-  INDICATES NEGATIVE NUMBERS.
R  INDICATES RECORD WAS SET OR TIED.
MM INDICATES DATA IS MISSING.
T  INDICATES TRACE AMOUNT.




$$
