000
CDUS43 KILX 180637
CLIPIA


CLIMATE REPORT
NATIONAL WEATHER SERVICE LINCOLN IL
137 AM CDT WED JUL 18 2018


...................................

...THE PEORIA IL CLIMATE SUMMARY FOR JULY 17 2018...

CLIMATE NORMAL PERIOD 1981 TO 2010
CLIMATE RECORD PERIOD 1883 TO 2018


WEATHER ITEM   OBSERVED TIME   RECORD YEAR NORMAL DEPARTURE LAST
                VALUE   (LST)  VALUE       VALUE  FROM      YEAR
                                                  NORMAL
..................................................................
TEMPERATURE (F)
 YESTERDAY
  MAXIMUM         87    344 PM 106    1887  86      1       83
  MINIMUM         63    503 AM  49    1911  66     -3       63
  AVERAGE         75                        76     -1       73

PRECIPITATION (IN)
  YESTERDAY        0.00          4.09 1895   0.13  -0.13     0.00
  MONTH TO DATE    3.46                      2.16   1.30     3.20
  SINCE JUN 1      6.87                      5.69   1.18     4.98
  SINCE JAN 1     22.80                     20.02   2.78    23.47

SNOWFALL (IN)
  YESTERDAY        0.0           0.0    MM   0.0    0.0      0.0
  MONTH TO DATE    0.0                       0.0    0.0      0.0
  SINCE JUN 1      0.0                       0.0    0.0      0.0
  SINCE JUL 1      0.0                       0.0    0.0      0.0
  SNOW DEPTH       0

DEGREE DAYS
 HEATING
  YESTERDAY        0                         0      0        0
  MONTH TO DATE    0                         0      0        0
  SINCE JUN 1      0                        18    -18        6
  SINCE JUL 1      0                         0      0        0

 COOLING
  YESTERDAY       10                        11     -1        8
  MONTH TO DATE  226                       185     41      203
  SINCE JUN 1    551                       407    144      462
  SINCE JAN 1    774                       488    286      543
..................................................................


WIND (MPH)
  HIGHEST WIND SPEED    13   HIGHEST WIND DIRECTION     E (90)
  HIGHEST GUST SPEED    16   HIGHEST GUST DIRECTION     E (90)
  AVERAGE WIND SPEED     4.1


SKY COVER
  POSSIBLE SUNSHINE  MM
  AVERAGE SKY COVER 0.0


WEATHER CONDITIONS
 THE FOLLOWING WEATHER WAS RECORDED YESTERDAY.
  NO SIGNIFICANT WEATHER WAS OBSERVED.


RELATIVE HUMIDITY (PERCENT)
 HIGHEST    87           300 AM
 LOWEST     40           200 PM
 AVERAGE    64

..........................................................


THE PEORIA IL CLIMATE NORMALS FOR TODAY
                         NORMAL    RECORD    YEAR
 MAXIMUM TEMPERATURE (F)   86       101      2012
                                             1930
                                             1894
 MINIMUM TEMPERATURE (F)   66        51      1979


SUNRISE AND SUNSET
JULY 18 2018..........SUNRISE   543 AM CDT   SUNSET   827 PM CDT
JULY 19 2018..........SUNRISE   544 AM CDT   SUNSET   826 PM CDT


-  INDICATES NEGATIVE NUMBERS.
R  INDICATES RECORD WAS SET OR TIED.
MM INDICATES DATA IS MISSING.
T  INDICATES TRACE AMOUNT.




$$
