000
CDUS43 KILX 272151
CLIPIA


CLIMATE REPORT
NATIONAL WEATHER SERVICE LINCOLN IL
450 PM CDT WED MAY 27 2020


...................................

...THE PEORIA IL CLIMATE SUMMARY FOR MAY 27 2020...
VALID TODAY AS OF 0400 PM LOCAL TIME.

CLIMATE NORMAL PERIOD 1981 TO 2010
CLIMATE RECORD PERIOD 1883 TO 2020


WEATHER ITEM   OBSERVED TIME   RECORD YEAR NORMAL DEPARTURE LAST
                VALUE   (LST)  VALUE       VALUE  FROM      YEAR
                                                  NORMAL
..................................................................
TEMPERATURE (F)
 TODAY
  MAXIMUM         83    234 PM  97    2018  77      6       83
  MINIMUM         67    502 AM  35    1992  55     12       62
  AVERAGE         75                        66      9       73

PRECIPITATION (IN)
  TODAY            T             1.66 1996   0.13  -0.13     0.07
  MONTH TO DATE    5.11                      3.82   1.29     6.47
  SINCE MAR 1     13.59                     10.25   3.34    15.16
  SINCE JAN 1     18.74                     13.82   4.92    20.81

SNOWFALL (IN)
  TODAY            0.0           0.0    MM   0.0    0.0      0.0
  MONTH TO DATE    0.0                       0.0    0.0      0.0
  SINCE MAR 1      4.8                       3.3    1.5      5.8
  SINCE JUL 1     35.9                      24.6   11.3     36.4
  SNOW DEPTH       0

DEGREE DAYS
 HEATING
  TODAY            0                         3     -3        0
  MONTH TO DATE  202                       139     63      150
  SINCE MAR 1   1303                      1288     15     1364
  SINCE JUL 1   5594                      5804   -210     6023

 COOLING
  TODAY           10                         3      7        8
  MONTH TO DATE   56                        51      5       54
  SINCE MAR 1     59                        65     -6       61
  SINCE JAN 1     59                        65     -6       61
..................................................................


WIND (MPH)
  HIGHEST WIND SPEED    20   HIGHEST WIND DIRECTION     S (170)
  HIGHEST GUST SPEED    28   HIGHEST GUST DIRECTION     S (160)
  AVERAGE WIND SPEED     8.1


SKY COVER
  POSSIBLE SUNSHINE  MM
  AVERAGE SKY COVER 0.5


WEATHER CONDITIONS
 THE FOLLOWING WEATHER WAS RECORDED TODAY.
  LIGHT RAIN


RELATIVE HUMIDITY (PERCENT)
 HIGHEST    90           200 AM
 LOWEST     58           100 PM
 AVERAGE    74

..........................................................


THE PEORIA IL CLIMATE NORMALS FOR TOMORROW
                         NORMAL    RECORD    YEAR
 MAXIMUM TEMPERATURE (F)   77        95      2018
 MINIMUM TEMPERATURE (F)   55        36      1907


SUNRISE AND SUNSET
MAY 27 2020...........SUNRISE   532 AM CDT   SUNSET   820 PM CDT
MAY 28 2020...........SUNRISE   532 AM CDT   SUNSET   821 PM CDT


-  INDICATES NEGATIVE NUMBERS.
R  INDICATES RECORD WAS SET OR TIED.
MM INDICATES DATA IS MISSING.
T  INDICATES TRACE AMOUNT.




$$
