000
CDUS45 KPIH 092331
CLIPIH


CLIMATE REPORT
NATIONAL WEATHER SERVICE POCATELLO ID
529 PM MDT SUN AUG 9 2020


...................................

...THE POCATELLO ID CLIMATE SUMMARY FOR AUGUST 9 2020...
VALID TODAY AS OF 0500 PM LOCAL TIME.

CLIMATE NORMAL PERIOD 1981 TO 2010
CLIMATE RECORD PERIOD 1939 TO 2020


WEATHER ITEM   OBSERVED TIME   RECORD YEAR NORMAL DEPARTURE LAST
                VALUE   (LST)  VALUE       VALUE  FROM      YEAR
                                                  NORMAL
..................................................................
TEMPERATURE (F)
 TODAY
  MAXIMUM         89    359 PM  99    2003  89      0       86
                                      2000
                                      1991
  MINIMUM         50    533 AM  35    1995  52     -2       53
  AVERAGE         70                        70      0       70

PRECIPITATION (IN)
  TODAY            0.00          0.29 1968   0.02  -0.02     0.00
  MONTH TO DATE    T                         0.17  -0.17     0.07
  SINCE OCT 1      9.47                     10.21  -0.74    12.20
  SINCE JAN 1      8.07                      6.99   1.08     9.31

SNOWFALL (IN)
  TODAY            0.0
  MONTH TO DATE    0.0
  SINCE JUN 1      0.0
  SINCE JUL 1      0.0
  SNOW DEPTH       0

DEGREE DAYS
 HEATING
  TODAY            0                         0      0        0
  MONTH TO DATE    0                         0      0        0
  SINCE JUN 1    154                       148      6      135
  SINCE JUL 1      5                        17    -12        8

 COOLING
  TODAY            5                         6     -1        5
  MONTH TO DATE   82                        54     28       73
  SINCE JUN 1    290                       272     18      287
  SINCE JAN 1    306                       272     34      287
..................................................................


WIND (MPH)
  HIGHEST WIND SPEED    21   HIGHEST WIND DIRECTION     W (260)
  HIGHEST GUST SPEED    29   HIGHEST GUST DIRECTION     W (260)
  AVERAGE WIND SPEED    12.0


SKY COVER
  POSSIBLE SUNSHINE  MM
  AVERAGE SKY COVER 0.0


WEATHER CONDITIONS
 THE FOLLOWING WEATHER WAS RECORDED TODAY.
  NO SIGNIFICANT WEATHER WAS OBSERVED.


RELATIVE HUMIDITY (PERCENT)
 HIGHEST    59           600 AM
 LOWEST     17           200 PM
 AVERAGE    38

..........................................................


THE POCATELLO ID CLIMATE NORMALS FOR TOMORROW
                         NORMAL    RECORD    YEAR
 MAXIMUM TEMPERATURE (F)   89       102      2018
 MINIMUM TEMPERATURE (F)   52        39      2002


SUNRISE AND SUNSET
AUGUST  9 2020........SUNRISE   631 AM MDT   SUNSET   840 PM MDT
AUGUST 10 2020........SUNRISE   632 AM MDT   SUNSET   839 PM MDT


-  INDICATES NEGATIVE NUMBERS.
R  INDICATES RECORD WAS SET OR TIED.
MM INDICATES DATA IS MISSING.
T  INDICATES TRACE AMOUNT.




$$
