000
CDUS45 KPIH 180733
CLIPIH


CLIMATE REPORT
NATIONAL WEATHER SERVICE POCATELLO ID
1232 AM MST TUE DEC 18 2018


...................................

...THE POCATELLO ID CLIMATE SUMMARY FOR DECEMBER 17 2018...

CLIMATE NORMAL PERIOD 1981 TO 2010
CLIMATE RECORD PERIOD 1939 TO 2018


WEATHER ITEM   OBSERVED TIME   RECORD YEAR NORMAL DEPARTURE LAST
                VALUE   (LST)  VALUE       VALUE  FROM      YEAR
                                                  NORMAL
..................................................................
TEMPERATURE (F)
 YESTERDAY
  MAXIMUM         43    221 PM  55    1939  32     11       30
  MINIMUM         17    601 AM -15    1964  16      1       18
  AVERAGE         30                        24      6       24

PRECIPITATION (IN)
  YESTERDAY        T             0.23 1957   0.04  -0.04      T
  MONTH TO DATE    0.22                      0.71  -0.49     0.54
  SINCE OCT 1      2.33                      2.69  -0.36     2.34
  SINCE JAN 1      8.50                     11.60  -3.10    16.84

SNOWFALL (IN)
  YESTERDAY        0.0
  MONTH TO DATE    3.5
  SINCE DEC 1      3.5
  SINCE JUL 1      4.3
  SNOW DEPTH       T

DEGREE DAYS
 HEATING
  YESTERDAY       35                        41     -6       41
  MONTH TO DATE  715                       676     39      692
  SINCE DEC 1    715                       676     39      692
  SINCE JUL 1   2424                      2404     20     2326

 COOLING
  YESTERDAY        0                         0      0        0
  MONTH TO DATE    0                         0      0        0
  SINCE DEC 1      0                         0      0        0
  SINCE JAN 1    464                       392     72      575
..................................................................


WIND (MPH)
  HIGHEST WIND SPEED    14   HIGHEST WIND DIRECTION    SW (240)
  HIGHEST GUST SPEED    16   HIGHEST GUST DIRECTION     S (190)
  AVERAGE WIND SPEED     4.8


SKY COVER
  POSSIBLE SUNSHINE  MM
  AVERAGE SKY COVER 0.5


WEATHER CONDITIONS
 THE FOLLOWING WEATHER WAS RECORDED YESTERDAY.
  NO SIGNIFICANT WEATHER WAS OBSERVED.


RELATIVE HUMIDITY (PERCENT)
 HIGHEST    92           600 AM
 LOWEST     59           100 PM
 AVERAGE    76

..........................................................


THE POCATELLO ID CLIMATE NORMALS FOR TODAY
                         NORMAL    RECORD    YEAR
 MAXIMUM TEMPERATURE (F)   32        54      1958
 MINIMUM TEMPERATURE (F)   15       -13      1964


SUNRISE AND SUNSET
DECEMBER 18 2018......SUNRISE   756 AM MST   SUNSET   458 PM MST
DECEMBER 19 2018......SUNRISE   757 AM MST   SUNSET   458 PM MST


-  INDICATES NEGATIVE NUMBERS.
R  INDICATES RECORD WAS SET OR TIED.
MM INDICATES DATA IS MISSING.
T  INDICATES TRACE AMOUNT.




$$
