000
CDUS45 KPIH 082323
CLIPIH

CLIMATE REPORT
NATIONAL WEATHER SERVICE POCATELLO ID
523 PM MDT SAT MAY 08 2021

...................................

...THE POCATELLO CLIMATE SUMMARY FOR MAY 8 2021...
VALID TODAY AS OF 0500 PM LOCAL TIME.

CLIMATE NORMAL PERIOD 1991 TO 2020
CLIMATE RECORD PERIOD 1939 TO 2021


WEATHER ITEM   OBSERVED TIME   RECORD YEAR NORMAL DEPARTURE LAST
                VALUE   (LST)  VALUE       VALUE  FROM      YEAR
                                                  NORMAL
...................................................................
TEMPERATURE (F)
 TODAY
  MAXIMUM         57    235 PM  84    1966  66     -9       70
                                      1987
                                      2001
  MINIMUM         35    601 AM  25    2002  38     -3       28
                                      2009
  AVERAGE         46                        52     -6       49

PRECIPITATION (IN)
  TODAY            0.00          0.67 1991   0.05  -0.05     0.00
  MONTH TO DATE    0.38                      0.34   0.04      T
  SINCE OCT 1      5.69                      7.90  -2.21     6.29
  SINCE JAN 1      4.26                      4.83  -0.57     4.89

SNOWFALL (IN)
  TODAY            0.0
  MONTH TO DATE    0.0
  SINCE MAR 1      5.9
  SINCE JUL 1     24.6
  SNOW DEPTH       0

DEGREE DAYS
 HEATING
  TODAY           19                        13      6       16
  MONTH TO DATE   86                       115    -29      109
  SINCE MAR 1   1519                      1496     23     1451
  SINCE JUL 1   6384                      6604   -220     6682

 COOLING
  TODAY            0                         0      0        0
  MONTH TO DATE    0                         0      0        0
  SINCE MAR 1      0                         0      0        0
  SINCE JAN 1      0                         0      0        0
...................................................................


WIND (MPH)
  HIGHEST WIND SPEED    32   HIGHEST WIND DIRECTION    SW (230)
  HIGHEST GUST SPEED    42   HIGHEST GUST DIRECTION    SW (240)
  AVERAGE WIND SPEED    18.6


SKY COVER
  POSSIBLE SUNSHINE  MM
  AVERAGE SKY COVER 0.3


WEATHER CONDITIONS
THE FOLLOWING WEATHER WAS RECORDED TODAY.
  NO SIGNIFICANT WEATHER WAS OBSERVED.


RELATIVE HUMIDITY (PERCENT)
 HIGHEST    54           600 AM
 LOWEST     20           200 PM
 AVERAGE    37

..........................................................


THE POCATELLO CLIMATE NORMALS FOR TOMORROW
                         NORMAL    RECORD    YEAR
 MAXIMUM TEMPERATURE (F)   66        85      1954
 MINIMUM TEMPERATURE (F)   38        20      2002


SUNRISE AND SUNSET
MAY  8 2021...........SUNRISE   615 AM MDT   SUNSET   840 PM MDT
MAY  9 2021...........SUNRISE   614 AM MDT   SUNSET   841 PM MDT


-  INDICATES NEGATIVE NUMBERS.
R  INDICATES RECORD WAS SET OR TIED.
MM INDICATES DATA IS MISSING.
T  INDICATES TRACE AMOUNT.




$$
