118
CDUS45 KPIH 182341
CLIPIH


CLIMATE REPORT
NATIONAL WEATHER SERVICE POCATELLO ID
538 PM MDT FRI OCT 18 2019


...................................

...THE POCATELLO ID CLIMATE SUMMARY FOR OCTOBER 18 2019...
VALID TODAY AS OF 0500 PM LOCAL TIME.

CLIMATE NORMAL PERIOD 1981 TO 2010
CLIMATE RECORD PERIOD 1939 TO 2019


WEATHER ITEM   OBSERVED TIME   RECORD YEAR NORMAL DEPARTURE LAST
                VALUE   (LST)  VALUE       VALUE  FROM      YEAR
                                                  NORMAL
..................................................................
TEMPERATURE (F)
 TODAY
  MAXIMUM         53    207 PM  82    1955  60     -7       65
  MINIMUM         34    626 AM  19    1964  33      1       27
  AVERAGE         44                        46     -2       46

PRECIPITATION (IN)
  TODAY            0.00          0.51 1971   0.03  -0.03     0.00
  MONTH TO DATE    0.12                      0.51  -0.39     0.83
  SINCE OCT 1      0.12                      0.51  -0.39     0.83
  SINCE JAN 1     11.10                      9.42   1.68     7.00

SNOWFALL (IN)
  TODAY            0.0
  MONTH TO DATE    0.6
  SINCE SEP 1      0.6
  SINCE JUL 1      0.6
  SNOW DEPTH       0

DEGREE DAYS
 HEATING
  TODAY           21                        19      2       19
  MONTH TO DATE  391                       281    110      348
  SINCE SEP 1    595                       484    111      502
  SINCE JUL 1    616                       530     86      542

 COOLING
  TODAY            0                         0      0        0
  MONTH TO DATE    0                         0      0        0
  SINCE SEP 1     49                        22     27       17
  SINCE JAN 1    417                       392     25      464
..................................................................


WIND (MPH)
  HIGHEST WIND SPEED    31   HIGHEST WIND DIRECTION     W (250)
  HIGHEST GUST SPEED    39   HIGHEST GUST DIRECTION     W (250)
  AVERAGE WIND SPEED    17.5


SKY COVER
  POSSIBLE SUNSHINE  MM
  AVERAGE SKY COVER 0.4


WEATHER CONDITIONS
 THE FOLLOWING WEATHER WAS RECORDED TODAY.
  NO SIGNIFICANT WEATHER WAS OBSERVED.


RELATIVE HUMIDITY (PERCENT)
 HIGHEST    75           300 AM
 LOWEST     30           300 PM
 AVERAGE    53

..........................................................


THE POCATELLO ID CLIMATE NORMALS FOR TOMORROW
                         NORMAL    RECORD    YEAR
 MAXIMUM TEMPERATURE (F)   60        78      1950
 MINIMUM TEMPERATURE (F)   32        19      1998
                                             1982
                                             1976


SUNRISE AND SUNSET
OCTOBER 18 2019.......SUNRISE   747 AM MDT   SUNSET   643 PM MDT
OCTOBER 19 2019.......SUNRISE   748 AM MDT   SUNSET   642 PM MDT


-  INDICATES NEGATIVE NUMBERS.
R  INDICATES RECORD WAS SET OR TIED.
MM INDICATES DATA IS MISSING.
T  INDICATES TRACE AMOUNT.




$$
