838
CDUS45 KPIH 200743
CLIPIH


CLIMATE REPORT
NATIONAL WEATHER SERVICE POCATELLO ID
141 AM MDT WED JUN 20 2018


...................................

...THE POCATELLO ID CLIMATE SUMMARY FOR JUNE 19 2018...

CLIMATE NORMAL PERIOD 1981 TO 2010
CLIMATE RECORD PERIOD 1939 TO 2018


WEATHER ITEM   OBSERVED TIME   RECORD YEAR NORMAL DEPARTURE LAST
                VALUE   (LST)  VALUE       VALUE  FROM      YEAR
                                                  NORMAL
..................................................................
TEMPERATURE (F)
 YESTERDAY
  MAXIMUM         74    502 PM 103    1940  79     -5       88
  MINIMUM         46   1232 AM  33    1996  47     -1       51
  AVERAGE         60                        63     -3       70

PRECIPITATION (IN)
  YESTERDAY        0.00          0.35 1995   0.03  -0.03     0.00
  MONTH TO DATE    0.56                      0.75  -0.19     1.14
  SINCE OCT 1      8.52                      9.80  -1.28    17.61
  SINCE JAN 1      5.73                      6.58  -0.85    11.05

SNOWFALL (IN)
  YESTERDAY        0.0
  MONTH TO DATE    0.0
  SINCE JUN 1      0.0
  SINCE JUL 1     30.5
  SNOW DEPTH       0

DEGREE DAYS
 HEATING
  YESTERDAY        5                         4      1        0
  MONTH TO DATE   84                       104    -20       77
  SINCE JUN 1     84                       104    -20       77
  SINCE JUL 1   6324                      7151   -827     6938

 COOLING
  YESTERDAY        0                         2     -2        5
  MONTH TO DATE   10                        20    -10       28
  SINCE JUN 1     10                        20    -10       28
  SINCE JAN 1     11                        25    -14       30
..................................................................


WIND (MPH)
  HIGHEST WIND SPEED    20   HIGHEST WIND DIRECTION     W (260)
  HIGHEST GUST SPEED    24   HIGHEST GUST DIRECTION     W (270)
  AVERAGE WIND SPEED     9.5


SKY COVER
  POSSIBLE SUNSHINE  MM
  AVERAGE SKY COVER 0.6


WEATHER CONDITIONS
 THE FOLLOWING WEATHER WAS RECORDED YESTERDAY.
  NO SIGNIFICANT WEATHER WAS OBSERVED.


RELATIVE HUMIDITY (PERCENT)
 HIGHEST    93           100 AM
 LOWEST     33           400 PM
 AVERAGE    63

..........................................................


THE POCATELLO ID CLIMATE NORMALS FOR TODAY
                         NORMAL    RECORD    YEAR
 MAXIMUM TEMPERATURE (F)   79        99      1994
 MINIMUM TEMPERATURE (F)   48        35      1989


SUNRISE AND SUNSET
JUNE 20 2018..........SUNRISE   551 AM MDT   SUNSET   913 PM MDT
JUNE 21 2018..........SUNRISE   552 AM MDT   SUNSET   913 PM MDT


-  INDICATES NEGATIVE NUMBERS.
R  INDICATES RECORD WAS SET OR TIED.
MM INDICATES DATA IS MISSING.
T  INDICATES TRACE AMOUNT.




$$
