988
CDUS45 KPIH 240732
CLIPIH


CLIMATE REPORT
NATIONAL WEATHER SERVICE POCATELLO ID
130 AM MDT MON SEP 24 2018


...................................

...THE POCATELLO ID CLIMATE SUMMARY FOR SEPTEMBER 23 2018...

CLIMATE NORMAL PERIOD 1981 TO 2010
CLIMATE RECORD PERIOD 1939 TO 2018


WEATHER ITEM   OBSERVED TIME   RECORD YEAR NORMAL DEPARTURE LAST
                VALUE   (LST)  VALUE       VALUE  FROM      YEAR
                                                  NORMAL
..................................................................
TEMPERATURE (F)
 YESTERDAY
  MAXIMUM         70    125 PM  90    2001  72     -2       54
  MINIMUM         50   1159 PM  24    1996  40     10       33
  AVERAGE         60                        56      4       44

PRECIPITATION (IN)
  YESTERDAY        0.00          0.84 2016   0.03  -0.03     0.00
  MONTH TO DATE    T                         0.63  -0.63     2.89
  SINCE OCT 1      8.96                     11.92  -2.96    21.00
  SINCE JAN 1      6.17                      8.70  -2.53    14.44

SNOWFALL (IN)
  YESTERDAY        0.0
  MONTH TO DATE    0.0
  SINCE SEP 1      0.0
  SINCE JUL 1      0.0
  SNOW DEPTH       0

DEGREE DAYS
 HEATING
  YESTERDAY        5                         9     -4       21
  MONTH TO DATE   80                       127    -47      144
  SINCE SEP 1     80                       127    -47      144
  SINCE JUL 1    120                       173    -53      148

 COOLING
  YESTERDAY        0                         0      0        0
  MONTH TO DATE   17                        20     -3       66
  SINCE SEP 1     17                        20     -3       66
  SINCE JAN 1    464                       390     74      575
..................................................................


WIND (MPH)
  HIGHEST WIND SPEED    24   HIGHEST WIND DIRECTION    SW (240)
  HIGHEST GUST SPEED    29   HIGHEST GUST DIRECTION    SW (240)
  AVERAGE WIND SPEED    12.4


SKY COVER
  POSSIBLE SUNSHINE  MM
  AVERAGE SKY COVER 0.0


WEATHER CONDITIONS
 THE FOLLOWING WEATHER WAS RECORDED YESTERDAY.
  NO SIGNIFICANT WEATHER WAS OBSERVED.


RELATIVE HUMIDITY (PERCENT)
 HIGHEST    54           900 PM
 LOWEST     26           400 AM
 AVERAGE    40

..........................................................


THE POCATELLO ID CLIMATE NORMALS FOR TODAY
                         NORMAL    RECORD    YEAR
 MAXIMUM TEMPERATURE (F)   72        91      2001
 MINIMUM TEMPERATURE (F)   39        22      2000


SUNRISE AND SUNSET
SEPTEMBER 24 2018.....SUNRISE   720 AM MDT   SUNSET   724 PM MDT
SEPTEMBER 25 2018.....SUNRISE   721 AM MDT   SUNSET   722 PM MDT


-  INDICATES NEGATIVE NUMBERS.
R  INDICATES RECORD WAS SET OR TIED.
MM INDICATES DATA IS MISSING.
T  INDICATES TRACE AMOUNT.




$$
