000
CDUS45 KPIH 232323
CLIPIH


CLIMATE REPORT
NATIONAL WEATHER SERVICE POCATELLO ID
423 PM MST FRI FEB 23 2018


...................................

...THE POCATELLO ID CLIMATE SUMMARY FOR FEBRUARY 23 2018...
VALID TODAY AS OF 0400 PM LOCAL TIME.

CLIMATE NORMAL PERIOD 1981 TO 2010
CLIMATE RECORD PERIOD 1939 TO 2018


WEATHER ITEM   OBSERVED TIME   RECORD YEAR NORMAL DEPARTURE LAST
                VALUE   (LST)  VALUE       VALUE  FROM      YEAR
                                                  NORMAL
..................................................................
TEMPERATURE (F)
 TODAY
  MAXIMUM         22   1236 AM  58    1995  40    -18       29
  MINIMUM          9    405 AM  -5    1955  21    -12       23
  AVERAGE         16                        31    -15       26

PRECIPITATION (IN)
  TODAY            T             0.61 2017   0.04  -0.04     0.50
  MONTH TO DATE    0.58                      0.78  -0.20     2.81
  SINCE OCT 1      4.08                      4.99  -0.91    12.22
  SINCE JAN 1      1.29                      1.77  -0.48     5.66

SNOWFALL (IN)
  TODAY           MM
  MONTH TO DATE    7.0
  SINCE DEC 1     20.1
  SINCE JUL 1     21.1
  SNOW DEPTH       0

DEGREE DAYS
 HEATING
  TODAY           49                        34     15       39
  MONTH TO DATE  717                       861   -144      690
  SINCE DEC 1   2874                      3380   -506     3588
  SINCE JUL 1   4508                      5108   -600     5023

 COOLING
  TODAY            0                         0      0        0
  MONTH TO DATE    0                         0      0        0
  SINCE DEC 1      0                         0      0        0
  SINCE JAN 1      0                         0      0        0
..................................................................


WIND (MPH)
  HIGHEST WIND SPEED    23   HIGHEST WIND DIRECTION    SW (230)
  HIGHEST GUST SPEED    27   HIGHEST GUST DIRECTION    SW (230)
  AVERAGE WIND SPEED    12.7


SKY COVER
  POSSIBLE SUNSHINE  MM
  AVERAGE SKY COVER 0.7


WEATHER CONDITIONS
 THE FOLLOWING WEATHER WAS RECORDED TODAY.
  LIGHT SNOW
  FOG


RELATIVE HUMIDITY (PERCENT)
 HIGHEST    92           400 AM
 LOWEST     73           300 PM
 AVERAGE    83

..........................................................


THE POCATELLO ID CLIMATE NORMALS FOR TOMORROW
                         NORMAL    RECORD    YEAR
 MAXIMUM TEMPERATURE (F)   41        63      1995
 MINIMUM TEMPERATURE (F)   21        -1      1952


SUNRISE AND SUNSET
FEBRUARY 23 2018......SUNRISE   716 AM MST   SUNSET   612 PM MST
FEBRUARY 24 2018......SUNRISE   714 AM MST   SUNSET   614 PM MST


-  INDICATES NEGATIVE NUMBERS.
R  INDICATES RECORD WAS SET OR TIED.
MM INDICATES DATA IS MISSING.
T  INDICATES TRACE AMOUNT.




$$
