000
CDUS43 KABR 180716
CLIPIR


CLIMATE REPORT
NATIONAL WEATHER SERVICE ABERDEEN SD
216 AM CDT THU OCT 18 2018


...................................

...THE PIERRE SD CLIMATE SUMMARY FOR OCTOBER 17 2018...

CLIMATE NORMAL PERIOD 1981 TO 2010
CLIMATE RECORD PERIOD 1892 TO 2018


WEATHER ITEM   OBSERVED TIME   RECORD YEAR NORMAL DEPARTURE LAST
                VALUE   (LST)  VALUE       VALUE  FROM      YEAR
                                                  NORMAL
..................................................................
TEMPERATURE (F)
 YESTERDAY
  MAXIMUM         66    421 PM  83    1945  61      5       79
  MINIMUM         32    718 AM  15    1948  36     -4       39
  AVERAGE         49                        48      1       59

PRECIPITATION (IN)
  YESTERDAY        0.00          0.94 2007   0.05  -0.05     0.00
  MONTH TO DATE    1.41                      1.04   0.37     1.04
  SINCE SEP 1      2.86                      2.91  -0.05     2.90
  SINCE JAN 1     16.15                     18.09  -1.94    13.34

SNOWFALL (IN)
  YESTERDAY        0.0           2.3  1990
  MONTH TO DATE    T
  SINCE OCT 1      T
  SINCE JUL 1      T
  SNOW DEPTH       0

DEGREE DAYS
 HEATING
  YESTERDAY       16                        17     -1        6
  MONTH TO DATE  388                       229    159      226
  SINCE SEP 1    528                       380    148      357
  SINCE JUL 1    541                       400    141      362

 COOLING
  YESTERDAY        0                         0      0        0
  MONTH TO DATE    0                         2     -2        0
  SINCE SEP 1    115                        88     27      108
  SINCE JAN 1   1003                       865    138      866
..................................................................


WIND (MPH)
  RESULTANT WIND SPEED   3   RESULTANT WIND DIRECTION   S (170)
  HIGHEST WIND SPEED    10   HIGHEST WIND DIRECTION    SE (140)
  HIGHEST GUST SPEED    13   HIGHEST GUST DIRECTION    SW (240)
  AVERAGE WIND SPEED     5.0


SKY COVER
  POSSIBLE SUNSHINE  MM
  AVERAGE SKY COVER 0.1


WEATHER CONDITIONS
 THE FOLLOWING WEATHER WAS RECORDED YESTERDAY.
  NO SIGNIFICANT WEATHER WAS OBSERVED.


RELATIVE HUMIDITY (PERCENT)
 HIGHEST    92           700 AM
 LOWEST     40           300 PM
 AVERAGE    66

..........................................................


THE PIERRE SD CLIMATE NORMALS FOR TODAY
                         NORMAL    RECORD    YEAR
 MAXIMUM TEMPERATURE (F)   60        90      2000
 MINIMUM TEMPERATURE (F)   36        18      1972


SUNRISE AND SUNSET
OCTOBER 18 2018.......SUNRISE   800 AM CDT   SUNSET   652 PM CDT
OCTOBER 19 2018.......SUNRISE   801 AM CDT   SUNSET   650 PM CDT


-  INDICATES NEGATIVE NUMBERS.
R  INDICATES RECORD WAS SET OR TIED.
MM INDICATES DATA IS MISSING.
T  INDICATES TRACE AMOUNT.




$$
