000
CDUS43 KABR 172243
CLIPIR


CLIMATE REPORT
NATIONAL WEATHER SERVICE ABERDEEN SD
543 PM CDT TUE JUL 17 2018


...................................

...THE PIERRE SD CLIMATE SUMMARY FOR JULY 17 2018...
VALID TODAY AS OF 0500 PM LOCAL TIME.

CLIMATE NORMAL PERIOD 1981 TO 2010
CLIMATE RECORD PERIOD 1892 TO 2018


WEATHER ITEM   OBSERVED TIME   RECORD YEAR NORMAL DEPARTURE LAST
                VALUE   (LST)  VALUE       VALUE  FROM      YEAR
                                                  NORMAL
..................................................................
TEMPERATURE (F)
 TODAY
  MAXIMUM         92    352 PM 109    1936  90      2      100
  MINIMUM         61    533 AM  48    2009  62     -1       74
  AVERAGE         77                        76      1       87

PRECIPITATION (IN)
  TODAY            0.00          1.77 1969   0.08  -0.08     0.00
  MONTH TO DATE    0.01                      1.43  -1.42     0.07
  SINCE JUN 1      4.46                      5.00  -0.54     2.77
  SINCE JAN 1     11.88                     12.20  -0.32     7.22

DEGREE DAYS
 COOLING
  TODAY           12                        11      1       22
  MONTH TO DATE  216                       168     48      237
  SINCE JUN 1    402                       302    100      404
  SINCE JAN 1    502                       334    168      425
..................................................................


WIND (MPH)
  HIGHEST GUST SPEED    26   HIGHEST GUST DIRECTION     E (110)




..........................................................


THE PIERRE SD CLIMATE NORMALS FOR TOMORROW
                         NORMAL    RECORD    YEAR
 MAXIMUM TEMPERATURE (F)   90       109      1998
 MINIMUM TEMPERATURE (F)   63        49      2009


SUNRISE AND SUNSET
JULY 17 2018..........SUNRISE   613 AM CDT   SUNSET   921 PM CDT
JULY 18 2018..........SUNRISE   614 AM CDT   SUNSET   920 PM CDT


-  INDICATES NEGATIVE NUMBERS.
R  INDICATES RECORD WAS SET OR TIED.
MM INDICATES DATA IS MISSING.
T  INDICATES TRACE AMOUNT.




$$
