986
CDUS43 KABR 222228
CLIPIR

CLIMATE REPORT
NATIONAL WEATHER SERVICE ABERDEEN SD
528 PM CDT MON JUL 22 2024

...................................

...THE PIERRE SD CLIMATE SUMMARY FOR JULY 22 2024...
VALID TODAY AS OF 0500 PM LOCAL TIME.

CLIMATE NORMAL PERIOD 1991 TO 2020
CLIMATE RECORD PERIOD 1892 TO 2024


WEATHER ITEM   OBSERVED TIME   RECORD YEAR NORMAL DEPARTURE LAST
                VALUE   (LST)  VALUE       VALUE  FROM      YEAR
                                                  NORMAL
...................................................................
TEMPERATURE (F)
 TODAY
  MAXIMUM         85    321 PM 108    1941  89     -4       91
  MINIMUM         56    524 AM  49    1961  62     -6       59
  AVERAGE         71                        76     -5       75

PRECIPITATION (IN)
  TODAY            0.00          1.08 1975   0.07  -0.07     0.00
  MONTH TO DATE    2.51                      1.73   0.78     1.11
  SINCE JUN 1      5.70                      5.42   0.28     4.16
  SINCE JAN 1     12.53                     12.75  -0.22     9.38

SNOWFALL (IN)
  TODAY            0.0           0.0    MM   0.0    0.0      0.0
  MONTH TO DATE    0.0                       0.0    0.0       T
  SINCE OCT 1     28.7                      37.2   -8.5     63.2
  SINCE JUL 1      0.0                       0.0    0.0       T
  SNOW DEPTH       0

DEGREE DAYS
 HEATING
  TODAY            0                         0      0        0
  MONTH TO DATE    0                         0      0        4
  SINCE JUN 1     23                        50    -27       16
  SINCE JUL 1      0                         0      0        4

 COOLING
  TODAY            6                        11     -5       10
  MONTH TO DATE  169                       215    -46      146
  SINCE JUN 1    289                       349    -60      372
  SINCE JAN 1    293                       378    -85      441
...................................................................


WIND (MPH)
  HIGHEST WIND SPEED     8   HIGHEST WIND DIRECTION     E (90)
  HIGHEST GUST SPEED    12   HIGHEST GUST DIRECTION    SE (120)
  AVERAGE WIND SPEED     1.9


SKY COVER
  AVERAGE SKY COVER 0.1


WEATHER CONDITIONS
THE FOLLOWING WEATHER WAS RECORDED TODAY.
  FOG
  FOG W/VISIBILITY <= 1/4 MILE


RELATIVE HUMIDITY (PERCENT)
 HIGHEST   100          1200 AM
 LOWEST     44           400 PM
 AVERAGE    72

..........................................................


THE PIERRE SD CLIMATE NORMALS FOR TOMORROW
                         NORMAL    RECORD    YEAR
 MAXIMUM TEMPERATURE (F)   89       115      1940
 MINIMUM TEMPERATURE (F)   62        49      2004


SUNRISE AND SUNSET
JULY 22 2024..........SUNRISE   618 AM CDT   SUNSET   916 PM CDT
JULY 23 2024..........SUNRISE   619 AM CDT   SUNSET   915 PM CDT


-  INDICATES NEGATIVE NUMBERS.
R  INDICATES RECORD WAS SET OR TIED.
MM INDICATES DATA IS MISSING.
T  INDICATES TRACE AMOUNT.




$$