000
CDUS43 KABR 191037
CLIPIR


CLIMATE REPORT
NATIONAL WEATHER SERVICE ABERDEEN SD
436 AM CST MON FEB 19 2018


...................................

...THE PIERRE SD CLIMATE SUMMARY FOR FEBRUARY 18 2018...

CLIMATE NORMAL PERIOD 1981 TO 2010
CLIMATE RECORD PERIOD 1892 TO 2018


WEATHER ITEM   OBSERVED TIME   RECORD YEAR NORMAL DEPARTURE LAST
                VALUE   (LST)  VALUE       VALUE  FROM      YEAR
                                                  NORMAL
..................................................................
TEMPERATURE (F)
 YESTERDAY
  MAXIMUM         30    628 AM  70    1983  36     -6       61
  MINIMUM         10   1159 PM -22    1967  15     -5       29
  AVERAGE         20                        25     -5       45

PRECIPITATION (IN)
  YESTERDAY       MM             0.53 1991   0.02  MM        0.00
  MONTH TO DATE    0.69                      0.32   0.37     0.05
  SINCE DEC 1      1.24                      1.29  -0.05     2.70
  SINCE JAN 1      0.77                      0.74   0.03     1.00

SNOWFALL (IN)
  YESTERDAY       MM             5.3  1991   0.3   MM        0.0
  MONTH TO DATE    6.9                       3.4    3.5      0.2
  SINCE OCT 1     11.3                      19.3   -8.0     27.1
  SINCE JUL 1     11.3                      19.3   -8.0     27.1
  SNOW DEPTH       4

DEGREE DAYS
 HEATING
  YESTERDAY       45                        40      5       20
  MONTH TO DATE  983                       757    226      691
  SINCE DEC 1   3669                      3497    172     3742
  SINCE JUL 1   5126                      5117      9     4879

 COOLING
  YESTERDAY        0                         0      0        0
  MONTH TO DATE    0                         0      0        0
  SINCE DEC 1      0                         0      0        0
  SINCE JAN 1      0                         0      0        0
..................................................................


WIND (MPH)
  RESULTANT WIND SPEED   9   RESULTANT WIND DIRECTION   N (10)
  HIGHEST WIND SPEED    29   HIGHEST WIND DIRECTION     N (340)
  HIGHEST GUST SPEED    34   HIGHEST GUST DIRECTION     N (340)
  AVERAGE WIND SPEED    18.0




RELATIVE HUMIDITY (PERCENT)
 HIGHEST    92          1000 PM
 LOWEST     78           400 AM
 AVERAGE    85

..........................................................


THE PIERRE SD CLIMATE NORMALS FOR TODAY
                         NORMAL    RECORD    YEAR
 MAXIMUM TEMPERATURE (F)   36        67      2017
 MINIMUM TEMPERATURE (F)   15       -21      1936


SUNRISE AND SUNSET
FEBRUARY 19 2018......SUNRISE   735 AM CST   SUNSET   616 PM CST
FEBRUARY 20 2018......SUNRISE   733 AM CST   SUNSET   617 PM CST


-  INDICATES NEGATIVE NUMBERS.
R  INDICATES RECORD WAS SET OR TIED.
MM INDICATES DATA IS MISSING.
T  INDICATES TRACE AMOUNT.




$$
