000
CDUS43 KABR 202234
CLIPIR


CLIMATE REPORT
NATIONAL WEATHER SERVICE ABERDEEN SD
533 PM CDT SUN OCT 20 2019


...................................

...THE PIERRE SD CLIMATE SUMMARY FOR OCTOBER 20 2019...
VALID TODAY AS OF 0500 PM LOCAL TIME.

CLIMATE NORMAL PERIOD 1981 TO 2010
CLIMATE RECORD PERIOD 1892 TO 2019


WEATHER ITEM   OBSERVED TIME   RECORD YEAR NORMAL DEPARTURE
                VALUE   (LST)  VALUE       VALUE  FROM
                                                  NORMAL
...............................................................
TEMPERATURE (F)
 TODAY
  MAXIMUM         55    332 PM  92    1947  59     -4
  MINIMUM         38   1227 AM  19    2011  35      3
  AVERAGE         47                        47      0

PRECIPITATION (IN)
  TODAY            0.06          2.20 1906   0.05   0.01
  MONTH TO DATE    0.89                      1.21  -0.32
  SINCE SEP 1      4.16                      3.08   1.08
  SINCE JAN 1     28.31                     18.26  10.05

SNOWFALL (IN)
  TODAY            0.0
  MONTH TO DATE    5.3
  SINCE OCT 1      5.3
  SINCE JUL 1      5.3
  SNOW DEPTH       0

DEGREE DAYS
 HEATING
  TODAY           18                                0
  MONTH TO DATE  388                              106
  SINCE SEP 1    469                               36
  SINCE JUL 1    485                               32

 COOLING
  TODAY            0                                0
  MONTH TO DATE    0                               -2
  SINCE SEP 1     81                               -7
  SINCE JAN 1    651                             -214
...............................................................


WIND (MPH)
  HIGHEST GUST SPEED    55   HIGHEST GUST DIRECTION    SE (120)


SKY COVER
  AVERAGE SKY COVER 0.7


WEATHER CONDITIONS
 THE FOLLOWING WEATHER WAS RECORDED TODAY.
  RAIN
  LIGHT RAIN


RELATIVE HUMIDITY (PERCENT)
 HIGHEST    86
 LOWEST     64
 AVERAGE    75

..........................................................


THE PIERRE SD CLIMATE NORMALS FOR TOMORROW
                         NORMAL    RECORD    YEAR
 MAXIMUM TEMPERATURE (F)   59        93      1947
 MINIMUM TEMPERATURE (F)   35        14      1987


SUNRISE AND SUNSET
OCTOBER 20 2019.......SUNRISE   802 AM CDT   SUNSET   649 PM CDT
OCTOBER 21 2019.......SUNRISE   804 AM CDT   SUNSET   647 PM CDT


-  INDICATES NEGATIVE NUMBERS.
R  INDICATES RECORD WAS SET OR TIED.
MM INDICATES DATA IS MISSING.
T  INDICATES TRACE AMOUNT.




$$
