000
CDUS43 KABR 222340
CLIPIR


CLIMATE REPORT
NATIONAL WEATHER SERVICE ABERDEEN SD
539 PM CST TUE JAN 22 2019


...................................

...THE PIERRE SD CLIMATE SUMMARY FOR JANUARY 22 2019...
VALID TODAY AS OF 0500 PM LOCAL TIME.

CLIMATE NORMAL PERIOD 1981 TO 2010
CLIMATE RECORD PERIOD 1892 TO 2019


WEATHER ITEM   OBSERVED TIME   RECORD YEAR NORMAL DEPARTURE
                VALUE   (LST)  VALUE       VALUE  FROM
                                                  NORMAL
...............................................................
TEMPERATURE (F)
 TODAY
  MAXIMUM         22    423 PM  58    1967  30     -8
  MINIMUM         10    657 AM -19    1966  10      0
  AVERAGE         16                        20     -4

PRECIPITATION (IN)
  TODAY           MM             0.54 1982   0.01  MM
  MONTH TO DATE    0.49                      0.30   0.19
  SINCE DEC 1      1.54                      0.85   0.69
  SINCE JAN 1      0.49                      0.30   0.19

SNOWFALL (IN)
  TODAY           MM
  MONTH TO DATE    5.5
  SINCE OCT 1     14.8
  SINCE JUL 1     14.8
  SNOW DEPTH      MM

DEGREE DAYS
 HEATING
  TODAY           49                                4
  MONTH TO DATE  824                             -171
  SINCE DEC 1   1989                             -348
  SINCE JUL 1   3776                             -181

 COOLING
  TODAY            0                                0
  MONTH TO DATE    0                                0
  SINCE DEC 1      0                                0
  SINCE JAN 1      0                                0
...............................................................


WIND (MPH)
  HIGHEST GUST SPEED    33   HIGHEST GUST DIRECTION     N (340)


SKY COVER
  AVERAGE SKY COVER 0.9


WEATHER CONDITIONS
 THE FOLLOWING WEATHER WAS RECORDED TODAY.
  LIGHT SNOW
  FOG


RELATIVE HUMIDITY (PERCENT)
 HIGHEST    92
 LOWEST     73
 AVERAGE    83

..........................................................


THE PIERRE SD CLIMATE NORMALS FOR TOMORROW
                         NORMAL    RECORD    YEAR
 MAXIMUM TEMPERATURE (F)   30        68      1981
 MINIMUM TEMPERATURE (F)   10       -20      1952


SUNRISE AND SUNSET
JANUARY 22 2019.......SUNRISE   809 AM CST   SUNSET   537 PM CST
JANUARY 23 2019.......SUNRISE   808 AM CST   SUNSET   538 PM CST


-  INDICATES NEGATIVE NUMBERS.
R  INDICATES RECORD WAS SET OR TIED.
MM INDICATES DATA IS MISSING.
T  INDICATES TRACE AMOUNT.




$$
