000
CDUS43 KABR 120825
CLIPIR


CLIMATE REPORT
NATIONAL WEATHER SERVICE ABERDEEN SD
324 AM CDT WED AUG 12 2020


...................................

...THE PIERRE SD CLIMATE SUMMARY FOR AUGUST 11 2020...

CLIMATE NORMAL PERIOD 1981 TO 2010
CLIMATE RECORD PERIOD 1892 TO 2020


WEATHER ITEM   OBSERVED TIME   RECORD YEAR NORMAL DEPARTURE LAST
                VALUE   (LST)  VALUE       VALUE  FROM      YEAR
                                                  NORMAL
..................................................................
TEMPERATURE (F)
 YESTERDAY
  MAXIMUM         89    309 PM 109    1988  89      0       79
  MINIMUM         62    606 AM  47    1946  62      0       64
  AVERAGE         76                        75      1       72

PRECIPITATION (IN)
  YESTERDAY        0.01          1.66 2019   0.06  -0.05     1.66
  MONTH TO DATE    0.67                      0.76  -0.09     3.08
  SINCE JUN 1      6.10                      6.94  -0.84     9.65
  SINCE JAN 1     11.88                     14.14  -2.26    23.50

SNOWFALL (IN)
  YESTERDAY        0.0          MM      MM   0.0    0.0      0.0
  MONTH TO DATE    0.0                       0.0    0.0      0.0
  SINCE OCT 1     40.9                      31.9    9.0     66.3
  SINCE JUL 1      0.0                       0.0    0.0      0.0
  SNOW DEPTH       0

DEGREE DAYS
 HEATING
  YESTERDAY        0                         0      0        0
  MONTH TO DATE    0                         0      0        0
  SINCE JUN 1     12                        59    -47       42
  SINCE JUL 1      0                         6     -6        0

 COOLING
  YESTERDAY       11                        10      1        7
  MONTH TO DATE   86                       118    -32       87
  SINCE JUN 1    647                       579     68      487
  SINCE JAN 1    653                       611     42      498
..................................................................


WIND (MPH)
  HIGHEST WIND SPEED    33   HIGHEST WIND DIRECTION     S (170)
  HIGHEST GUST SPEED    42   HIGHEST GUST DIRECTION     S (160)
  AVERAGE WIND SPEED    15.4


SKY COVER
  AVERAGE SKY COVER 0.1


WEATHER CONDITIONS
 THE FOLLOWING WEATHER WAS RECORDED YESTERDAY.
  THUNDERSTORM
  LIGHT RAIN


RELATIVE HUMIDITY (PERCENT)
 HIGHEST    82          1000 PM
 LOWEST     37           300 PM
 AVERAGE    60

..........................................................


THE PIERRE SD CLIMATE NORMALS FOR TODAY
                         NORMAL    RECORD    YEAR
 MAXIMUM TEMPERATURE (F)   88       106      1978
 MINIMUM TEMPERATURE (F)   61        39      1964


SUNRISE AND SUNSET
AUGUST 12 2020........SUNRISE   641 AM CDT   SUNSET   850 PM CDT
AUGUST 13 2020........SUNRISE   643 AM CDT   SUNSET   848 PM CDT


-  INDICATES NEGATIVE NUMBERS.
R  INDICATES RECORD WAS SET OR TIED.
MM INDICATES DATA IS MISSING.
T  INDICATES TRACE AMOUNT.




$$
