000
CDUS41 KPBZ 272121
CLIPIT

CLIMATE REPORT
NATIONAL WEATHER SERVICE PITTSBURGH PA
521 PM EDT WED MAY 27 2020

...................................

...THE PITTSBURGH PA CLIMATE SUMMARY FOR MAY 27 2020...
VALID TODAY AS OF 0500 PM LOCAL TIME.

CLIMATE NORMAL PERIOD 1981 TO 2010
CLIMATE RECORD PERIOD 1871 TO 2020


WEATHER ITEM   OBSERVED TIME   RECORD YEAR NORMAL DEPARTURE LAST
                VALUE   (LST)  VALUE       VALUE  FROM      YEAR
                                                  NORMAL
...................................................................
TEMPERATURE (F)
 TODAY
  MAXIMUM         82    259 PM  92    1880  74      8       77
  MINIMUM         64    543 AM  34    1961  53     11       61
  AVERAGE         73                        63     10       69

PRECIPITATION (IN)
  TODAY            0.00          1.62 1956   0.14  -0.14     0.00
  MONTH TO DATE    1.43                      3.37  -1.94     2.68
  SINCE JUN 1     51.33                     37.61  13.72    51.97
  SINCE JAN 1     17.84                     14.52   3.32    15.68

SNOWFALL (IN)
  TODAY            0.0           T    1961   0.0    0.0      0.0
  MONTH TO DATE    T                         0.0    0.0      0.0
  SINCE OCT 1     21.7                      41.3  -19.6     36.6
  SNOW DEPTH       0

DEGREE DAYS
 HEATING
  TODAY            0                         4     -4        0
  MONTH TO DATE  250                       182     68      102
  SINCE MAR 1   1361                      1401    -40     1304
  SINCE JUL 1   5216                      5654   -438     5520

 COOLING
  TODAY            8                         2      6        4
  MONTH TO DATE   50                        34     16       56
  SINCE MAR 1     52                        44      8       61
  SINCE JAN 1     52                        44      8       61
...................................................................


WIND (MPH)
  HIGHEST WIND SPEED    20   HIGHEST WIND DIRECTION    SE (120)
  HIGHEST GUST SPEED    24   HIGHEST GUST DIRECTION    SE (120)
  AVERAGE WIND SPEED     6.4


SKY COVER
  POSSIBLE SUNSHINE  MM
  AVERAGE SKY COVER 0.9


WEATHER CONDITIONS
THE FOLLOWING WEATHER WAS RECORDED TODAY.
  NO SIGNIFICANT WEATHER WAS OBSERVED.


RELATIVE HUMIDITY (PERCENT)
 HIGHEST    76           700 AM
 LOWEST     47           300 PM
 AVERAGE    62

..........................................................


THE PITTSBURGH PA CLIMATE NORMALS FOR TOMORROW
                         NORMAL    RECORD    YEAR
 MAXIMUM TEMPERATURE (F)   74        92      1875
                                             1881
                                             1911
 MINIMUM TEMPERATURE (F)   53        35      1971


SUNRISE AND SUNSET
MAY 27 2020...........SUNRISE   555 AM EDT   SUNSET   842 PM EDT
MAY 28 2020...........SUNRISE   554 AM EDT   SUNSET   843 PM EDT


-  INDICATES NEGATIVE NUMBERS.
R  INDICATES RECORD WAS SET OR TIED.
MM INDICATES DATA IS MISSING.
T  INDICATES TRACE AMOUNT.




$$
