000
CDUS41 KPBZ 252112
CLIPIT

CLIMATE REPORT
NATIONAL WEATHER SERVICE PITTSBURGH PA
512 PM EDT FRI MAY 25 2018

...................................

...THE PITTSBURGH PA CLIMATE SUMMARY FOR MAY 25 2018...
VALID TODAY AS OF 0500 PM LOCAL TIME.

CLIMATE NORMAL PERIOD 1981 TO 2010
CLIMATE RECORD PERIOD 1871 TO 2018

WEATHER ITEM   OBSERVED TIME   RECORD YEAR NORMAL DEPARTURE LAST
                VALUE   (LST)  VALUE       VALUE  FROM      YEAR
                                                  NORMAL
..................................................................
TEMPERATURE (F)
 TODAY
  MAXIMUM         85    354 PM  95    1875  73     12       67
  MINIMUM         55    456 AM  33    2013  52      3       56
                                      1925
  AVERAGE         70                        63      7       62

PRECIPITATION (IN)
  TODAY            0.00          2.48 1997   0.13  -0.13     0.60
  MONTH TO DATE    2.25                      3.09  -0.84     3.98
  SINCE JUN 1     44.40                     37.33   7.07    38.93
  SINCE JAN 1     20.96                     14.24   6.72    17.54

SNOWFALL (IN)
  TODAY            0.0           0.5  1925   0.0    0.0      0.0
  MONTH TO DATE    0.0                       0.0    0.0      0.0
  SINCE OCT 1     59.8                      41.9   17.9     32.0
  SINCE JUL 1     59.8                      41.9   17.9     32.0
  SNOW DEPTH       0

DEGREE DAYS
 HEATING
  TODAY            0                         4     -4        3
  MONTH TO DATE   20                       174   -154      171
  SINCE MAR 1   1510                      1393    117     1192
  SINCE JUL 1   5518                      5650   -132     4618

 COOLING
  TODAY            5                         2      3        0
  MONTH TO DATE   81                        30     51       35
  SINCE MAR 1     93                        40     53       61
  SINCE JAN 1     97                        40     57       62
..................................................................

WIND (MPH)
  HIGHEST WIND SPEED    14   HIGHEST WIND DIRECTION     W (270)
  HIGHEST GUST SPEED    19   HIGHEST GUST DIRECTION    SW (220)
  AVERAGE WIND SPEED     3.2


SKY COVER
  POSSIBLE SUNSHINE  MM
  AVERAGE SKY COVER 0.4


WEATHER CONDITIONS
 THE FOLLOWING WEATHER WAS RECORDED TODAY.
  NO SIGNIFICANT WEATHER WAS OBSERVED.


RELATIVE HUMIDITY (PERCENT)
 HIGHEST    93           300 AM
 LOWEST     37           200 PM
 AVERAGE    65

..........................................................


THE PITTSBURGH PA CLIMATE NORMALS FOR TOMORROW
                         NORMAL    RECORD    YEAR
 MAXIMUM TEMPERATURE (F)   73        94      1880
 MINIMUM TEMPERATURE (F)   52        34      1969


SUNRISE AND SUNSET
MAY 25 2018...........SUNRISE   556 AM EDT   SUNSET   840 PM EDT
MAY 26 2018...........SUNRISE   556 AM EDT   SUNSET   841 PM EDT


-  INDICATES NEGATIVE NUMBERS.
R  INDICATES RECORD WAS SET OR TIED.
MM INDICATES DATA IS MISSING.
T  INDICATES TRACE AMOUNT.

&&

&&

SNOW DEPTH IS MEASURED AT 7 AM EST OR 8 AM EDT.

$$
SNOW DEPTH IS MEASURED AT 8 AM EDT.

$$
