000
CDUS41 KPBZ 202217
CLIPIT

CLIMATE REPORT
NATIONAL WEATHER SERVICE PITTSBURGH PA
516 PM EST SUN JAN 20 2019

...................................

...THE PITTSBURGH PA CLIMATE SUMMARY FOR JANUARY 20 2019...
VALID TODAY AS OF 0500 PM LOCAL TIME.

CLIMATE NORMAL PERIOD 1981 TO 2010
CLIMATE RECORD PERIOD 1871 TO 2019

WEATHER ITEM   OBSERVED TIME   RECORD YEAR NORMAL DEPARTURE LAST
                VALUE   (LST)  VALUE       VALUE  FROM      YEAR
                                                  NORMAL
..................................................................
TEMPERATURE (F)
 TODAY
  MAXIMUM         34   1256 AM  68    1951  36     -2       46
  MINIMUM         13    359 PM -18    1985  21     -8       35
  AVERAGE         24                        28     -4       41

PRECIPITATION (IN)
  TODAY            0.27          1.14 1978   0.08   0.19     0.00
  MONTH TO DATE    1.79                      1.76   0.03     3.42
  SINCE JUN 1     38.08                     24.85  13.23    26.86
  SINCE JAN 1      1.79                      1.76   0.03     3.42

SNOWFALL (IN)
  TODAY            2.7          10.2  1978   0.4    2.3      0.0
  MONTH TO DATE    8.4                       7.3    1.1     13.3
  SINCE OCT 1     14.0                      18.0   -4.0     26.6
  SINCE JUL 1     14.0                      18.0   -4.0     26.6
  SNOW DEPTH       2

DEGREE DAYS
 HEATING
  TODAY           41                        37      4       24
  MONTH TO DATE  654                       736    -82      908
  SINCE DEC 1   1569                      1748   -179     1965
  SINCE JUL 1   2841                      2911    -70     2968

 COOLING
  TODAY            0                         0      0        0
  MONTH TO DATE    0                         0      0        0
  SINCE DEC 1      0                         0      0        0
  SINCE JAN 1      0                         0      0        0
..................................................................

WIND (MPH)
  HIGHEST WIND SPEED    30   HIGHEST WIND DIRECTION    NW (320)
  HIGHEST GUST SPEED    39   HIGHEST GUST DIRECTION    NW (320)
  AVERAGE WIND SPEED    20.0


SKY COVER
  POSSIBLE SUNSHINE  MM
  AVERAGE SKY COVER 0.8


WEATHER CONDITIONS
 THE FOLLOWING WEATHER WAS RECORDED TODAY.
  LIGHT RAIN
  LT FREEZING RAIN
  SNOW
  LIGHT SNOW
  SLEET
  FOG
  BLOWING SNOW


RELATIVE HUMIDITY (PERCENT)
 HIGHEST   100          1200 AM
 LOWEST     49           200 PM
 AVERAGE    75

..........................................................


THE PITTSBURGH PA CLIMATE NORMALS FOR TOMORROW
                         NORMAL    RECORD    YEAR
 MAXIMUM TEMPERATURE (F)   36        74      1906
 MINIMUM TEMPERATURE (F)   21       -18      1985


SUNRISE AND SUNSET
JANUARY 20 2019.......SUNRISE   740 AM EST   SUNSET   524 PM EST
JANUARY 21 2019.......SUNRISE   739 AM EST   SUNSET   525 PM EST


-  INDICATES NEGATIVE NUMBERS.
R  INDICATES RECORD WAS SET OR TIED.
MM INDICATES DATA IS MISSING.
T  INDICATES TRACE AMOUNT.

&&

SNOW DEPTH IS MEASURED AT 7 AM EST.

$$
