000
CDUS41 KPBZ 200531
CLIPIT

CLIMATE REPORT
NATIONAL WEATHER SERVICE PITTSBURGH PA
131 AM EDT TUE OCT 20 2020

...................................

...THE PITTSBURGH PA CLIMATE SUMMARY FOR OCTOBER 19 2020...

CLIMATE NORMAL PERIOD 1981 TO 2010
CLIMATE RECORD PERIOD 1871 TO 2020


WEATHER ITEM   OBSERVED TIME   RECORD YEAR NORMAL DEPARTURE LAST
                VALUE   (LST)  VALUE       VALUE  FROM      YEAR
                                                  NORMAL
...................................................................
TEMPERATURE (F)
 YESTERDAY
  MAXIMUM         58   1242 AM  82    1894  62     -4       63
                                      1963
  MINIMUM         51   1040 AM  26    1972  42      9       32
  AVERAGE         55                        52      3       48

PRECIPITATION (IN)
  YESTERDAY        0.38          1.56 1906   0.07   0.31     0.00
                                      1916
  MONTH TO DATE    1.15                      1.36  -0.21     3.20
  SINCE SEP 1      2.07                      4.47  -2.40     8.54
  SINCE JAN 1     31.64                     31.18   0.46    43.30

SNOWFALL (IN)
  YESTERDAY        0.0           0.9  1992   0.0    0.0      0.0
  MONTH TO DATE    0.0                       0.1   -0.1      0.0
  SINCE SEP 1      0.0                       0.1   -0.1      0.0
  SNOW DEPTH       0

DEGREE DAYS
 HEATING
  YESTERDAY       10                        13     -3       17
  MONTH TO DATE  184                       205    -21      176
  SINCE SEP 1    276                       306    -30      183
  SINCE JUL 1    276                       319    -43      184

 COOLING
  YESTERDAY        0                         0      0        0
  MONTH TO DATE    3                         6     -3       37
  SINCE SEP 1     88                        82      6      173
  SINCE JAN 1    979                       734    245      934
...................................................................


WIND (MPH)
  HIGHEST WIND SPEED    12   HIGHEST WIND DIRECTION     S (160)
  HIGHEST GUST SPEED    15   HIGHEST GUST DIRECTION    SE (150)
  AVERAGE WIND SPEED     2.8


SKY COVER
  POSSIBLE SUNSHINE  MM
  AVERAGE SKY COVER 1.0


WEATHER CONDITIONS
THE FOLLOWING WEATHER WAS RECORDED YESTERDAY.
  LIGHT RAIN
  FOG


RELATIVE HUMIDITY (PERCENT)
 HIGHEST   100           900 AM
 LOWEST     59          1200 AM
 AVERAGE    80

..........................................................


THE PITTSBURGH PA CLIMATE NORMALS FOR TODAY
                         NORMAL    RECORD    YEAR
 MAXIMUM TEMPERATURE (F)   61        81      1884
                                             1894
                                             1920
 MINIMUM TEMPERATURE (F)   42        20      1972


SUNRISE AND SUNSET
OCTOBER 20 2020.......SUNRISE   738 AM EDT   SUNSET   633 PM EDT
OCTOBER 21 2020.......SUNRISE   739 AM EDT   SUNSET   631 PM EDT


-  INDICATES NEGATIVE NUMBERS.
R  INDICATES RECORD WAS SET OR TIED.
MM INDICATES DATA IS MISSING.
T  INDICATES TRACE AMOUNT.




$$
