000
CDUS41 KPBZ 200703
CLIPIT

CLIMATE REPORT
NATIONAL WEATHER SERVICE PITTSBURGH PA
303 AM EDT SUN OCT 20 2019

...................................

...THE PITTSBURGH PA CLIMATE SUMMARY FOR OCTOBER 19 2019...

CLIMATE NORMAL PERIOD 1981 TO 2010
CLIMATE RECORD PERIOD 1871 TO 2019


WEATHER ITEM   OBSERVED TIME   RECORD YEAR NORMAL DEPARTURE LAST
                VALUE   (LST)  VALUE       VALUE  FROM      YEAR
                                                  NORMAL
...................................................................
TEMPERATURE (F)
 YESTERDAY
  MAXIMUM         63    418 PM  82    1894  62      1       58
                                      1963
  MINIMUM         32    721 AM  26    1972  42    -10       31
  AVERAGE         48                        52     -4       45

PRECIPITATION (IN)
  YESTERDAY        0.00          1.56 1906   0.07  -0.07     0.10
                                      1916
  MONTH TO DATE    3.20                      1.36   1.84     1.90
  SINCE JUN 1     24.33                     16.08   8.25    24.99
  SINCE JAN 1     43.29                     31.18  12.11    46.53

SNOWFALL (IN)
  YESTERDAY        0.0           0.9  1992   0.0    0.0      0.0
  MONTH TO DATE    0.0                       0.1   -0.1      0.0
  SINCE OCT 1      0.0                       0.1   -0.1      0.0
  SNOW DEPTH       0

DEGREE DAYS
 HEATING
  YESTERDAY       17                        13      4       20
  MONTH TO DATE  176                       205    -29      159
  SINCE SEP 1    183                       306   -123      204
  SINCE JUL 1    184                       319   -135      205

 COOLING
  YESTERDAY        0                         0      0        0
  MONTH TO DATE   37                         6     31       54
  SINCE SEP 1    173                        82     91      244
  SINCE JAN 1    934                       734    200     1138
...................................................................


WIND (MPH)
  HIGHEST WIND SPEED     9   HIGHEST WIND DIRECTION    SE (140)
  HIGHEST GUST SPEED    15   HIGHEST GUST DIRECTION     S (190)
  AVERAGE WIND SPEED     2.5


SKY COVER
  POSSIBLE SUNSHINE  MM
  AVERAGE SKY COVER 0.5


WEATHER CONDITIONS
THE FOLLOWING WEATHER WAS RECORDED YESTERDAY.
  FOG


RELATIVE HUMIDITY (PERCENT)
 HIGHEST    97           900 AM
 LOWEST     39           300 PM
 AVERAGE    68

..........................................................


THE PITTSBURGH PA CLIMATE NORMALS FOR TODAY
                         NORMAL    RECORD    YEAR
 MAXIMUM TEMPERATURE (F)   61        81      1884
                                             1894
                                             1920
 MINIMUM TEMPERATURE (F)   42        20      1972


SUNRISE AND SUNSET
OCTOBER 20 2019.......SUNRISE   737 AM EDT   SUNSET   634 PM EDT
OCTOBER 21 2019.......SUNRISE   738 AM EDT   SUNSET   632 PM EDT


-  INDICATES NEGATIVE NUMBERS.
R  INDICATES RECORD WAS SET OR TIED.
MM INDICATES DATA IS MISSING.
T  INDICATES TRACE AMOUNT.




$$
