000
CDUS41 KPBZ 230811
CLIPIT

CLIMATE REPORT
NATIONAL WEATHER SERVICE PITTSBURGH PA
311 AM EST FRI FEB 23 2018

...................................

...THE PITTSBURGH PA CLIMATE SUMMARY FOR FEBRUARY 22 2018...

CLIMATE NORMAL PERIOD 1981 TO 2010
CLIMATE RECORD PERIOD 1871 TO 2018

WEATHER ITEM   OBSERVED TIME   RECORD YEAR NORMAL DEPARTURE LAST
                VALUE   (LST)  VALUE       VALUE  FROM      YEAR
                                                  NORMAL
..................................................................
TEMPERATURE (F)
 YESTERDAY
  MAXIMUM         43    837 AM  70    1930  41      2       66
                                      1922
  MINIMUM         38    103 PM  -8    1963  24     14       51
  AVERAGE         41                        32      9       59

PRECIPITATION (IN)
  YESTERDAY        0.96          1.16 1935   0.09   0.87     0.00
  MONTH TO DATE    5.96                      1.87   4.09     1.16
  SINCE JUN 1     33.68                     27.66   6.02    26.09
  SINCE JAN 1     10.24                      4.57   5.67     4.70

SNOWFALL (IN)
  YESTERDAY        0.0           4.5  1935   0.4   -0.4      0.0
  MONTH TO DATE    9.7                       8.0    1.7      6.7
  SINCE OCT 1     40.2                      30.5    9.7     22.3
  SINCE JUL 1     40.2                      30.5    9.7     22.3
  SNOW DEPTH       0

DEGREE DAYS
 HEATING
  YESTERDAY       24                        32     -8        6
  MONTH TO DATE  635                       759   -124      577
  SINCE DEC 1   2909                      2905      4     2481
  SINCE JUL 1   3912                      4068   -156     3328

 COOLING
  YESTERDAY        0                         0      0        0
  MONTH TO DATE    4                         0      4        0
  SINCE DEC 1      4                         0      4        0
  SINCE JAN 1      4                         0      4        0
..................................................................

WIND (MPH)
  HIGHEST WIND SPEED    21   HIGHEST WIND DIRECTION     E (90)
  HIGHEST GUST SPEED    27   HIGHEST GUST DIRECTION     E (90)
  AVERAGE WIND SPEED     9.6


SKY COVER
  POSSIBLE SUNSHINE  MM
  AVERAGE SKY COVER 1.0


WEATHER CONDITIONS
 THE FOLLOWING WEATHER WAS RECORDED YESTERDAY.
  RAIN
  LIGHT RAIN
  FOG


RELATIVE HUMIDITY (PERCENT)
 HIGHEST   100           900 AM
 LOWEST     76           800 AM
 AVERAGE    88

..........................................................


THE PITTSBURGH PA CLIMATE NORMALS FOR TODAY
                         NORMAL    RECORD    YEAR
 MAXIMUM TEMPERATURE (F)   41        70      1922
 MINIMUM TEMPERATURE (F)   24        -1      2015
                                             1963


SUNRISE AND SUNSET
FEBRUARY 23 2018......SUNRISE   703 AM EST   SUNSET   605 PM EST
FEBRUARY 24 2018......SUNRISE   702 AM EST   SUNSET   607 PM EST


-  INDICATES NEGATIVE NUMBERS.
R  INDICATES RECORD WAS SET OR TIED.
MM INDICATES DATA IS MISSING.
T  INDICATES TRACE AMOUNT.

&&

&&

SNOW DEPTH IS MEASURED AT 7 AM EST OR 8 AM EDT.

SNOW DEPTH IS MEASURED AT 7 AM EST OR 8 AM EDT.

$$
$$
