000
CDUS41 KPBZ 142127
CLIPIT

CLIMATE REPORT
NATIONAL WEATHER SERVICE PITTSBURGH PA
527 PM EDT TUE AUG 14 2018

...................................

...THE PITTSBURGH PA CLIMATE SUMMARY FOR AUGUST 14 2018...
VALID TODAY AS OF 0500 PM LOCAL TIME.

CLIMATE NORMAL PERIOD 1981 TO 2010
CLIMATE RECORD PERIOD 1871 TO 2018

WEATHER ITEM   OBSERVED TIME   RECORD YEAR NORMAL DEPARTURE LAST
                VALUE   (LST)  VALUE       VALUE  FROM      YEAR
                                                  NORMAL
..................................................................
TEMPERATURE (F)
 TODAY
  MAXIMUM         77    207 PM  96    1988  82     -5       80
  MINIMUM         62    553 AM  45    1964  62      0       61
  AVERAGE         70                        72     -2       71

PRECIPITATION (IN)
  TODAY            0.45          1.44 1966   0.11   0.34     0.00
  MONTH TO DATE    2.22                      1.64   0.58     0.72
  SINCE JUN 1     12.28                      9.77   2.51    10.92
  SINCE JAN 1     33.82                     24.87   8.95    29.63

SNOWFALL (IN)
  TODAY            0.0           0.0  2002   0.0    0.0      0.0
                                      2001
  MONTH TO DATE    0.0                       0.0    0.0      0.0
  SINCE OCT 1     59.8                      41.9   17.9     32.0
  SINCE JUL 1      0.0                       0.0    0.0      0.0
  SNOW DEPTH       0

DEGREE DAYS
 HEATING
  TODAY            0                         0      0        0
  MONTH TO DATE    0                         0      0        0
  SINCE JUN 1     19                        42    -23       26
  SINCE JUL 1      0                         4     -4        0

 COOLING
  TODAY            5                         7     -2        6
  MONTH TO DATE  118                       102     16       75
  SINCE JUN 1    587                       493     94      527
  SINCE JAN 1    755                       545    210      601
..................................................................

WIND (MPH)
  HIGHEST WIND SPEED    20   HIGHEST WIND DIRECTION    NW (310)
  HIGHEST GUST SPEED    24   HIGHEST GUST DIRECTION    NW (310)
  AVERAGE WIND SPEED     2.7


SKY COVER
  POSSIBLE SUNSHINE  MM
  AVERAGE SKY COVER 0.9


WEATHER CONDITIONS
 THE FOLLOWING WEATHER WAS RECORDED TODAY.
  THUNDERSTORM
  HEAVY RAIN
  RAIN
  LIGHT RAIN
  FOG


RELATIVE HUMIDITY (PERCENT)
 HIGHEST   100           100 AM
 LOWEST     69           200 PM
 AVERAGE    85

..........................................................


THE PITTSBURGH PA CLIMATE NORMALS FOR TOMORROW
                         NORMAL    RECORD    YEAR
 MAXIMUM TEMPERATURE (F)   82        96      1995
 MINIMUM TEMPERATURE (F)   62        43      1964


SUNRISE AND SUNSET
AUGUST 14 2018........SUNRISE   631 AM EDT   SUNSET   820 PM EDT
AUGUST 15 2018........SUNRISE   632 AM EDT   SUNSET   818 PM EDT


-  INDICATES NEGATIVE NUMBERS.
R  INDICATES RECORD WAS SET OR TIED.
MM INDICATES DATA IS MISSING.
T  INDICATES TRACE AMOUNT.

&&

SNOW DEPTH IS MEASURED AT 8 AM EDT.

$$
