000
CDUS41 KPBZ 200701
CLIPIT

CLIMATE REPORT
NATIONAL WEATHER SERVICE PITTSBURGH PA
301 AM EDT SAT OCT 20 2018

...................................

...THE PITTSBURGH PA CLIMATE SUMMARY FOR OCTOBER 19 2018...

CLIMATE NORMAL PERIOD 1981 TO 2010
CLIMATE RECORD PERIOD 1871 TO 2018

WEATHER ITEM   OBSERVED TIME   RECORD YEAR NORMAL DEPARTURE LAST
                VALUE   (LST)  VALUE       VALUE  FROM      YEAR
                                                  NORMAL
..................................................................
TEMPERATURE (F)
 YESTERDAY
  MAXIMUM         58    329 PM  82    1963  62     -4       70
                                      1894
  MINIMUM         31    651 AM  26    1972  42    -11       42
  AVERAGE         45                        52     -7       56

PRECIPITATION (IN)
  YESTERDAY        0.10          1.56 1916   0.07   0.03     0.00
                                      1906
  MONTH TO DATE    1.90                      1.36   0.54     2.53
  SINCE JUN 1     24.99                     16.08   8.91    15.94
  SINCE JAN 1     46.53                     31.18  15.35    34.65

SNOWFALL (IN)
  YESTERDAY        0.0           0.9  1992   0.0    0.0      0.0
  MONTH TO DATE    0.0                       0.1   -0.1      0.0
  SINCE OCT 1      0.0                       0.1   -0.1      0.0
  SINCE JUL 1      0.0                       0.1   -0.1      0.0
  SNOW DEPTH       0

DEGREE DAYS
 HEATING
  YESTERDAY       20                        13      7        9
  MONTH TO DATE  159                       205    -46       72
  SINCE SEP 1    204                       306   -102      140
  SINCE JUL 1    205                       319   -114      145

 COOLING
  YESTERDAY        0                         0      0        0
  MONTH TO DATE   54                         6     48       39
  SINCE SEP 1    244                        82    162      160
  SINCE JAN 1   1138                       734    404      864
..................................................................

WIND (MPH)
  HIGHEST WIND SPEED    15   HIGHEST WIND DIRECTION     W (260)
  HIGHEST GUST SPEED    22   HIGHEST GUST DIRECTION     W (280)
  AVERAGE WIND SPEED     5.4


SKY COVER
  POSSIBLE SUNSHINE  MM
  AVERAGE SKY COVER 0.7


WEATHER CONDITIONS
 THE FOLLOWING WEATHER WAS RECORDED YESTERDAY.
  LIGHT RAIN
  FOG


RELATIVE HUMIDITY (PERCENT)
 HIGHEST   100          1100 PM
 LOWEST     33           300 PM
 AVERAGE    67

..........................................................


THE PITTSBURGH PA CLIMATE NORMALS FOR TODAY
                         NORMAL    RECORD    YEAR
 MAXIMUM TEMPERATURE (F)   61        81      1920
                                             1894
                                             1884
 MINIMUM TEMPERATURE (F)   42        20      1972


SUNRISE AND SUNSET
OCTOBER 20 2018.......SUNRISE   737 AM EDT   SUNSET   633 PM EDT
OCTOBER 21 2018.......SUNRISE   738 AM EDT   SUNSET   632 PM EDT


-  INDICATES NEGATIVE NUMBERS.
R  INDICATES RECORD WAS SET OR TIED.
MM INDICATES DATA IS MISSING.
T  INDICATES TRACE AMOUNT.

&&

SNOW DEPTH IS MEASURED AT 8 AM EDT.

$$
