000
CDUS41 KRLX 210721
CLIPKB

CLIMATE REPORT
NATIONAL WEATHER SERVICE CHARLESTON WV
321 AM EDT WED OCT 21 2020

...................................

...THE PARKERSBURG WV CLIMATE SUMMARY FOR OCTOBER 20 2020...

CLIMATE NORMAL PERIOD: 1981 TO 2010
CLIMATE RECORD PERIOD: 1926 TO 2020


WEATHER ITEM   OBSERVED TIME   RECORD YEAR NORMAL DEPARTURE LAST
                VALUE   (LST)  VALUE       VALUE  FROM      YEAR
                                                  NORMAL
...................................................................
TEMPERATURE (F)
 YESTERDAY
  MAXIMUM         67   5:23 PM  84    1953  65      2       73
  MINIMUM         56  11:43 PM  24    1992  43     13       49
  AVERAGE         62                        54      8       61

PRECIPITATION (IN)
  YESTERDAY        0.20          2.53 1985   0.09   0.11     0.01
  MONTH TO DATE    0.88                      1.81  -0.93     3.14
  SINCE SEP 1      2.79                      4.89  -2.10     3.69
  SINCE JAN 1     36.13                     33.68   2.45    37.14

DEGREE DAYS
 HEATING
  YESTERDAY        3                        11     -8        4
  MONTH TO DATE  162                       174    -12      124
  SINCE SEP 1    234                       245    -11      124
  SINCE JUL 1    234                       250    -16      124

 COOLING
  YESTERDAY        0                         0      0        0
  MONTH TO DATE   10                        13     -3       49
  SINCE SEP 1    122                       119      3      285
  SINCE JAN 1   1177                       949    228     1255
...................................................................


WIND (MPH)
  HIGHEST WIND SPEED    10   HIGHEST WIND DIRECTION     S (200)
  HIGHEST GUST SPEED    12   HIGHEST GUST DIRECTION     S (190)
  AVERAGE WIND SPEED     3.8


SKY COVER
  AVERAGE SKY COVER 0.8


WEATHER CONDITIONS
THE FOLLOWING WEATHER WAS RECORDED YESTERDAY.
  RAIN
  LIGHT RAIN
  FOG
  FOG W/VISIBILITY <= 1/4 MILE


RELATIVE HUMIDITY (PERCENT)
 HIGHEST    97
 LOWEST     80
 AVERAGE    89

..........................................................


THE PARKERSBURG WV CLIMATE NORMALS FOR TODAY
                         NORMAL    RECORD    YEAR
 MAXIMUM TEMPERATURE (F)   65        84      1947
 MINIMUM TEMPERATURE (F)   43        21      1952


SUNRISE AND SUNSET
OCTOBER 21 2020.......SUNRISE   7:42 AM EDT   SUNSET   6:38 PM EDT
OCTOBER 22 2020.......SUNRISE   7:43 AM EDT   SUNSET   6:36 PM EDT


-  INDICATES NEGATIVE NUMBERS.
R  INDICATES RECORD WAS SET OR TIED.
MM INDICATES DATA IS MISSING.
T  INDICATES TRACE AMOUNT.




$$
