866
CDUS41 KRLX 192118
CLIPKB


CLIMATE REPORT
NATIONAL WEATHER SERVICE CHARLESTON WV
518 PM EDT TUE JUN 19 2018


...................................

...THE PARKERSBURG WV CLIMATE SUMMARY FOR JUNE 19 2018...
VALID TODAY AS OF 0500 PM LOCAL TIME.

CLIMATE NORMAL PERIOD 1981 TO 2010
CLIMATE RECORD PERIOD 1926 TO 2018


WEATHER ITEM   OBSERVED TIME   RECORD YEAR NORMAL DEPARTURE LAST
                VALUE   (LST)  VALUE       VALUE  FROM      YEAR
                                                  NORMAL
..................................................................
TEMPERATURE (F)
 TODAY
  MAXIMUM         91   1227 PM  95    1994  83      8       82
  MINIMUM         76    606 AM  48    1959  61     15       60
  AVERAGE         84                        72     12       71

PRECIPITATION (IN)
  TODAY            0.03          1.30 1928   0.13  -0.10     0.73
  MONTH TO DATE    1.13                      2.67  -1.54     2.98
  SINCE JUN 1      1.13                      2.67  -1.54     2.98
  SINCE JAN 1     24.40                     19.62   4.78    23.57

DEGREE DAYS
 HEATING
  TODAY            0                         0      0        0
  MONTH TO DATE   17                        18     -1       14
  SINCE JUN 1     17                        18     -1       14
  SINCE JUL 1   4954                      4971    -17     3989

 COOLING
  TODAY           19                         7     12        6
  MONTH TO DATE  141                       102     39      124
  SINCE JUN 1    141                       102     39      124
  SINCE JAN 1    378                       186    192      244
..................................................................


WIND (MPH)
  HIGHEST WIND SPEED    14   HIGHEST WIND DIRECTION     N (360)
  HIGHEST GUST SPEED    19   HIGHEST GUST DIRECTION     W (270)
  AVERAGE WIND SPEED     6.8


SKY COVER
  POSSIBLE SUNSHINE  MM
  AVERAGE SKY COVER 0.2


WEATHER CONDITIONS
 THE FOLLOWING WEATHER WAS RECORDED TODAY.
  THUNDERSTORM
  LIGHT RAIN
  HAZE


RELATIVE HUMIDITY (PERCENT)
 HIGHEST    87           600 AM
 LOWEST     59          1100 AM
 AVERAGE    73

..........................................................


THE PARKERSBURG WV CLIMATE NORMALS FOR TOMORROW
                         NORMAL    RECORD    YEAR
 MAXIMUM TEMPERATURE (F)   83        97      1931
 MINIMUM TEMPERATURE (F)   61        47      2004


SUNRISE AND SUNSET
JUNE 19 2018..........SUNRISE   559 AM EDT   SUNSET   855 PM EDT
JUNE 20 2018..........SUNRISE   559 AM EDT   SUNSET   856 PM EDT


-  INDICATES NEGATIVE NUMBERS.
R  INDICATES RECORD WAS SET OR TIED.
MM INDICATES DATA IS MISSING.
T  INDICATES TRACE AMOUNT.




$$
