000
CDUS41 KRLX 102219
CLIPKB


CLIMATE REPORT
NATIONAL WEATHER SERVICE CHARLESTON WV
519 PM EST MON DEC 10 2018


...................................

...THE PARKERSBURG WV CLIMATE SUMMARY FOR DECEMBER 10 2018...
VALID TODAY AS OF 0500 PM LOCAL TIME.

CLIMATE NORMAL PERIOD 1981 TO 2010
CLIMATE RECORD PERIOD 1926 TO 2018


WEATHER ITEM   OBSERVED TIME   RECORD YEAR NORMAL DEPARTURE LAST
                VALUE   (LST)  VALUE       VALUE  FROM      YEAR
                                                  NORMAL
..................................................................
TEMPERATURE (F)
 TODAY
  MAXIMUM         32    249 PM  77    1971  45    -13       35
  MINIMUM         17    802 AM   1    1958  28    -11       27
  AVERAGE         25                        36    -11       31

PRECIPITATION (IN)
  TODAY            0.00          0.94 2012   0.11  -0.11      T
  MONTH TO DATE    0.88                      1.06  -0.18     0.56
  SINCE DEC 1      0.88                      1.06  -0.18     0.56
  SINCE JAN 1     48.55                     39.15   9.40    49.36

DEGREE DAYS
 HEATING
  TODAY           40                        29     11       34
  MONTH TO DATE  287                       272     15      283
  SINCE DEC 1    287                       272     15      283
  SINCE JUL 1   1359                      1257    102     1183

 COOLING
  TODAY            0                         0      0        0
  MONTH TO DATE    0                         0      0        0
  SINCE DEC 1      0                         0      0        0
  SINCE JAN 1   1437                       955    482      975
..................................................................


WIND (MPH)
  HIGHEST WIND SPEED     9   HIGHEST WIND DIRECTION     N (20)
  HIGHEST GUST SPEED    13   HIGHEST GUST DIRECTION    NE (30)
  AVERAGE WIND SPEED     3.9


SKY COVER
  POSSIBLE SUNSHINE  MM
  AVERAGE SKY COVER 0.3


WEATHER CONDITIONS
 THE FOLLOWING WEATHER WAS RECORDED TODAY.
  FOG
  HAZE


RELATIVE HUMIDITY (PERCENT)
 HIGHEST    92          1000 AM
 LOWEST     63           300 PM
 AVERAGE    78

..........................................................


THE PARKERSBURG WV CLIMATE NORMALS FOR TOMORROW
                         NORMAL    RECORD    YEAR
 MAXIMUM TEMPERATURE (F)   44        70      2007
 MINIMUM TEMPERATURE (F)   28         5      1958


SUNRISE AND SUNSET
DECEMBER 10 2018......SUNRISE   735 AM EST   SUNSET   502 PM EST
DECEMBER 11 2018......SUNRISE   735 AM EST   SUNSET   502 PM EST


-  INDICATES NEGATIVE NUMBERS.
R  INDICATES RECORD WAS SET OR TIED.
MM INDICATES DATA IS MISSING.
T  INDICATES TRACE AMOUNT.




$$
