000
CDUS41 KRLX 132223
CLIPKB


CLIMATE REPORT
NATIONAL WEATHER SERVICE CHARLESTON WV
623 PM EDT SUN OCT 13 2019


...................................

...THE PARKERSBURG WV CLIMATE SUMMARY FOR OCTOBER 13 2019...
VALID TODAY AS OF 0500 PM LOCAL TIME.

CLIMATE NORMAL PERIOD 1981 TO 2010
CLIMATE RECORD PERIOD 1926 TO 2019


WEATHER ITEM   OBSERVED TIME   RECORD YEAR NORMAL DEPARTURE LAST
                VALUE   (LST)  VALUE       VALUE  FROM      YEAR
                                                  NORMAL
..................................................................
TEMPERATURE (F)
 TODAY
  MAXIMUM         66    342 PM  87    1969  67     -1       48
                                      1928
  MINIMUM         33    623 AM  24    1988  45    -12       41
  AVERAGE         50                        56     -6       45

PRECIPITATION (IN)
  TODAY            0.00          0.93 1978   0.09  -0.09     0.16
  MONTH TO DATE    2.40                      1.19   1.21     1.58
  SINCE SEP 1      2.95                      4.27  -1.32     9.57
  SINCE JAN 1     36.40                     33.06   3.34    41.95

DEGREE DAYS
 HEATING
  TODAY           15                         9      6       20
  MONTH TO DATE   44                       101    -57       40
  SINCE SEP 1     44                       172   -128       53
  SINCE JUL 1     44                       177   -133       53

 COOLING
  TODAY            0                         1     -1        0
  MONTH TO DATE   49                        13     36       84
  SINCE SEP 1    285                       119    166      321
  SINCE JAN 1   1255                       949    306     1437
..................................................................


WIND (MPH)
  HIGHEST WIND SPEED    12   HIGHEST WIND DIRECTION     S (190)
  HIGHEST GUST SPEED    14   HIGHEST GUST DIRECTION     S (190)
  AVERAGE WIND SPEED     2.9


SKY COVER
  POSSIBLE SUNSHINE  MM
  AVERAGE SKY COVER 0.1


WEATHER CONDITIONS
 THE FOLLOWING WEATHER WAS RECORDED TODAY.
  FOG


RELATIVE HUMIDITY (PERCENT)
 HIGHEST    96           500 AM
 LOWEST     30           300 PM
 AVERAGE    63

..........................................................


THE PARKERSBURG WV CLIMATE NORMALS FOR TOMORROW
                         NORMAL    RECORD    YEAR
 MAXIMUM TEMPERATURE (F)   67        85      1962
                                             1954
 MINIMUM TEMPERATURE (F)   45        25      1988


SUNRISE AND SUNSET
OCTOBER 13 2019.......SUNRISE   733 AM EDT   SUNSET   650 PM EDT
OCTOBER 14 2019.......SUNRISE   734 AM EDT   SUNSET   649 PM EDT


-  INDICATES NEGATIVE NUMBERS.
R  INDICATES RECORD WAS SET OR TIED.
MM INDICATES DATA IS MISSING.
T  INDICATES TRACE AMOUNT.




$$
