000
CDUS41 KRLX 210735
CLIPKB


CLIMATE REPORT
NATIONAL WEATHER SERVICE CHARLESTON WV
335 AM EDT FRI SEP 21 2018


...................................

...THE PARKERSBURG WV CLIMATE SUMMARY FOR SEPTEMBER 20 2018...

CLIMATE NORMAL PERIOD 1981 TO 2010
CLIMATE RECORD PERIOD 1926 TO 2018


WEATHER ITEM   OBSERVED TIME   RECORD YEAR NORMAL DEPARTURE LAST
                VALUE   (LST)  VALUE       VALUE  FROM      YEAR
                                                  NORMAL
..................................................................
TEMPERATURE (F)
 YESTERDAY
  MAXIMUM         89    229 PM  91    2002  76     13       84
                                      1978
  MINIMUM         65    650 AM  38    1956  53     12       65
                                      1937
  AVERAGE         77                        65     12       75

PRECIPITATION (IN)
  YESTERDAY        0.00          1.19 1926   0.10  -0.10     0.03
  MONTH TO DATE    6.06                      2.08   3.98     1.28
  SINCE JAN 1     38.21                     30.87   7.34    40.75

SNOWFALL (IN)
  YESTERDAY        0.0           0.0  1997   0.0
  SNOW DEPTH       0

DEGREE DAYS
 HEATING
  YESTERDAY        0                         3     -3        0
  MONTH TO DATE    2                        27    -25       45
  SINCE SEP 1      2                        27    -25       45
  SINCE JUL 1      2                        32    -30       47

 COOLING
  YESTERDAY       12                         2     10       10
  MONTH TO DATE  207                        88    119       56
  SINCE SEP 1    207                        88    119       56
  SINCE JAN 1   1323                       918    405      858
..................................................................


WIND (MPH)
  HIGHEST WIND SPEED    12   HIGHEST WIND DIRECTION     S (180)
  HIGHEST GUST SPEED    15   HIGHEST GUST DIRECTION     S (190)
  AVERAGE WIND SPEED     2.3


SKY COVER
  POSSIBLE SUNSHINE  MM
  AVERAGE SKY COVER 0.3


WEATHER CONDITIONS
 THE FOLLOWING WEATHER WAS RECORDED YESTERDAY.
  FOG
  FOG W/VISIBILITY <= 1/4 MILE
  HAZE


RELATIVE HUMIDITY (PERCENT)
 HIGHEST   100           800 AM
 LOWEST     55           200 PM
 AVERAGE    78

..........................................................


THE PARKERSBURG WV CLIMATE NORMALS FOR TODAY
                         NORMAL    RECORD    YEAR
 MAXIMUM TEMPERATURE (F)   75        94      1931
 MINIMUM TEMPERATURE (F)   53        33      1956


SUNRISE AND SUNSET
SEPTEMBER 21 2018.....SUNRISE   712 AM EDT   SUNSET   724 PM EDT
SEPTEMBER 22 2018.....SUNRISE   713 AM EDT   SUNSET   723 PM EDT


-  INDICATES NEGATIVE NUMBERS.
R  INDICATES RECORD WAS SET OR TIED.
MM INDICATES DATA IS MISSING.
T  INDICATES TRACE AMOUNT.




$$
