000
CDUS41 KRLX 252235
CLIPKB


CLIMATE REPORT
NATIONAL WEATHER SERVICE CHARLESTON WV
522 PM EST TUE FEB 25 2020


...................................

...THE PARKERSBURG WV CLIMATE SUMMARY FOR FEBRUARY 25 2020...
VALID TODAY AS OF 0500 PM LOCAL TIME.

CLIMATE NORMAL PERIOD 1981 TO 2010
CLIMATE RECORD PERIOD 1926 TO 2020


WEATHER ITEM   OBSERVED TIME   RECORD YEAR NORMAL DEPARTURE LAST
                VALUE   (LST)  VALUE       VALUE  FROM      YEAR
                                                  NORMAL
..................................................................
TEMPERATURE (F)
 TODAY
  MAXIMUM         52    359 PM  77    1930  47      5       42
  MINIMUM         43    704 AM   0    1967  27     16       27
  AVERAGE         48                        37     11       35

PRECIPITATION (IN)
  TODAY            0.21          1.27 1961   0.10   0.11     0.00
  MONTH TO DATE    4.03                      2.40   1.63     7.15
  SINCE DEC 1     12.91                      8.45   4.46    15.72
  SINCE JAN 1      7.40                      5.35   2.05     9.91

DEGREE DAYS
 HEATING
  TODAY           17                        28    -11       30
  MONTH TO DATE  687                       764    -77      623
  SINCE DEC 1   2293                      2724   -431     2406
  SINCE JUL 1   3271                      3709   -438     3478

 COOLING
  TODAY            0                         0      0        0
  MONTH TO DATE    0                         0      0        0
  SINCE DEC 1      4                         0      4        0
  SINCE JAN 1      4                         0      4        0
..................................................................


WIND (MPH)
  HIGHEST WIND SPEED     7   HIGHEST WIND DIRECTION    SW (240)
  HIGHEST GUST SPEED     9   HIGHEST GUST DIRECTION     W (250)
  AVERAGE WIND SPEED     2.4


SKY COVER
  POSSIBLE SUNSHINE  MM
  AVERAGE SKY COVER 0.9


WEATHER CONDITIONS
 THE FOLLOWING WEATHER WAS RECORDED TODAY.
  RAIN
  LIGHT RAIN
  FOG


RELATIVE HUMIDITY (PERCENT)
 HIGHEST    96           100 AM
 LOWEST     89           400 PM
 AVERAGE    93

..........................................................


THE PARKERSBURG WV CLIMATE NORMALS FOR TOMORROW
                         NORMAL    RECORD    YEAR
 MAXIMUM TEMPERATURE (F)   47        74      1944
 MINIMUM TEMPERATURE (F)   28         5      1967
                                             1963


SUNRISE AND SUNSET
FEBRUARY 25 2020......SUNRISE   705 AM EST   SUNSET   613 PM EST
FEBRUARY 26 2020......SUNRISE   703 AM EST   SUNSET   614 PM EST


-  INDICATES NEGATIVE NUMBERS.
R  INDICATES RECORD WAS SET OR TIED.
MM INDICATES DATA IS MISSING.
T  INDICATES TRACE AMOUNT.




$$
