000
CDUS43 KFGF 040656
CLIPKD

CLIMATE REPORT
NATIONAL WEATHER SERVICE GRAND FORKS
156 AM CDT TUE AUG 04 2020

...................................

...THE PARK RAPIDS MN CLIMATE SUMMARY FOR AUGUST 3 2020...

CLIMATE NORMAL PERIOD 1981 TO 2010
CLIMATE RECORD PERIOD 1885 TO 2020


WEATHER ITEM   OBSERVED TIME   RECORD YEAR NORMAL DEPARTURE LAST
                VALUE   (LST)  VALUE       VALUE  FROM      YEAR
                                                  NORMAL
...................................................................
TEMPERATURE (F)
 YESTERDAY
  MAXIMUM         72    305 PM  97    1908  79     -7       87
  MINIMUM         48    512 AM  38    1978  56     -8       59
  AVERAGE         60                        68     -8       73

PRECIPITATION (IN)
  YESTERDAY        0.00          2.00 1944   0.11  -0.11     0.00
  MONTH TO DATE    T                         0.33  -0.33      T
  SINCE JUN 1     10.91                      8.63   2.28     7.53
  SINCE JAN 1     13.54                     15.68  -2.14    13.92

DEGREE DAYS
 HEATING
  YESTERDAY        5                         1      4        0
  MONTH TO DATE    7                         3      4        0
  SINCE JUN 1     65                       170   -105      110
  SINCE JUL 1     13                        42    -29       15

 COOLING
  YESTERDAY        0                         4     -4        8
  MONTH TO DATE    5                        12     -7       26
  SINCE JUN 1    314                       187    127      250
  SINCE JAN 1    317                       199    118      257
...................................................................


WIND (MPH)
  HIGHEST WIND SPEED    13   HIGHEST WIND DIRECTION    NE (60)
  HIGHEST GUST SPEED    20   HIGHEST GUST DIRECTION     N (20)
  AVERAGE WIND SPEED     4.9


SKY COVER
  POSSIBLE SUNSHINE  MM
  AVERAGE SKY COVER 0.1


WEATHER CONDITIONS
THE FOLLOWING WEATHER WAS RECORDED YESTERDAY.
  NO SIGNIFICANT WEATHER WAS OBSERVED.


RELATIVE HUMIDITY (PERCENT)
 HIGHEST    90           500 AM
 LOWEST     36           300 PM
 AVERAGE    63

..........................................................


THE PARK RAPIDS MN CLIMATE NORMALS FOR TODAY
                         NORMAL    RECORD    YEAR
 MAXIMUM TEMPERATURE (F)   79        95      2001
 MINIMUM TEMPERATURE (F)   55        36      1972


SUNRISE AND SUNSET
AUGUST  4 2020........SUNRISE   604 AM CDT   SUNSET   847 PM CDT
AUGUST  5 2020........SUNRISE   606 AM CDT   SUNSET   846 PM CDT


-  INDICATES NEGATIVE NUMBERS.
R  INDICATES RECORD WAS SET OR TIED.
MM INDICATES DATA IS MISSING.
T  INDICATES TRACE AMOUNT.




$$
