022
CDUS43 KFGF 210646
CLIPKD


CLIMATE REPORT
NATIONAL WEATHER SERVICE GRAND FORKS ND
145 AM CDT MON OCT 21 2019


...................................

...THE PARK RAPIDS MN CLIMATE SUMMARY FOR OCTOBER 20 2019...

CLIMATE NORMAL PERIOD 1981 TO 2010
CLIMATE RECORD PERIOD 1885 TO 2019


WEATHER ITEM   OBSERVED TIME   RECORD YEAR NORMAL DEPARTURE LAST
                VALUE   (LST)  VALUE       VALUE  FROM      YEAR
                                                  NORMAL
..................................................................
TEMPERATURE (F)
 YESTERDAY
  MAXIMUM         57    320 PM  78    1978  51      6       39
                                      1953
  MINIMUM         27    535 AM  14    1896  31     -4       23
  AVERAGE         42                        41      1       31

PRECIPITATION (IN)
  YESTERDAY        0.01          0.75 1934   0.08  -0.07      T
  MONTH TO DATE    2.40                      1.93   0.47     1.54
  SINCE SEP 1      7.71                      5.01   2.70     3.34
  SINCE JAN 1     25.22                     23.91   1.31    18.79

DEGREE DAYS
 HEATING
  YESTERDAY       23                        24     -1       34
  MONTH TO DATE  412                       398     14      537
  SINCE SEP 1    636                       687    -51      810
  SINCE JUL 1    722                       796    -74      857

 COOLING
  YESTERDAY        0                         0      0        0
  MONTH TO DATE    0                         0      0        0
  SINCE SEP 1     37                        21     16       31
  SINCE JAN 1    331                       300     31      455
..................................................................


WIND (MPH)
  HIGHEST WIND SPEED    13   HIGHEST WIND DIRECTION     E (70)
  HIGHEST GUST SPEED    17   HIGHEST GUST DIRECTION     E (90)
  AVERAGE WIND SPEED     3.8


SKY COVER
  POSSIBLE SUNSHINE  MM
  AVERAGE SKY COVER 0.3


WEATHER CONDITIONS
 THE FOLLOWING WEATHER WAS RECORDED YESTERDAY.
  LIGHT RAIN


RELATIVE HUMIDITY (PERCENT)
 HIGHEST    92           600 AM
 LOWEST     40           300 PM
 AVERAGE    66

..........................................................


THE PARK RAPIDS MN CLIMATE NORMALS FOR TODAY
                         NORMAL    RECORD    YEAR
 MAXIMUM TEMPERATURE (F)   51        81      1953
 MINIMUM TEMPERATURE (F)   31         8      1913


SUNRISE AND SUNSET
OCTOBER 21 2019.......SUNRISE   746 AM CDT   SUNSET   623 PM CDT
OCTOBER 22 2019.......SUNRISE   748 AM CDT   SUNSET   621 PM CDT


-  INDICATES NEGATIVE NUMBERS.
R  INDICATES RECORD WAS SET OR TIED.
MM INDICATES DATA IS MISSING.
T  INDICATES TRACE AMOUNT.




$$
