000
CDUS43 KFGF 100633
CLIPKD

CLIMATE REPORT
NATIONAL WEATHER SERVICE GRAND FORKS
133 AM CDT MON MAY 10 2021

...................................

...THE PARK RAPIDS MN CLIMATE SUMMARY FOR MAY 9 2021...

CLIMATE NORMAL PERIOD 1991 TO 2020
CLIMATE RECORD PERIOD 1885 TO 2021


WEATHER ITEM   OBSERVED TIME   RECORD YEAR NORMAL DEPARTURE LAST
                VALUE   (LST)  VALUE       VALUE  FROM      YEAR
                                                  NORMAL
...................................................................
TEMPERATURE (F)
 YESTERDAY
  MAXIMUM         57    301 PM  85    1992  64     -7       40
  MINIMUM         29    516 AM  18    1945  39    -10       28
  AVERAGE         43                        52     -9       34

PRECIPITATION (IN)
  YESTERDAY        0.00          1.08 2003   0.09  -0.09     0.21
  MONTH TO DATE    T                         0.77  -0.77     0.25
  SINCE MAR 1      2.84                      3.49  -0.65     1.52
  SINCE JAN 1      3.14                      4.32  -1.18     2.13

DEGREE DAYS
 HEATING
  YESTERDAY       22                        14      8       31
  MONTH TO DATE  150                       139     11      183
  SINCE MAR 1   1825                      2062   -237     2138
  SINCE JUL 1   8670                      8999   -329     9215

 COOLING
  YESTERDAY        0                         0      0        0
  MONTH TO DATE    0                         0      0        0
  SINCE MAR 1      0                         0      0        0
  SINCE JAN 1      0                         0      0        0
...................................................................


WIND (MPH)
  HIGHEST WIND SPEED    17   HIGHEST WIND DIRECTION     N (360)
  HIGHEST GUST SPEED    25   HIGHEST GUST DIRECTION     N (10)
  AVERAGE WIND SPEED     7.9


SKY COVER
  POSSIBLE SUNSHINE  MM
  AVERAGE SKY COVER 0.1


WEATHER CONDITIONS
THE FOLLOWING WEATHER WAS RECORDED YESTERDAY.
  NO SIGNIFICANT WEATHER WAS OBSERVED.


RELATIVE HUMIDITY (PERCENT)
 HIGHEST    69           600 AM
 LOWEST     25          1100 AM
 AVERAGE    47

..........................................................


THE PARK RAPIDS MN CLIMATE NORMALS FOR TODAY
                         NORMAL    RECORD    YEAR
 MAXIMUM TEMPERATURE (F)   64        86      1987
 MINIMUM TEMPERATURE (F)   39        20      1981


SUNRISE AND SUNSET
MAY 10 2021...........SUNRISE   551 AM CDT   SUNSET   843 PM CDT
MAY 11 2021...........SUNRISE   550 AM CDT   SUNSET   844 PM CDT


-  INDICATES NEGATIVE NUMBERS.
R  INDICATES RECORD WAS SET OR TIED.
MM INDICATES DATA IS MISSING.
T  INDICATES TRACE AMOUNT.




$$
