882
CDUS43 KFGF 150637
CLIPKD

CLIMATE REPORT
NATIONAL WEATHER SERVICE GRAND FORKS
137 AM CDT SAT JUN 15 2024

...................................

...THE PARK RAPIDS MN CLIMATE SUMMARY FOR JUNE 14 2024...

CLIMATE NORMAL PERIOD 1991 TO 2020
CLIMATE RECORD PERIOD 1885 TO 2024


WEATHER ITEM   OBSERVED TIME   RECORD YEAR NORMAL DEPARTURE LAST
                VALUE   (LST)  VALUE       VALUE  FROM      YEAR
                                                  NORMAL
...................................................................
TEMPERATURE (F)
 YESTERDAY
  MAXIMUM         79    415 PM  96    1979  76      3       79
  MINIMUM         49    515 AM  34    1958  53     -4       55
  AVERAGE         64                        64      0       67

PRECIPITATION (IN)
  YESTERDAY        T             1.50 1983   0.14  -0.14     0.00
  MONTH TO DATE    1.31                      1.75  -0.44     0.97
  SINCE JUN 1      1.31                      1.75  -0.44     0.97
  SINCE JAN 1      9.64                      8.39   1.25     6.50

DEGREE DAYS
 HEATING
  YESTERDAY        1                         3     -2        0
  MONTH TO DATE   47                        61    -14       10
  SINCE JUN 1     47                        61    -14       10
  SINCE JUL 1   7683                      9271  -1588     9191

 COOLING
  YESTERDAY        0                         2     -2        2
  MONTH TO DATE   17                        22     -5       74
  SINCE JUN 1     17                        22     -5       74
  SINCE JAN 1     21                        37    -16      111
...................................................................


WIND (MPH)
  HIGHEST WIND SPEED    12   HIGHEST WIND DIRECTION    SW (230)
  HIGHEST GUST SPEED    15   HIGHEST GUST DIRECTION     W (250)
  AVERAGE WIND SPEED     4.2


SKY COVER
  POSSIBLE SUNSHINE  MM
  AVERAGE SKY COVER 0.1


WEATHER CONDITIONS
THE FOLLOWING WEATHER WAS RECORDED YESTERDAY.
  NO SIGNIFICANT WEATHER WAS OBSERVED.


RELATIVE HUMIDITY (PERCENT)
 HIGHEST    97           300 AM
 LOWEST     35           400 PM
 AVERAGE    66

..........................................................


THE PARK RAPIDS MN CLIMATE NORMALS FOR TODAY
                         NORMAL    RECORD    YEAR
 MAXIMUM TEMPERATURE (F)   76        95      1933
 MINIMUM TEMPERATURE (F)   53        33      1917


SUNRISE AND SUNSET
JUNE 15 2024..........SUNRISE   525 AM CDT   SUNSET   917 PM CDT
JUNE 16 2024..........SUNRISE   525 AM CDT   SUNSET   917 PM CDT


-  INDICATES NEGATIVE NUMBERS.
R  INDICATES RECORD WAS SET OR TIED.
MM INDICATES DATA IS MISSING.
T  INDICATES TRACE AMOUNT.




$$