000
CDUS46 KLOX 290845
CLIPMD

CLIMATE REPORT
NATIONAL WEATHER SERVICE LOS ANGELES/OXNARD
145 AM PDT WED JUN 29 2022

...................................

...THE PALMDALE AIRPORT CA CLIMATE SUMMARY FOR JUNE 28 2022...

CLIMATE NORMAL PERIOD: 1991 TO 2020
CLIMATE RECORD PERIOD: 1931 TO 2022


WEATHER ITEM   OBSERVED TIME   RECORD YEAR NORMAL DEPARTURE LAST
                VALUE   (LST)  VALUE       VALUE  FROM      YEAR
                                                  NORMAL
...................................................................
TEMPERATURE (F)
 YESTERDAY
  MAXIMUM        103   2:20 PM 112    1994  95      8      109
  MINIMUM         71   4:23 AM  48    1952  64      7       71
  AVERAGE         87                        79      8       90

PRECIPITATION (IN)
  YESTERDAY        0.00          0.15 1937   0.00   0.00     0.00
                                      2006
  MONTH TO DATE    0.30                      0.02   0.28      T
  SINCE JUL 1      3.14                      5.90  -2.76     1.84
  SINCE OCT 1      3.14                      5.60  -2.46     1.77
  SINCE JAN 1      0.61                      3.75  -3.14     0.98

SNOWFALL (IN)
  YESTERDAY       MM             0.0  1973  MM              MM
  MONTH TO DATE   MM                         0.0            MM
  SINCE JUN 1     MM                         0.0            MM
  SINCE JUL 1     MM                        MM               0.0
  SNOW DEPTH      MM

DEGREE DAYS
 HEATING
  YESTERDAY        0                         0      0        0
  MONTH TO DATE    0                         7     -7        0
  SINCE JUN 1      0                         7     -7        0
  SINCE JUL 1   2488                      2777   -289     2545

 COOLING
  YESTERDAY       22                        14      8       25
  MONTH TO DATE  364                       293     71      452
  SINCE JUN 1    364                       293     71      452
  SINCE JAN 1    558                       463     95      689
...................................................................


WIND (MPH)
  HIGHEST WIND SPEED    28   HIGHEST WIND DIRECTION    SW (240)
  HIGHEST GUST SPEED    37   HIGHEST GUST DIRECTION    SW (220)
  AVERAGE WIND SPEED    11.6


SKY COVER
  POSSIBLE SUNSHINE  MM
  AVERAGE SKY COVER 0.0


WEATHER CONDITIONS
THE FOLLOWING WEATHER WAS RECORDED YESTERDAY.
  NO SIGNIFICANT WEATHER WAS OBSERVED.


RELATIVE HUMIDITY (PERCENT)
 HIGHEST    26           5:00 AM
 LOWEST     11          11:00 AM
 AVERAGE    19

..........................................................


THE PALMDALE AIRPORT CA CLIMATE NORMALS FOR TODAY
                         NORMAL    RECORD    YEAR
 MAXIMUM TEMPERATURE (F)   95       110      1994
 MINIMUM TEMPERATURE (F)   64        46      1952


SUNRISE AND SUNSET
JUNE 29 2022..........SUNRISE   5:42 AM PDT   SUNSET   8:09 PM PDT
JUNE 30 2022..........SUNRISE   5:43 AM PDT   SUNSET   8:09 PM PDT


-  INDICATES NEGATIVE NUMBERS.
R  INDICATES RECORD WAS SET OR TIED.
MM INDICATES DATA IS MISSING.
T  INDICATES TRACE AMOUNT.




$$
