000
CDUS46 KLOX 200909
CLIPMD


CLIMATE REPORT
NATIONAL WEATHER SERVICE LOS ANGELES/OXNARD CA
108 AM PST TUE FEB 20 2018


...................................

...THE PALMDALE AIRPORT CA CLIMATE SUMMARY FOR FEBRUARY 19 2018...

CLIMATE NORMAL PERIOD 1981 TO 2010
CLIMATE RECORD PERIOD 1931 TO 2018


WEATHER ITEM   OBSERVED TIME   RECORD YEAR NORMAL DEPARTURE LAST
                VALUE   (LST)  VALUE       VALUE  FROM      YEAR
                                                  NORMAL
..................................................................
TEMPERATURE (F)
 YESTERDAY
  MAXIMUM         46    137 PM  80    1981  62    -16       58
  MINIMUM         33   1159 PM  21    1955  36     -3       45
  AVERAGE         40                        49     -9       52

PRECIPITATION (IN)
  YESTERDAY        0.00          1.60 1993   0.07  -0.07      T
  MONTH TO DATE    T                         1.19  -1.19     1.71
  SINCE OCT 1      0.60                      5.21  -4.61     5.82
  SINCE JAN 1      0.60                      2.76  -2.16     4.03

SNOWFALL (IN)
  YESTERDAY        0.0           T    1962  MM              MM
  MONTH TO DATE    0.0                      MM               0.0
  SINCE DEC 1      0.0                      MM               0.0
  SINCE JUL 1      0.0                      MM               0.0
  SNOW DEPTH       0

DEGREE DAYS
 HEATING
  YESTERDAY       25                        16      9       13
  MONTH TO DATE  226                       328   -102      197
  SINCE DEC 1   1179                      1585   -406     1367
  SINCE JUL 1   1464                      2112   -648     1750

 COOLING
  YESTERDAY        0                         0      0        0
  MONTH TO DATE    0                         0      0        0
  SINCE DEC 1      0                         0      0        0
  SINCE JAN 1      0                         0      0        0
..................................................................


WIND (MPH)
  HIGHEST WIND SPEED    37   HIGHEST WIND DIRECTION     W (280)
  HIGHEST GUST SPEED    45   HIGHEST GUST DIRECTION     W (290)
  AVERAGE WIND SPEED    21.7


SKY COVER
  POSSIBLE SUNSHINE  MM
  AVERAGE SKY COVER 0.3


WEATHER CONDITIONS
 THE FOLLOWING WEATHER WAS RECORDED YESTERDAY.
  NO SIGNIFICANT WEATHER WAS OBSERVED.


RELATIVE HUMIDITY (PERCENT)
 HIGHEST    61           700 AM
 LOWEST     27           200 PM
 AVERAGE    44

..........................................................


THE PALMDALE AIRPORT CA CLIMATE NORMALS FOR TODAY
                         NORMAL    RECORD    YEAR
 MAXIMUM TEMPERATURE (F)   62        81      1977
 MINIMUM TEMPERATURE (F)   37        16      1953


SUNRISE AND SUNSET
FEBRUARY 20 2018......SUNRISE   632 AM PST   SUNSET   540 PM PST
FEBRUARY 21 2018......SUNRISE   631 AM PST   SUNSET   541 PM PST


-  INDICATES NEGATIVE NUMBERS.
R  INDICATES RECORD WAS SET OR TIED.
MM INDICATES DATA IS MISSING.
T  INDICATES TRACE AMOUNT.




$$
