000
CDUS46 KLOX 190123
CLIPMD


CLIMATE REPORT
NATIONAL WEATHER SERVICE LOS ANGELES/OXNARD CA
623 PM PDT FRI OCT 18 2019


...................................

...THE PALMDALE AIRPORT CA CLIMATE SUMMARY FOR OCTOBER 18 2019...
VALID TODAY AS OF 0600 PM LOCAL TIME.

CLIMATE NORMAL PERIOD 1981 TO 2010
CLIMATE RECORD PERIOD 1931 TO 2019


WEATHER ITEM   OBSERVED TIME   RECORD YEAR NORMAL DEPARTURE LAST
                VALUE   (LST)  VALUE       VALUE  FROM      YEAR
                                                  NORMAL
..................................................................
TEMPERATURE (F)
 TODAY
  MAXIMUM         76    222 PM  93    1995  78     -2       78
                                      1988
                                      1958
  MINIMUM         49    613 AM  31    1966  47      2       42
  AVERAGE         63                        62      1       60

PRECIPITATION (IN)
  TODAY            0.00          1.63 1934   0.02  -0.02     0.00
  MONTH TO DATE    0.00                      0.29  -0.29     0.03
  SINCE OCT 1      0.00                      0.29  -0.29     0.03
  SINCE JAN 1      5.21                      6.14  -0.93     2.60

SNOWFALL (IN)
  TODAY            0.0           T    1949  MM               0.0
  MONTH TO DATE    0.0                      MM               0.0
  SINCE SEP 1      0.0                      MM               0.0
  SINCE JUL 1      0.0                      MM               0.0
  SNOW DEPTH       0

DEGREE DAYS
 HEATING
  TODAY            2                         4     -2        5
  MONTH TO DATE   48                        42      6       41
  SINCE SEP 1     61                        54      7       41
  SINCE JUL 1     61                        54      7       41

 COOLING
  TODAY            0                         1     -1        0
  MONTH TO DATE   23                        50    -27       25
  SINCE SEP 1    311                       325    -14      406
  SINCE JAN 1   1865                      1807     58     2293
..................................................................


WIND (MPH)
  HIGHEST WIND SPEED    23   HIGHEST WIND DIRECTION     W (270)
  HIGHEST GUST SPEED    27   HIGHEST GUST DIRECTION     W (270)
  AVERAGE WIND SPEED    10.4


SKY COVER
  POSSIBLE SUNSHINE  MM
  AVERAGE SKY COVER 0.0


WEATHER CONDITIONS
 THE FOLLOWING WEATHER WAS RECORDED TODAY.
  NO SIGNIFICANT WEATHER WAS OBSERVED.


RELATIVE HUMIDITY (PERCENT)
 HIGHEST    54           500 AM
 LOWEST     14           100 PM
 AVERAGE    34

..........................................................


THE PALMDALE AIRPORT CA CLIMATE NORMALS FOR TOMORROW
                         NORMAL    RECORD    YEAR
 MAXIMUM TEMPERATURE (F)   77        92      1995
 MINIMUM TEMPERATURE (F)   47        30      1971
                                             1969


SUNRISE AND SUNSET
OCTOBER 18 2019.......SUNRISE   700 AM PDT   SUNSET   614 PM PDT
OCTOBER 19 2019.......SUNRISE   701 AM PDT   SUNSET   613 PM PDT


-  INDICATES NEGATIVE NUMBERS.
R  INDICATES RECORD WAS SET OR TIED.
MM INDICATES DATA IS MISSING.
T  INDICATES TRACE AMOUNT.




$$
