000
CDUS46 KLOX 190858
CLIPMD


CLIMATE REPORT
NATIONAL WEATHER SERVICE LOS ANGELES/OXNARD CA
158 AM PDT WED SEP 19 2018


...................................

...THE PALMDALE AIRPORT CA CLIMATE SUMMARY FOR SEPTEMBER 18 2018...

CLIMATE NORMAL PERIOD 1981 TO 2010
CLIMATE RECORD PERIOD 1931 TO 2018


WEATHER ITEM   OBSERVED TIME   RECORD YEAR NORMAL DEPARTURE LAST
                VALUE   (LST)  VALUE       VALUE  FROM      YEAR
                                                  NORMAL
..................................................................
TEMPERATURE (F)
 YESTERDAY
  MAXIMUM         92    213 PM 103    1962  90      2       88
  MINIMUM         51    512 AM  41    1954  56     -5       58
  AVERAGE         72                        73     -1       73

PRECIPITATION (IN)
  YESTERDAY        0.00          0.59 1963   0.01  -0.01     0.00
  MONTH TO DATE    0.00                      0.16  -0.16     0.40
  SINCE OCT 1      2.57                      8.17  -5.60     6.35
  SINCE JAN 1      2.57                      5.72  -3.15     4.56

SNOWFALL (IN)
  YESTERDAY        0.0           0.0  1973  MM               0.0
  MONTH TO DATE    0.0                      MM               0.0
  SINCE SEP 1      0.0                      MM               0.0
  SINCE JUL 1      0.0                      MM               0.0
  SNOW DEPTH       0

DEGREE DAYS
 HEATING
  YESTERDAY        0                         0      0        0
  MONTH TO DATE    0                         0      0        0
  SINCE SEP 1      0                         0      0        0
  SINCE JUL 1      0                         0      0        0

 COOLING
  YESTERDAY        7                         8     -1        8
  MONTH TO DATE  249                       196     53      255
  SINCE SEP 1    249                       196     53      255
  SINCE JAN 1   2136                      1678    458     2168
..................................................................


WIND (MPH)
  HIGHEST WIND SPEED    23   HIGHEST WIND DIRECTION     W (250)
  HIGHEST GUST SPEED    26   HIGHEST GUST DIRECTION     W (250)
  AVERAGE WIND SPEED     8.6


SKY COVER
  POSSIBLE SUNSHINE  MM
  AVERAGE SKY COVER 0.0


WEATHER CONDITIONS
 THE FOLLOWING WEATHER WAS RECORDED YESTERDAY.
  NO SIGNIFICANT WEATHER WAS OBSERVED.


RELATIVE HUMIDITY (PERCENT)
 HIGHEST    30           500 AM
 LOWEST      4          1200 PM
 AVERAGE    17

..........................................................


THE PALMDALE AIRPORT CA CLIMATE NORMALS FOR TODAY
                         NORMAL    RECORD    YEAR
 MAXIMUM TEMPERATURE (F)   90       102      1995
 MINIMUM TEMPERATURE (F)   56        38      1978


SUNRISE AND SUNSET
SEPTEMBER 19 2018.....SUNRISE   638 AM PDT   SUNSET   653 PM PDT
SEPTEMBER 20 2018.....SUNRISE   639 AM PDT   SUNSET   652 PM PDT


-  INDICATES NEGATIVE NUMBERS.
R  INDICATES RECORD WAS SET OR TIED.
MM INDICATES DATA IS MISSING.
T  INDICATES TRACE AMOUNT.




$$
