000
CDUS46 KLOX 090131
CLIPMD

CLIMATE REPORT
NATIONAL WEATHER SERVICE LOS ANGELES/OXNARD
631 PM PDT SAT MAY 08 2021

...................................

...THE PALMDALE AIRPORT CA CLIMATE SUMMARY FOR MAY 8 2021...
VALID TODAY AS OF 0500 PM LOCAL TIME.

CLIMATE NORMAL PERIOD: 1991 TO 2020
CLIMATE RECORD PERIOD: 1931 TO 2021


WEATHER ITEM   OBSERVED TIME   RECORD YEAR NORMAL DEPARTURE LAST
                VALUE   (LST)  VALUE       VALUE  FROM      YEAR
                                                  NORMAL
...................................................................
TEMPERATURE (F)
 TODAY
  MAXIMUM         88   3:08 PM  99    2001  80      8       95
  MINIMUM         52   4:52 AM  33    1950  51      1       54
  AVERAGE         70                        65      5       75

PRECIPITATION (IN)
  TODAY            0.00          1.10 1977   0.00   0.00     0.00
  MONTH TO DATE    0.00                      0.03  -0.03     0.00
  SINCE JUL 1      1.84                      5.78  -3.94     8.65
  SINCE OCT 1      1.77                      5.48  -3.71     8.62
  SINCE JAN 1      0.98                      3.63  -2.65     4.90

SNOWFALL (IN)
  TODAY           MM            MM      MM  MM               0.0
  MONTH TO DATE   MM                         0.0             0.0
  SINCE MAR 1     MM                        MM               0.0
  SINCE JUL 1      0.0                      MM               0.0
  SNOW DEPTH      MM

DEGREE DAYS
 HEATING
  TODAY            0                         3     -3        0
  MONTH TO DATE    0                        26    -26        0
  SINCE MAR 1    535                       572    -37      664
  SINCE JUL 1   2523                      2729   -206     2744

 COOLING
  TODAY            5                         3      2       10
  MONTH TO DATE   51                        20     31       46
  SINCE MAR 1     92                        49     43      102
  SINCE JAN 1     92                        49     43      102
...................................................................


WIND (MPH)
  HIGHEST WIND SPEED    26   HIGHEST WIND DIRECTION     W (270)
  HIGHEST GUST SPEED    32   HIGHEST GUST DIRECTION     W (270)
  AVERAGE WIND SPEED     7.7


SKY COVER
  POSSIBLE SUNSHINE  MM
  AVERAGE SKY COVER 0.0


WEATHER CONDITIONS
THE FOLLOWING WEATHER WAS RECORDED TODAY.
  NO SIGNIFICANT WEATHER WAS OBSERVED.


RELATIVE HUMIDITY (PERCENT)
 HIGHEST    41           5:00 AM
 LOWEST     10           4:00 PM
 AVERAGE    26

..........................................................


THE PALMDALE AIRPORT CA CLIMATE NORMALS FOR TOMORROW
                         NORMAL    RECORD    YEAR
 MAXIMUM TEMPERATURE (F)   80        99      2018
 MINIMUM TEMPERATURE (F)   51        36      1948
                                             1950


SUNRISE AND SUNSET
MAY  8 2021...........SUNRISE   5:55 AM PDT   SUNSET   7:43 PM PDT
MAY  9 2021...........SUNRISE   5:54 AM PDT   SUNSET   7:44 PM PDT


-  INDICATES NEGATIVE NUMBERS.
R  INDICATES RECORD WAS SET OR TIED.
MM INDICATES DATA IS MISSING.
T  INDICATES TRACE AMOUNT.




$$
