000
CDUS46 KLOX 100125
CLIPMD


CLIMATE REPORT
NATIONAL WEATHER SERVICE LOS ANGELES/OXNARD CA
625 PM PDT SUN AUG 9 2020


...................................

...THE PALMDALE AIRPORT CA CLIMATE SUMMARY FOR AUGUST 9 2020...
VALID TODAY AS OF 0600 PM LOCAL TIME.

CLIMATE NORMAL PERIOD 1981 TO 2010
CLIMATE RECORD PERIOD 1931 TO 2020


WEATHER ITEM   OBSERVED TIME   RECORD YEAR NORMAL DEPARTURE LAST
                VALUE   (LST)  VALUE       VALUE  FROM      YEAR
                                                  NORMAL
..................................................................
TEMPERATURE (F)
 TODAY
  MAXIMUM        100    136 PM 109    1942  98      2       93
  MINIMUM         65    444 AM  52    1944  66     -1       63
  AVERAGE         83                        82      1       78

PRECIPITATION (IN)
  TODAY            0.00          0.21 1947   0.01  -0.01     0.00
  MONTH TO DATE    0.00                      0.03  -0.03      T
  SINCE OCT 1      8.62                      7.90   0.72     7.09
  SINCE JAN 1      4.90                      5.45  -0.55     5.21

SNOWFALL (IN)
  TODAY            0.0           0.0  1973  MM               0.0
  MONTH TO DATE    0.0                      MM               0.0
  SINCE JUN 1      0.0                      MM               0.0
  SINCE JUL 1      0.0                      MM               0.0
  SNOW DEPTH       0

DEGREE DAYS
 HEATING
  TODAY            0                         0      0        0
  MONTH TO DATE    0                         0      0        0
  SINCE JUN 1      8                         7      1        0
  SINCE JUL 1      0                         0      0        0

 COOLING
  TODAY           18                        17      1       13
  MONTH TO DATE  152                       159     -7      173
  SINCE JUN 1   1008                       967     41     1078
  SINCE JAN 1   1240                      1137    103     1169
..................................................................


WIND (MPH)
  HIGHEST WIND SPEED    21   HIGHEST WIND DIRECTION    SW (240)
  HIGHEST GUST SPEED    24   HIGHEST GUST DIRECTION    SW (240)
  AVERAGE WIND SPEED     6.6


SKY COVER
  POSSIBLE SUNSHINE  MM
  AVERAGE SKY COVER 0.0


WEATHER CONDITIONS
 THE FOLLOWING WEATHER WAS RECORDED TODAY.
  NO SIGNIFICANT WEATHER WAS OBSERVED.


RELATIVE HUMIDITY (PERCENT)
 HIGHEST    45           100 AM
 LOWEST     12           100 PM
 AVERAGE    29

..........................................................


THE PALMDALE AIRPORT CA CLIMATE NORMALS FOR TOMORROW
                         NORMAL    RECORD    YEAR
 MAXIMUM TEMPERATURE (F)   98       109      2012
 MINIMUM TEMPERATURE (F)   66        48      1949


SUNRISE AND SUNSET
AUGUST  9 2020........SUNRISE   609 AM PDT   SUNSET   746 PM PDT
AUGUST 10 2020........SUNRISE   610 AM PDT   SUNSET   745 PM PDT


-  INDICATES NEGATIVE NUMBERS.
R  INDICATES RECORD WAS SET OR TIED.
MM INDICATES DATA IS MISSING.
T  INDICATES TRACE AMOUNT.




$$
