000
CDUS46 KLOX 160126
CLIPMD


CLIMATE REPORT
NATIONAL WEATHER SERVICE LOS ANGELES/OXNARD CA
526 PM PST SAT DEC 15 2018


...................................

...THE PALMDALE AIRPORT CA CLIMATE SUMMARY FOR DECEMBER 15 2018...
VALID TODAY AS OF 0500 PM LOCAL TIME.

CLIMATE NORMAL PERIOD 1981 TO 2010
CLIMATE RECORD PERIOD 1931 TO 2018


WEATHER ITEM   OBSERVED TIME   RECORD YEAR NORMAL DEPARTURE LAST
                VALUE   (LST)  VALUE       VALUE  FROM      YEAR
                                                  NORMAL
..................................................................
TEMPERATURE (F)
 TODAY
  MAXIMUM         57    330 PM  74    1981  58     -1       69
  MINIMUM         31    717 AM  12    1940  30      1       31
  AVERAGE         44                        44      0       50

PRECIPITATION (IN)
  TODAY            0.00          1.19 1936   0.04  -0.04     0.00
  MONTH TO DATE    1.60                      0.28   1.32     0.00
  SINCE OCT 1      1.88                      1.58   0.30      T
  SINCE JAN 1      4.45                      7.43  -2.98     4.56

SNOWFALL (IN)
  TODAY            0.0           1.0  1967  MM               0.0
  MONTH TO DATE    0.0                      MM               0.0
  SINCE DEC 1      0.0                      MM               0.0
  SINCE JUL 1      0.0                      MM               0.0
  SNOW DEPTH       0

DEGREE DAYS
 HEATING
  TODAY           21                        21      0       15
  MONTH TO DATE  287                       301    -14      247
  SINCE DEC 1    287                       301    -14      247
  SINCE JUL 1    658                       828   -170      532

 COOLING
  TODAY            0                         0      0        0
  MONTH TO DATE    0                         0      0        0
  SINCE DEC 1      0                         0      0        0
  SINCE JAN 1   2316                      1815    501     2269
..................................................................


WIND (MPH)
  HIGHEST WIND SPEED     8   HIGHEST WIND DIRECTION    NW (320)
  HIGHEST GUST SPEED    10   HIGHEST GUST DIRECTION    NW (330)
  AVERAGE WIND SPEED     2.7


SKY COVER
  POSSIBLE SUNSHINE  MM
  AVERAGE SKY COVER 0.0


WEATHER CONDITIONS
 THE FOLLOWING WEATHER WAS RECORDED TODAY.
  NO SIGNIFICANT WEATHER WAS OBSERVED.


RELATIVE HUMIDITY (PERCENT)
 HIGHEST    82           200 AM
 LOWEST     28           300 PM
 AVERAGE    55

..........................................................


THE PALMDALE AIRPORT CA CLIMATE NORMALS FOR TOMORROW
                         NORMAL    RECORD    YEAR
 MAXIMUM TEMPERATURE (F)   58        74      1998
 MINIMUM TEMPERATURE (F)   30        12      1935


SUNRISE AND SUNSET
DECEMBER 15 2018......SUNRISE   652 AM PST   SUNSET   443 PM PST
DECEMBER 16 2018......SUNRISE   653 AM PST   SUNSET   443 PM PST


-  INDICATES NEGATIVE NUMBERS.
R  INDICATES RECORD WAS SET OR TIED.
MM INDICATES DATA IS MISSING.
T  INDICATES TRACE AMOUNT.




$$
