000
CDUS46 KLOX 220859
CLIPMD


CLIMATE REPORT
NATIONAL WEATHER SERVICE LOS ANGELES/OXNARD CA
159 AM PDT FRI JUN 22 2018


...................................

...THE PALMDALE AIRPORT CA CLIMATE SUMMARY FOR JUNE 21 2018...

CLIMATE NORMAL PERIOD 1981 TO 2010
CLIMATE RECORD PERIOD 1931 TO 2018


WEATHER ITEM   OBSERVED TIME   RECORD YEAR NORMAL DEPARTURE LAST
                VALUE   (LST)  VALUE       VALUE  FROM      YEAR
                                                  NORMAL
..................................................................
TEMPERATURE (F)
 YESTERDAY
  MAXIMUM        105    203 PM 113    1961  92     13      105
  MINIMUM         63    438 AM  44    1949  60      3       76
  AVERAGE         84                        76      8       91

PRECIPITATION (IN)
  YESTERDAY        0.00          0.00   MM   0.00   0.00     0.00
  MONTH TO DATE    0.00                      0.08  -0.08     0.00
  SINCE OCT 1      2.57                      7.76  -5.19     5.93
  SINCE JAN 1      2.57                      5.31  -2.74     4.14

SNOWFALL (IN)
  YESTERDAY        0.0           0.0  1973  MM               0.0
  MONTH TO DATE    0.0                      MM               0.0
  SINCE JUN 1      0.0                      MM               0.0
  SINCE JUL 1      0.0                      MM               0.0
  SNOW DEPTH       0

DEGREE DAYS
 HEATING
  YESTERDAY        0                         0      0        0
  MONTH TO DATE    3                         6     -3        7
  SINCE JUN 1      3                         6     -3        7
  SINCE JUL 1   2171                      2924   -753     2331

 COOLING
  YESTERDAY       19                        11      8       26
  MONTH TO DATE  248                       194     54      268
  SINCE JUN 1    248                       194     54      268
  SINCE JAN 1    419                       364     55      449
..................................................................


WIND (MPH)
  HIGHEST WIND SPEED    24   HIGHEST WIND DIRECTION     W (280)
  HIGHEST GUST SPEED    28   HIGHEST GUST DIRECTION     W (270)
  AVERAGE WIND SPEED    10.1


SKY COVER
  POSSIBLE SUNSHINE  MM
  AVERAGE SKY COVER 0.0


WEATHER CONDITIONS
 THE FOLLOWING WEATHER WAS RECORDED YESTERDAY.
  HAZE


RELATIVE HUMIDITY (PERCENT)
 HIGHEST    36           400 AM
 LOWEST      6           100 PM
 AVERAGE    21

..........................................................


THE PALMDALE AIRPORT CA CLIMATE NORMALS FOR TODAY
                         NORMAL    RECORD    YEAR
 MAXIMUM TEMPERATURE (F)   93       110      1954
 MINIMUM TEMPERATURE (F)   60        44      1944


SUNRISE AND SUNSET
JUNE 22 2018..........SUNRISE   540 AM PDT   SUNSET   809 PM PDT
JUNE 23 2018..........SUNRISE   540 AM PDT   SUNSET   809 PM PDT


-  INDICATES NEGATIVE NUMBERS.
R  INDICATES RECORD WAS SET OR TIED.
MM INDICATES DATA IS MISSING.
T  INDICATES TRACE AMOUNT.




$$
