000
CDUS44 KMOB 222241
CLIPNS


CLIMATE REPORT
NATIONAL WEATHER SERVICE MOBILE AL
536 PM CDT FRI JUN 22 2018


...................................

...THE PENSACOLA CLIMATE SUMMARY FOR JUNE 22 2018...
VALID TODAY AS OF 0500 PM LOCAL TIME.

CLIMATE NORMAL PERIOD 1981 TO 2010
CLIMATE RECORD PERIOD 1879 TO 2018


WEATHER ITEM   OBSERVED TIME   RECORD YEAR NORMAL DEPARTURE LAST
                VALUE   (LST)  VALUE       VALUE  FROM      YEAR
                                                  NORMAL
..................................................................
TEMPERATURE (F)
 TODAY
  MAXIMUM         93    115 PM 101    2009  89      4       86
  MINIMUM         79   1219 AM  64    1976  74      5       78
  AVERAGE         86                        81      5       82

PRECIPITATION (IN)
  TODAY            0.00          3.02 1978   0.25  -0.25     0.64
  MONTH TO DATE    8.12                      4.61   3.51    18.21
  SINCE MAR 1     17.86                     18.92  -1.06    31.36
  SINCE JAN 1     31.16                     28.61   2.55    46.71

DEGREE DAYS
 COOLING
  TODAY           21                        16      5       17
  MONTH TO DATE  372                       330     42      326
  SINCE JUN 1    372                       330     42      326
  SINCE JAN 1   1047                       778    269     1122
..................................................................


WIND (MPH)
  HIGHEST WIND SPEED    21   HIGHEST WIND DIRECTION    SW (230)
  HIGHEST GUST SPEED    25   HIGHEST GUST DIRECTION     S (200)
  AVERAGE WIND SPEED    11.1


SKY COVER
  POSSIBLE SUNSHINE  MM
  AVERAGE SKY COVER 0.3


WEATHER CONDITIONS
 THE FOLLOWING WEATHER WAS RECORDED TODAY.
  NO SIGNIFICANT WEATHER WAS OBSERVED.


RELATIVE HUMIDITY (PERCENT)
 HIGHEST    85           200 AM
 LOWEST     49          1100 AM
 AVERAGE    67

..........................................................


THE PENSACOLA CLIMATE NORMALS FOR TOMORROW
                         NORMAL    RECORD    YEAR
 MAXIMUM TEMPERATURE (F)   89       102      2009
 MINIMUM TEMPERATURE (F)   74        66      1947


SUNRISE AND SUNSET
JUNE 22 2018..........SUNRISE   547 AM CDT   SUNSET   754 PM CDT
JUNE 23 2018..........SUNRISE   548 AM CDT   SUNSET   754 PM CDT


-  INDICATES NEGATIVE NUMBERS.
R  INDICATES RECORD WAS SET OR TIED.
MM INDICATES DATA IS MISSING.
T  INDICATES TRACE AMOUNT.




$$
