000
CDUS44 KMOB 140634
CLIPNS

CLIMATE REPORT
NATIONAL WEATHER SERVICE MOBILE AL
134 AM CDT FRI MAY 14 2021

...................................

...THE PENSACOLA CLIMATE SUMMARY FOR MAY 13 2021...

CLIMATE NORMAL PERIOD: 1991 TO 2020
CLIMATE RECORD PERIOD: 1879 TO 2021


WEATHER ITEM   OBSERVED TIME   RECORD YEAR NORMAL DEPARTURE LAST
                VALUE   (LST)  VALUE       VALUE  FROM      YEAR
                                                  NORMAL
...................................................................
TEMPERATURE (F)
 YESTERDAY
  MAXIMUM         77   4:25 PM  98    2018  85     -8       82
  MINIMUM         61   8:43 AM  45    1960  66     -5       62
  AVERAGE         69                        75     -6       72

PRECIPITATION (IN)
  YESTERDAY        0.02          4.03 1945   0.12  -0.10     0.00
  MONTH TO DATE    8.39                      1.60   6.79     0.03
  SINCE MAR 1     23.23                     12.37  10.86     4.62
  SINCE JAN 1     29.86                     22.17   7.69    14.85

DEGREE DAYS
 COOLING
  YESTERDAY        4                        10     -6        7
  MONTH TO DATE  115                       114      1       74
  SINCE MAR 1    319                       305     14      451
  SINCE JAN 1    354                       334     20      516
...................................................................


WIND (MPH)
  HIGHEST WIND SPEED    16   HIGHEST WIND DIRECTION     N (350)
  HIGHEST GUST SPEED    22   HIGHEST GUST DIRECTION     N (20)
  AVERAGE WIND SPEED     7.2


SKY COVER
  AVERAGE SKY COVER 0.6


WEATHER CONDITIONS
THE FOLLOWING WEATHER WAS RECORDED YESTERDAY.
  HEAVY RAIN
  FOG


RELATIVE HUMIDITY (PERCENT)
 HIGHEST    90           1:00 AM
 LOWEST     54           5:00 PM
 AVERAGE    72

..........................................................


THE PENSACOLA CLIMATE NORMALS FOR TODAY
                         NORMAL    RECORD    YEAR
 MAXIMUM TEMPERATURE (F)   85        93      1881
 MINIMUM TEMPERATURE (F)   66        53      1882
                                             1960
                                             2002


SUNRISE AND SUNSET
MAY 14 2021...........SUNRISE   5:55 AM CDT   SUNSET   7:36 PM CDT
MAY 15 2021...........SUNRISE   5:54 AM CDT   SUNSET   7:36 PM CDT


-  INDICATES NEGATIVE NUMBERS.
R  INDICATES RECORD WAS SET OR TIED.
MM INDICATES DATA IS MISSING.
T  INDICATES TRACE AMOUNT.




$$
