000
CDUS44 KMOB 180645
CLIPNS


CLIMATE REPORT
NATIONAL WEATHER SERVICE MOBILE AL
1245 AM CST TUE DEC 18 2018


...................................

...THE PENSACOLA CLIMATE SUMMARY FOR DECEMBER 17 2018...

CLIMATE NORMAL PERIOD 1981 TO 2010
CLIMATE RECORD PERIOD 1879 TO 2018


WEATHER ITEM   OBSERVED TIME   RECORD YEAR NORMAL DEPARTURE LAST
                VALUE   (LST)  VALUE       VALUE  FROM      YEAR
                                                  NORMAL
..................................................................
TEMPERATURE (F)
 YESTERDAY
  MAXIMUM         66    159 PM  78    2016  62      4       73
                                      1971
  MINIMUM         46   1144 PM  25    1882  44      2       51
  AVERAGE         56                        53      3       62

PRECIPITATION (IN)
  YESTERDAY        0.00          2.67 1910   0.15  -0.15     0.18
  MONTH TO DATE    9.38                      2.57   6.81     3.20
  SINCE MAR 1     69.54                     53.60  15.94    76.10
  SINCE JAN 1     82.84                     63.29  19.55    91.45

SNOWFALL (IN)
  YESTERDAY        0.0           0.0  2001   0.0    0.0      0.0
                                      2000
  MONTH TO DATE    0.0                       0.0    0.0       T
  SINCE MAR 1      0.0                       0.0    0.0       T
  SINCE JUL 1      0.0                       0.0    0.0       T
  SNOW DEPTH       0

DEGREE DAYS
 HEATING
  YESTERDAY        9                        12     -3        3
  MONTH TO DATE  177                       183     -6      190
  SINCE DEC 1    177                       183     -6      190
  SINCE JUL 1    407                       395     12      325

 COOLING
  YESTERDAY        0                         0      0        0
  MONTH TO DATE    8                         7      1       10
  SINCE DEC 1      8                         7      1       10
  SINCE JAN 1   3231                      2603    628     3343
..................................................................


WIND (MPH)
  HIGHEST WIND SPEED    13   HIGHEST WIND DIRECTION     N (360)
  HIGHEST GUST SPEED    17   HIGHEST GUST DIRECTION     N (360)
  AVERAGE WIND SPEED     6.5


SKY COVER
  POSSIBLE SUNSHINE  MM
  AVERAGE SKY COVER 0.0


WEATHER CONDITIONS
 THE FOLLOWING WEATHER WAS RECORDED YESTERDAY.
  NO SIGNIFICANT WEATHER WAS OBSERVED.


RELATIVE HUMIDITY (PERCENT)
 HIGHEST    93           100 AM
 LOWEST     52           100 PM
 AVERAGE    73

..........................................................


THE PENSACOLA CLIMATE NORMALS FOR TODAY
                         NORMAL    RECORD    YEAR
 MAXIMUM TEMPERATURE (F)   62        81      2016
 MINIMUM TEMPERATURE (F)   44        20      1901


SUNRISE AND SUNSET
DECEMBER 18 2018......SUNRISE   640 AM CST   SUNSET   451 PM CST
DECEMBER 19 2018......SUNRISE   641 AM CST   SUNSET   451 PM CST


-  INDICATES NEGATIVE NUMBERS.
R  INDICATES RECORD WAS SET OR TIED.
MM INDICATES DATA IS MISSING.
T  INDICATES TRACE AMOUNT.




$$
