000
CDUS44 KMOB 112231
CLIPNS


CLIMATE REPORT
NATIONAL WEATHER SERVICE MOBILE AL
530 PM CDT TUE AUG 11 2020


...................................

...THE PENSACOLA CLIMATE SUMMARY FOR AUGUST 11 2020...
VALID TODAY AS OF 0500 PM LOCAL TIME.

CLIMATE NORMAL PERIOD 1981 TO 2010
CLIMATE RECORD PERIOD 1879 TO 2020


WEATHER ITEM   OBSERVED TIME   RECORD YEAR NORMAL DEPARTURE LAST
                VALUE   (LST)  VALUE       VALUE  FROM      YEAR
                                                  NORMAL
..................................................................
TEMPERATURE (F)
 TODAY
  MAXIMUM         93    210 PM  98    1954  90      3       95
  MINIMUM         79    456 AM  67    1967  74      5       76
  AVERAGE         86                        82      4       86

PRECIPITATION (IN)
  TODAY            0.02          3.73 1911   0.23  -0.21     0.13
  MONTH TO DATE    1.56                      2.64  -1.08     5.16
  SINCE MAR 1     24.12                     30.96  -6.84    27.33
  SINCE JAN 1     34.35                     40.65  -6.30    32.44

DEGREE DAYS
 COOLING
  TODAY           21                        17      4       21
  MONTH TO DATE  218                       187     31      212
  SINCE JUN 1   1292                      1185    107     1368
  SINCE JAN 1   2053                      1633    420     1992
..................................................................


WIND (MPH)
  HIGHEST WIND SPEED    16   HIGHEST WIND DIRECTION     S (190)
  HIGHEST GUST SPEED    19   HIGHEST GUST DIRECTION     S (180)
  AVERAGE WIND SPEED     6.5


SKY COVER
  POSSIBLE SUNSHINE  MM
  AVERAGE SKY COVER 0.2


WEATHER CONDITIONS
 THE FOLLOWING WEATHER WAS RECORDED TODAY.
  THUNDERSTORM
  LIGHT RAIN


RELATIVE HUMIDITY (PERCENT)
 HIGHEST    97           500 AM
 LOWEST     60           400 PM
 AVERAGE    79

..........................................................


THE PENSACOLA CLIMATE NORMALS FOR TOMORROW
                         NORMAL    RECORD    YEAR
 MAXIMUM TEMPERATURE (F)   90        99      1954
 MINIMUM TEMPERATURE (F)   74        63      1967


SUNRISE AND SUNSET
AUGUST 11 2020........SUNRISE   613 AM CDT   SUNSET   734 PM CDT
AUGUST 12 2020........SUNRISE   614 AM CDT   SUNSET   733 PM CDT


-  INDICATES NEGATIVE NUMBERS.
R  INDICATES RECORD WAS SET OR TIED.
MM INDICATES DATA IS MISSING.
T  INDICATES TRACE AMOUNT.




$$
