000
CDUS44 KMOB 230645
CLIPNS


CLIMATE REPORT
NATIONAL WEATHER SERVICE MOBILE AL
145 AM CDT SUN SEP 23 2018


...................................

...THE PENSACOLA CLIMATE SUMMARY FOR SEPTEMBER 22 2018...

CLIMATE NORMAL PERIOD 1981 TO 2010
CLIMATE RECORD PERIOD 1879 TO 2018


WEATHER ITEM   OBSERVED TIME   RECORD YEAR NORMAL DEPARTURE LAST
                VALUE   (LST)  VALUE       VALUE  FROM      YEAR
                                                  NORMAL
..................................................................
TEMPERATURE (F)
 YESTERDAY
  MAXIMUM         89    134 PM  96    1990  85      4       90
                                      1925
  MINIMUM         76    258 AM  49    1983  69      7       75
  AVERAGE         83                        77      6       83

PRECIPITATION (IN)
  YESTERDAY        0.00          3.52 1975   0.21  -0.21     0.00
  MONTH TO DATE   14.78                      4.42  10.36     2.72
  SINCE MAR 1     47.32                     39.50   7.82    62.22
  SINCE JAN 1     60.62                     49.19  11.43    77.57

DEGREE DAYS
 COOLING
  YESTERDAY       18                        12      6       18
  MONTH TO DATE  387                       316     71      331
  SINCE SEP 1    387                       316     71      331
  SINCE JAN 1   2718                      2283    435     2810
..................................................................


WIND (MPH)
  HIGHEST WIND SPEED    15   HIGHEST WIND DIRECTION    SE (140)
  HIGHEST GUST SPEED    22   HIGHEST GUST DIRECTION     E (110)
  AVERAGE WIND SPEED     7.0


SKY COVER
  POSSIBLE SUNSHINE  MM
  AVERAGE SKY COVER 0.1


WEATHER CONDITIONS
 THE FOLLOWING WEATHER WAS RECORDED YESTERDAY.
  NO SIGNIFICANT WEATHER WAS OBSERVED.


RELATIVE HUMIDITY (PERCENT)
 HIGHEST    94           300 AM
 LOWEST     59           300 PM
 AVERAGE    77

..........................................................


THE PENSACOLA CLIMATE NORMALS FOR TODAY
                         NORMAL    RECORD    YEAR
 MAXIMUM TEMPERATURE (F)   85        94      2016
                                             1998
                                             1993
 MINIMUM TEMPERATURE (F)   68        51      1982


SUNRISE AND SUNSET
SEPTEMBER 23 2018.....SUNRISE   638 AM CDT   SUNSET   644 PM CDT
SEPTEMBER 24 2018.....SUNRISE   638 AM CDT   SUNSET   643 PM CDT


-  INDICATES NEGATIVE NUMBERS.
R  INDICATES RECORD WAS SET OR TIED.
MM INDICATES DATA IS MISSING.
T  INDICATES TRACE AMOUNT.




$$
