000
CDUS44 KMOB 160645
CLIPNS


CLIMATE REPORT
NATIONAL WEATHER SERVICE MOBILE AL
145 AM CDT WED OCT 16 2019


...................................

...THE PENSACOLA CLIMATE SUMMARY FOR OCTOBER 15 2019...

CLIMATE NORMAL PERIOD 1981 TO 2010
CLIMATE RECORD PERIOD 1879 TO 2019


WEATHER ITEM   OBSERVED TIME   RECORD YEAR NORMAL DEPARTURE LAST
                VALUE   (LST)  VALUE       VALUE  FROM      YEAR
                                                  NORMAL
..................................................................
TEMPERATURE (F)
 YESTERDAY
  MAXIMUM         87    201 PM  89    1990  79      8       87
  MINIMUM         73   1159 PM  43    1977  61     12       75
  AVERAGE         80                        70     10       81

PRECIPITATION (IN)
  YESTERDAY        0.47          3.15 1932   0.17   0.30     0.01
  MONTH TO DATE    0.93                      2.59  -1.66     0.96
  SINCE MAR 1     35.44                     43.65  -8.21    51.75
  SINCE JAN 1     40.55                     53.34 -12.79    65.05

DEGREE DAYS
 HEATING
  YESTERDAY        0                         1     -1        0
  MONTH TO DATE    0                         5     -5        0
  SINCE SEP 1      0                         6     -6        0
  SINCE JUL 1      0                         6     -6        0

 COOLING
  YESTERDAY       15                         6      9       16
  MONTH TO DATE  246                       112    134      211
  SINCE SEP 1    841                       515    326      731
  SINCE JAN 1   3210                      2482    728     3062
..................................................................


WIND (MPH)
  HIGHEST WIND SPEED    15   HIGHEST WIND DIRECTION     W (270)
  HIGHEST GUST SPEED    19   HIGHEST GUST DIRECTION    SE (150)
  AVERAGE WIND SPEED     6.3


SKY COVER
  POSSIBLE SUNSHINE  MM
  AVERAGE SKY COVER 0.6


WEATHER CONDITIONS
 THE FOLLOWING WEATHER WAS RECORDED YESTERDAY.
  THUNDERSTORM
  HEAVY RAIN
  RAIN
  LIGHT RAIN
  FOG


RELATIVE HUMIDITY (PERCENT)
 HIGHEST   100          1200 AM
 LOWEST     70           300 PM
 AVERAGE    85

..........................................................


THE PENSACOLA CLIMATE NORMALS FOR TODAY
                         NORMAL    RECORD    YEAR
 MAXIMUM TEMPERATURE (F)   79        88      2015
                                             2005
 MINIMUM TEMPERATURE (F)   60        44      1943


SUNRISE AND SUNSET
OCTOBER 16 2019.......SUNRISE   652 AM CDT   SUNSET   617 PM CDT
OCTOBER 17 2019.......SUNRISE   652 AM CDT   SUNSET   616 PM CDT


-  INDICATES NEGATIVE NUMBERS.
R  INDICATES RECORD WAS SET OR TIED.
MM INDICATES DATA IS MISSING.
T  INDICATES TRACE AMOUNT.




$$
