000
CDUS43 KPAH 040626
CLIPOF

CLIMATE REPORT
NATIONAL WEATHER SERVICE PADUCAH
126 AM CDT THU JUN 04 2020

...................................

...THE POPLAR BLUFF MO CLIMATE SUMMARY FOR JUNE 3 2020...

CLIMATE NORMAL PERIOD 1981 TO 2010
CLIMATE RECORD PERIOD 1893 TO 2020


WEATHER ITEM   OBSERVED TIME   RECORD YEAR NORMAL DEPARTURE LAST
                VALUE   (LST)  VALUE       VALUE  FROM      YEAR
                                                  NORMAL
...................................................................
TEMPERATURE (F)
 YESTERDAY
  MAXIMUM         89    316 PM  99    1944  84      5       82
  MINIMUM         64    417 AM  45    1956  63      1       62
                                      1969
  AVERAGE         77                        73      4       72

PRECIPITATION (IN)
  YESTERDAY        0.83          1.97 1954   0.15   0.68     0.00
  MONTH TO DATE    0.83                      0.44   0.39     0.00
  SINCE JUN 1      0.83                      0.44   0.39     0.00
  SINCE JAN 1     30.93                     20.67  10.26    33.97

DEGREE DAYS
 HEATING
  YESTERDAY        0                         0      0        0
  MONTH TO DATE    0                         0      0        0
  SINCE JUN 1      0                         0      0        0
  SINCE JUL 1   3787                      4074   -287     4043

 COOLING
  YESTERDAY       12                         8      4        7
  MONTH TO DATE   27                        24      3       27
  SINCE JUN 1     27                        24      3       27
  SINCE JAN 1    162                       188    -26      241
...................................................................


WIND (MPH)
  HIGHEST WIND SPEED    29   HIGHEST WIND DIRECTION     W (250)
  HIGHEST GUST SPEED    44   HIGHEST GUST DIRECTION    SW (230)
  AVERAGE WIND SPEED     5.6


SKY COVER
  AVERAGE SKY COVER 0.1


WEATHER CONDITIONS
THE FOLLOWING WEATHER WAS RECORDED YESTERDAY.
  THUNDERSTORM
  HEAVY RAIN
  LIGHT RAIN
  FOG


RELATIVE HUMIDITY (PERCENT)
 HIGHEST    90           400 AM
 LOWEST     52           300 PM
 AVERAGE    71

..........................................................


THE POPLAR BLUFF MO CLIMATE NORMALS FOR TODAY
                         NORMAL    RECORD    YEAR
 MAXIMUM TEMPERATURE (F)   84       100      1944
 MINIMUM TEMPERATURE (F)   63        46      1929


SUNRISE AND SUNSET
JUNE  4 2020..........SUNRISE   543 AM CDT   SUNSET   817 PM CDT
JUNE  5 2020..........SUNRISE   543 AM CDT   SUNSET   818 PM CDT


-  INDICATES NEGATIVE NUMBERS.
R  INDICATES RECORD WAS SET OR TIED.
MM INDICATES DATA IS MISSING.
T  INDICATES TRACE AMOUNT.




$$
