000
CDUS43 KPAH 310632
CLIPOF

CLIMATE REPORT
NATIONAL WEATHER SERVICE PADUCAH
132 AM CDT SAT OCT 31 2020

...................................

...THE POPLAR BLUFF MO CLIMATE SUMMARY FOR OCTOBER 30 2020...

CLIMATE NORMAL PERIOD 1981 TO 2010
CLIMATE RECORD PERIOD 1893 TO 2020


WEATHER ITEM   OBSERVED TIME   RECORD YEAR NORMAL DEPARTURE LAST
                VALUE   (LST)  VALUE       VALUE  FROM      YEAR
                                                  NORMAL
...................................................................
TEMPERATURE (F)
 YESTERDAY
  MAXIMUM         55    410 PM  91    1924  66    -11       48
  MINIMUM         35    640 AM  20    1917  43     -8       41
  AVERAGE         45                        54     -9       45

PRECIPITATION (IN)
  YESTERDAY        0.00          2.13 2009   0.17  -0.17     0.89
  MONTH TO DATE    7.43                      4.50   2.93     5.91
  SINCE SEP 1     10.37                      7.75   2.62     6.61
  SINCE JAN 1     55.67                     39.03  16.64    60.53

DEGREE DAYS
 HEATING
  YESTERDAY       20                        11      9       20
  MONTH TO DATE  262                       213     49      224
  SINCE SEP 1    285                       242     43      224
  SINCE JUL 1    285                       242     43      224

 COOLING
  YESTERDAY        0                         0      0        0
  MONTH TO DATE   23                        35    -12       49
  SINCE SEP 1    208                       214     -6      425
  SINCE JAN 1   1587                      1562     25     1830
...................................................................


WIND (MPH)
  HIGHEST WIND SPEED     9   HIGHEST WIND DIRECTION    NW (330)
  HIGHEST GUST SPEED    14   HIGHEST GUST DIRECTION    NW (320)
  AVERAGE WIND SPEED     3.4


SKY COVER
  AVERAGE SKY COVER 0.0


WEATHER CONDITIONS
THE FOLLOWING WEATHER WAS RECORDED YESTERDAY.
  NO SIGNIFICANT WEATHER WAS OBSERVED.


RELATIVE HUMIDITY (PERCENT)
 HIGHEST    93          1000 PM
 LOWEST     51           300 PM
 AVERAGE    72

..........................................................


THE POPLAR BLUFF MO CLIMATE NORMALS FOR TODAY
                         NORMAL    RECORD    YEAR
 MAXIMUM TEMPERATURE (F)   65        86      1950
 MINIMUM TEMPERATURE (F)   42        22      1917


SUNRISE AND SUNSET
OCTOBER 31 2020.......SUNRISE   725 AM CDT   SUNSET   605 PM CDT
NOVEMBER  1 2020......SUNRISE   626 AM CST   SUNSET   504 PM CST


-  INDICATES NEGATIVE NUMBERS.
R  INDICATES RECORD WAS SET OR TIED.
MM INDICATES DATA IS MISSING.
T  INDICATES TRACE AMOUNT.




$$
