000
CDUS43 KPAH 180628
CLIPOF


CLIMATE REPORT
NATIONAL WEATHER SERVICE PADUCAH KY
127 AM CDT FRI OCT 18 2019


...................................

...THE POPLAR BLUFF MO CLIMATE SUMMARY FOR OCTOBER 17 2019...

CLIMATE NORMAL PERIOD 1981 TO 2010
CLIMATE RECORD PERIOD 1893 TO 2019


WEATHER ITEM   OBSERVED TIME   RECORD YEAR NORMAL DEPARTURE LAST
                VALUE   (LST)  VALUE       VALUE  FROM      YEAR
                                                  NORMAL
..................................................................
TEMPERATURE (F)
 YESTERDAY
  MAXIMUM         64    252 PM  89    1950  71     -7       71
                                      1938
                                      1924
  MINIMUM         38    636 AM  27    1943  46     -8       37
  AVERAGE         51                        58     -7       54

PRECIPITATION (IN)
  YESTERDAY        0.00          2.10 1967   0.14  -0.14     0.00
  MONTH TO DATE    1.39                      2.23  -0.84     1.75
  SINCE SEP 1      2.09                      5.48  -3.39     7.25
  SINCE JAN 1     56.01                     36.76  19.25    39.30

DEGREE DAYS
 HEATING
  YESTERDAY       14                         7      7       11
  MONTH TO DATE   91                        91      0       94
  SINCE SEP 1     91                       120    -29      101
  SINCE JUL 1     91                       120    -29      101

 COOLING
  YESTERDAY        0                         1     -1        0
  MONTH TO DATE   49                        27     22      117
  SINCE SEP 1    425                       206    219      396
  SINCE JAN 1   1830                      1554    276     2062
..................................................................


WIND (MPH)
  HIGHEST WIND SPEED     8   HIGHEST WIND DIRECTION    SE (140)
  HIGHEST GUST SPEED    10   HIGHEST GUST DIRECTION    SE (150)
  AVERAGE WIND SPEED     1.6


SKY COVER
  AVERAGE SKY COVER 0.0


WEATHER CONDITIONS
 THE FOLLOWING WEATHER WAS RECORDED YESTERDAY.
  FOG


RELATIVE HUMIDITY (PERCENT)
 HIGHEST    93           100 AM
 LOWEST     43           200 PM
 AVERAGE    68

..........................................................


THE POPLAR BLUFF MO CLIMATE NORMALS FOR TODAY
                         NORMAL    RECORD    YEAR
 MAXIMUM TEMPERATURE (F)   71        90      1924
 MINIMUM TEMPERATURE (F)   46        25      1948


SUNRISE AND SUNSET
OCTOBER 18 2019.......SUNRISE   711 AM CDT   SUNSET   621 PM CDT
OCTOBER 19 2019.......SUNRISE   712 AM CDT   SUNSET   620 PM CDT


-  INDICATES NEGATIVE NUMBERS.
R  INDICATES RECORD WAS SET OR TIED.
MM INDICATES DATA IS MISSING.
T  INDICATES TRACE AMOUNT.




$$
