000
CDUS41 KALY 292033
CLIPOU

CLIMATE REPORT
NATIONAL WEATHER SERVICE ALBANY NY
433 PM EDT FRI MAY 29 2020

...................................

...THE POUGHKEEPSIE NY CLIMATE SUMMARY FOR MAY 29 2020...
VALID TODAY AS OF 0400 PM LOCAL TIME.

CLIMATE NORMAL PERIOD: 1981 TO 2010
CLIMATE RECORD PERIOD: 1931 TO 2020


WEATHER ITEM   OBSERVED TIME   RECORD YEAR NORMAL DEPARTURE LAST
                VALUE   (LST)  VALUE       VALUE  FROM      YEAR
                                                  NORMAL
...................................................................
TEMPERATURE (F)
 TODAY
  MAXIMUM         84   3:27 PM  96    1969  75      9       69
  MINIMUM         69   4:15 AM  35    1953  51     18       54
                                      2008
  AVERAGE         77                        63     14       62

PRECIPITATION (IN)
  TODAY            0.00          3.71 1984   0.16  -0.16     0.76
  MONTH TO DATE    3.16                      4.10  -0.94     4.68
  SINCE MAR 1      8.94                     11.45  -2.51    10.11
  SINCE JAN 1     12.42                     17.19  -4.77    16.08

DEGREE DAYS
 HEATING
  TODAY            0                         4     -4        3
  MONTH TO DATE  243                       215     28      172
  SINCE MAR 1   1483                      1583   -100     1451
  SINCE JUL 1   5596                      6154   -558     5791

 COOLING
  TODAY           12                         2     10        0
  MONTH TO DATE   38                        28     10       22
  SINCE MAR 1     38                        33      5       22
  SINCE JAN 1     38                        33      5       22
...................................................................


WIND (MPH)
  HIGHEST WIND SPEED    16   HIGHEST WIND DIRECTION     S (180)
  HIGHEST GUST SPEED    24   HIGHEST GUST DIRECTION     S (170)
  AVERAGE WIND SPEED     7.8


SKY COVER
  AVERAGE SKY COVER 0.8


RELATIVE HUMIDITY (PERCENT)
 HIGHEST    90          12:00 AM
 LOWEST     63           3:00 PM
 AVERAGE    77

..........................................................


THE POUGHKEEPSIE NY CLIMATE NORMALS FOR TOMORROW
                         NORMAL    RECORD    YEAR
 MAXIMUM TEMPERATURE (F)   75        92      1986
                                             1987
 MINIMUM TEMPERATURE (F)   51        36      1949
                                             1964
                                             1965


SUNRISE AND SUNSET
MAY 29 2020...........SUNRISE   5:25 AM EDT   SUNSET   8:21 PM EDT
MAY 30 2020...........SUNRISE   5:24 AM EDT   SUNSET   8:22 PM EDT


-  INDICATES NEGATIVE NUMBERS.
R  INDICATES RECORD WAS SET OR TIED.
MM INDICATES DATA IS MISSING.
T  INDICATES TRACE AMOUNT.




$$
