000
CDUS41 KALY 252146
CLIPOU


CLIMATE REPORT
NATIONAL WEATHER SERVICE ALBANY NY
446 PM EST SUN FEB 25 2018


...................................

...THE POUGHKEEPSIE NY CLIMATE SUMMARY FOR FEBRUARY 25 2018...
VALID TODAY AS OF 0400 PM LOCAL TIME.

CLIMATE NORMAL PERIOD 1981 TO 2010
CLIMATE RECORD PERIOD 1949 TO 2018


WEATHER ITEM   OBSERVED TIME   RECORD YEAR NORMAL DEPARTURE LAST
                VALUE   (LST)  VALUE       VALUE  FROM      YEAR
                                                  NORMAL
..................................................................
TEMPERATURE (F)
 TODAY
  MAXIMUM         44    359 PM  70    1976  42      2       67
  MINIMUM         38    726 AM  -3    1964  20     18       39
  AVERAGE         41                        31     10       53

PRECIPITATION (IN)
  TODAY            0.76          2.14 2010   0.11   0.65     0.43
  MONTH TO DATE    4.48                      2.35   2.13     1.90
  SINCE DEC 1      8.92                      8.96  -0.04     7.47
  SINCE JAN 1      7.36                      5.43   1.93     4.87

DEGREE DAYS
 HEATING
  TODAY           24                        34    -10       12
  MONTH TO DATE  780                       917   -137      770
  SINCE DEC 1   3160                      3191    -31     2820
  SINCE JUL 1   4243                      4469   -226     3966

 COOLING
  TODAY            0                         0      0        0
  MONTH TO DATE    0                         0      0        0
  SINCE DEC 1      0                         0      0        0
  SINCE JAN 1      0                         0      0        0
..................................................................


WIND (MPH)
  HIGHEST WIND SPEED    16   HIGHEST WIND DIRECTION    SE (120)
  HIGHEST GUST SPEED    23   HIGHEST GUST DIRECTION    SE (120)
  AVERAGE WIND SPEED     4.1


SKY COVER
  AVERAGE SKY COVER 1.0



RELATIVE HUMIDITY (PERCENT)
 HIGHEST    92          1200 AM
 LOWEST     79          1000 AM
 AVERAGE    86

..........................................................


THE POUGHKEEPSIE NY CLIMATE NORMALS FOR TOMORROW
                         NORMAL    RECORD    YEAR
 MAXIMUM TEMPERATURE (F)   42        65      2002
                                             1976
 MINIMUM TEMPERATURE (F)   20        -7      1963


SUNRISE AND SUNSET
FEBRUARY 25 2018......SUNRISE   636 AM EST   SUNSET   541 PM EST
FEBRUARY 26 2018......SUNRISE   635 AM EST   SUNSET   542 PM EST


-  INDICATES NEGATIVE NUMBERS.
R  INDICATES RECORD WAS SET OR TIED.
MM INDICATES DATA IS MISSING.
T  INDICATES TRACE AMOUNT.




RECORDS FOR KPOU DATE BACK TO 1949...
HOWEVER...DATA IS MISSING FROM JANUARY 1993 - JULY 2000.
$$
