204
CDUS41 KALY 220622
CLIPOU


CLIMATE REPORT
NATIONAL WEATHER SERVICE ALBANY NY
222 AM EDT SUN JUL 22 2018


...................................

...THE POUGHKEEPSIE NY CLIMATE SUMMARY FOR JULY 21 2018...

CLIMATE NORMAL PERIOD 1981 TO 2010
CLIMATE RECORD PERIOD 1931 TO 2018


WEATHER ITEM   OBSERVED TIME   RECORD YEAR NORMAL DEPARTURE LAST
                VALUE   (LST)  VALUE       VALUE  FROM      YEAR
                                                  NORMAL
..................................................................
TEMPERATURE (F)
 YESTERDAY
  MAXIMUM         77    224 PM 100    1977  85     -8       90
  MINIMUM         56    415 AM  45    1965  61     -5       66
  AVERAGE         67                        73     -6       78

PRECIPITATION (IN)
  YESTERDAY        0.01          3.37 1946   0.15  -0.14     0.00
  MONTH TO DATE    2.99                      3.02  -0.03     2.39
  SINCE JUN 1      7.13                      7.45  -0.32     5.77
  SINCE JAN 1     23.40                     24.95  -1.55    22.83

DEGREE DAYS
 HEATING
  YESTERDAY        0                         0      0        0
  MONTH TO DATE    0                         0      0        0
  SINCE JUN 1     35                        49    -14       50
  SINCE JUL 1      0                         0      0        0

 COOLING
  YESTERDAY        2                         8     -6       13
  MONTH TO DATE  203                       160     43      192
  SINCE JUN 1    324                       287     37      331
  SINCE JAN 1    397                       323     74      379
..................................................................


WIND (MPH)
  HIGHEST WIND SPEED    20   HIGHEST WIND DIRECTION     E (100)
  HIGHEST GUST SPEED    28   HIGHEST GUST DIRECTION     E (90)
  AVERAGE WIND SPEED     6.2


SKY COVER
  AVERAGE SKY COVER 0.2



RELATIVE HUMIDITY (PERCENT)
 HIGHEST    93           300 AM
 LOWEST     40          1200 PM
 AVERAGE    67

..........................................................


THE POUGHKEEPSIE NY CLIMATE NORMALS FOR TODAY
                         NORMAL    RECORD    YEAR
 MAXIMUM TEMPERATURE (F)   85       102      2011
                                             1955
 MINIMUM TEMPERATURE (F)   61        48      1950


SUNRISE AND SUNSET
JULY 22 2018..........SUNRISE   540 AM EDT   SUNSET   823 PM EDT
JULY 23 2018..........SUNRISE   541 AM EDT   SUNSET   822 PM EDT


-  INDICATES NEGATIVE NUMBERS.
R  INDICATES RECORD WAS SET OR TIED.
MM INDICATES DATA IS MISSING.
T  INDICATES TRACE AMOUNT.




$$
