000
CDUS41 KALY 230627
CLIPOU


CLIMATE REPORT
NATIONAL WEATHER SERVICE ALBANY NY
124 AM EST WED JAN 23 2019


...................................

...THE POUGHKEEPSIE NY CLIMATE SUMMARY FOR JANUARY 22 2019...

CLIMATE NORMAL PERIOD 1981 TO 2010
CLIMATE RECORD PERIOD 1931 TO 2019


WEATHER ITEM   OBSERVED TIME   RECORD YEAR NORMAL DEPARTURE LAST
                VALUE   (LST)  VALUE       VALUE  FROM      YEAR
                                                  NORMAL
..................................................................
TEMPERATURE (F)
 YESTERDAY
  MAXIMUM         28    326 PM  60    1959  35     -7       40
  MINIMUM         -4    733 AM -29    1961  15    -19       34
  AVERAGE         12                        25    -13       37

PRECIPITATION (IN)
  YESTERDAY        0.00          0.71 1987   0.10  -0.10      T
  MONTH TO DATE    2.00                      2.21  -0.21     2.12
  SINCE DEC 1      6.05                      5.74   0.31     3.68
  SINCE JAN 1      2.00                      2.21  -0.21     2.12

DEGREE DAYS
 HEATING
  YESTERDAY       53                        40     13       28
  MONTH TO DATE  821                       872    -51      937
  SINCE DEC 1   1782                      1923   -141     2083
  SINCE JUL 1   3060                      3201   -141     3166

 COOLING
  YESTERDAY        0                         0      0        0
  MONTH TO DATE    0                         0      0        0
  SINCE DEC 1      0                         0      0        0
  SINCE JAN 1      0                         0      0        0
..................................................................


WIND (MPH)
  HIGHEST WIND SPEED    12   HIGHEST WIND DIRECTION    NW (300)
  HIGHEST GUST SPEED    16   HIGHEST GUST DIRECTION    NW (310)
  AVERAGE WIND SPEED     0.8


SKY COVER
  AVERAGE SKY COVER 0.1



RELATIVE HUMIDITY (PERCENT)
 HIGHEST    76           900 AM
 LOWEST     39           300 PM
 AVERAGE    58

..........................................................


THE POUGHKEEPSIE NY CLIMATE NORMALS FOR TODAY
                         NORMAL    RECORD    YEAR
 MAXIMUM TEMPERATURE (F)   36        60      1957
                                             1933
 MINIMUM TEMPERATURE (F)   15       -16      1961


SUNRISE AND SUNSET
JANUARY 23 2019.......SUNRISE   715 AM EST   SUNSET   500 PM EST
JANUARY 24 2019.......SUNRISE   715 AM EST   SUNSET   501 PM EST


-  INDICATES NEGATIVE NUMBERS.
R  INDICATES RECORD WAS SET OR TIED.
MM INDICATES DATA IS MISSING.
T  INDICATES TRACE AMOUNT.




$$
