760
CDUS46 KLOX 150907
CLIPRB


CLIMATE REPORT
NATIONAL WEATHER SERVICE LOS ANGELES/OXNARD CA
206 AM PDT MON OCT 15 2018


...................................

...THE PASO ROBLES AIRPORT CA CLIMATE SUMMARY FOR OCTOBER 14 2018...

CLIMATE NORMAL PERIOD 1981 TO 2010
CLIMATE RECORD PERIOD 1948 TO 2018


WEATHER ITEM   OBSERVED TIME   RECORD YEAR NORMAL DEPARTURE LAST
                VALUE   (LST)  VALUE       VALUE  FROM      YEAR
                                                  NORMAL
..................................................................
TEMPERATURE (F)
 YESTERDAY
  MAXIMUM         78    209 PM 100    1991  80     -2       81
  MINIMUM         46    250 AM  31    1981  45      1       35
  AVERAGE         62                        62      0       58

PRECIPITATION (IN)
  YESTERDAY        0.00          0.17 1968   0.02  -0.02     0.00
  MONTH TO DATE    0.03                      0.19  -0.16     0.00
  SINCE OCT 1      0.03                      0.19  -0.16     0.00
  SINCE JAN 1      9.38                      9.31   0.07    12.49

SNOWFALL (IN)
  YESTERDAY       MM
  MONTH TO DATE    0.0
  SINCE SEP 1      0.0
  SINCE JUL 1      0.0

DEGREE DAYS
 HEATING
  YESTERDAY        3                         4     -1        7
  MONTH TO DATE   27                        40    -13       54
  SINCE SEP 1     29                        64    -35       70
  SINCE JUL 1     32                        72    -40       71

 COOLING
  YESTERDAY        0                         1     -1        0
  MONTH TO DATE   16                        28    -12        7
  SINCE SEP 1    183                       186     -3      231
  SINCE JAN 1   1149                       919    230     1331
..................................................................


WIND (MPH)
  HIGHEST WIND SPEED    15   HIGHEST WIND DIRECTION     S (200)
  HIGHEST GUST SPEED    18   HIGHEST GUST DIRECTION     S (200)
  AVERAGE WIND SPEED     4.2


SKY COVER
  POSSIBLE SUNSHINE  MM
  AVERAGE SKY COVER 0.3


WEATHER CONDITIONS
 THE FOLLOWING WEATHER WAS RECORDED YESTERDAY.
  FOG
  FOG W/VISIBILITY <= 1/4 MILE


RELATIVE HUMIDITY (PERCENT)
 HIGHEST   100           100 AM
 LOWEST     28           200 PM
 AVERAGE    64

..........................................................


THE PASO ROBLES AIRPORT CA CLIMATE NORMALS FOR TODAY
                         NORMAL    RECORD    YEAR
 MAXIMUM TEMPERATURE (F)   80       100      1961
 MINIMUM TEMPERATURE (F)   45        34      1981


SUNRISE AND SUNSET
OCTOBER 15 2018.......SUNRISE   709 AM PDT   SUNSET   627 PM PDT
OCTOBER 16 2018.......SUNRISE   710 AM PDT   SUNSET   626 PM PDT


-  INDICATES NEGATIVE NUMBERS.
R  INDICATES RECORD WAS SET OR TIED.
MM INDICATES DATA IS MISSING.
T  INDICATES TRACE AMOUNT.




$$
