000
CDUS46 KLOX 220916
CLIPRB


CLIMATE REPORT
NATIONAL WEATHER SERVICE LOS ANGELES/OXNARD CA
216 AM PDT SUN JUL 22 2018


...................................

...THE PASO ROBLES AIRPORT CA CLIMATE SUMMARY FOR JULY 21 2018...

CLIMATE NORMAL PERIOD 1981 TO 2010
CLIMATE RECORD PERIOD 1948 TO 2018


WEATHER ITEM   OBSERVED TIME   RECORD YEAR NORMAL DEPARTURE LAST
                VALUE   (LST)  VALUE       VALUE  FROM      YEAR
                                                  NORMAL
..................................................................
TEMPERATURE (F)
 YESTERDAY
  MAXIMUM         95    111 PM 112    2006  93      2       98
  MINIMUM         64   1159 PM  45    1987  55      9       51
  AVERAGE         80                        74      6       75

PRECIPITATION (IN)
  YESTERDAY        0.00          T    2005   0.00   0.00     0.00
  MONTH TO DATE    0.00                      0.00   0.00     0.00
  SINCE OCT 1      9.62                     12.45  -2.83    16.14
  SINCE JAN 1      9.35                      8.79   0.56    12.46

SNOWFALL (IN)
  YESTERDAY        0.0
  MONTH TO DATE    0.0
  SINCE JUN 1      0.0
  SINCE JUL 1      0.0

DEGREE DAYS
 HEATING
  YESTERDAY        0                         0      0        0
  MONTH TO DATE    2                         0      2        0
  SINCE JUN 1     18                        27     -9       12
  SINCE JUL 1      2                         0      2        0

 COOLING
  YESTERDAY       15                         9      6       10
  MONTH TO DATE  265                       175     90      263
  SINCE JUN 1    441                       318    123      518
  SINCE JAN 1    490                       386    104      610
..................................................................


WIND (MPH)
  HIGHEST WIND SPEED    24   HIGHEST WIND DIRECTION     S (200)
  HIGHEST GUST SPEED    30   HIGHEST GUST DIRECTION     S (200)
  AVERAGE WIND SPEED     8.5


SKY COVER
  POSSIBLE SUNSHINE  MM
  AVERAGE SKY COVER 0.1


WEATHER CONDITIONS
 THE FOLLOWING WEATHER WAS RECORDED YESTERDAY.
  NO SIGNIFICANT WEATHER WAS OBSERVED.


RELATIVE HUMIDITY (PERCENT)
 HIGHEST    73           400 AM
 LOWEST     23           200 PM
 AVERAGE    48

..........................................................


THE PASO ROBLES AIRPORT CA CLIMATE NORMALS FOR TODAY
                         NORMAL    RECORD    YEAR
 MAXIMUM TEMPERATURE (F)   93       114      2006
 MINIMUM TEMPERATURE (F)   55        46      1987


SUNRISE AND SUNSET
JULY 22 2018..........SUNRISE   603 AM PDT   SUNSET   814 PM PDT
JULY 23 2018..........SUNRISE   604 AM PDT   SUNSET   814 PM PDT


-  INDICATES NEGATIVE NUMBERS.
R  INDICATES RECORD WAS SET OR TIED.
MM INDICATES DATA IS MISSING.
T  INDICATES TRACE AMOUNT.




$$
