135
CDUS46 KLOX 290854
CLIPRB

CLIMATE REPORT
NATIONAL WEATHER SERVICE LOS ANGELES/OXNARD
154 AM PDT WED MAY 29 2024

...................................

...THE PASO ROBLES AIRPORT CA CLIMATE SUMMARY FOR MAY 28 2024...

CLIMATE NORMAL PERIOD: 1991 TO 2020
CLIMATE RECORD PERIOD: 1948 TO 2024


WEATHER ITEM   OBSERVED TIME   RECORD YEAR NORMAL DEPARTURE LAST
                VALUE   (LST)  VALUE       VALUE  FROM      YEAR
                                                  NORMAL
...................................................................
TEMPERATURE (F)
 YESTERDAY
  MAXIMUM         88        MM 101    1973  84      4       74
                                      2000
  MINIMUM         48        MM  39    2008  48      0       51
  AVERAGE         68                        66      2       63

PRECIPITATION (IN)
  YESTERDAY        0.00          0.17 1998   0.00   0.00     0.00
  MONTH TO DATE    0.06                      0.29  -0.23     0.37
  SINCE JUL 1     18.12                     12.09   6.03    21.26
  SINCE OCT 1     18.10                     11.94   6.16    20.88
  SINCE JAN 1     12.19                      8.53   3.66    14.63

SNOWFALL (IN)
  YESTERDAY       MM
  MONTH TO DATE    T
  SINCE MAR 1      T
  SINCE JUL 1      T

DEGREE DAYS
 HEATING
  YESTERDAY        0                         2     -2        2
  MONTH TO DATE  119                       101     18      129
  SINCE MAR 1    758                       700     58      819
  SINCE JUL 1   2450                      2729   -279     2944

 COOLING
  YESTERDAY        3                         3      0        0
  MONTH TO DATE   10                        48    -38       58
  SINCE MAR 1     10                        55    -45       69
  SINCE JAN 1     10                        55    -45       69
...................................................................


WIND (MPH)
  HIGHEST WIND SPEED    20   HIGHEST WIND DIRECTION    NW (330)
  HIGHEST GUST SPEED    32   HIGHEST GUST DIRECTION    NW (330)
  AVERAGE WIND SPEED     9.8


SKY COVER
  POSSIBLE SUNSHINE  MM
  AVERAGE SKY COVER 0.3


WEATHER CONDITIONS
THE FOLLOWING WEATHER WAS RECORDED YESTERDAY.
  NO SIGNIFICANT WEATHER WAS OBSERVED.


RELATIVE HUMIDITY (PERCENT)
 HIGHEST    93           2:00 AM
 LOWEST     19           2:00 PM
 AVERAGE    56

..........................................................


THE PASO ROBLES AIRPORT CA CLIMATE NORMALS FOR TODAY
                         NORMAL    RECORD    YEAR
 MAXIMUM TEMPERATURE (F)   84       102      1984
 MINIMUM TEMPERATURE (F)   48        40      1980
                                             2010


SUNRISE AND SUNSET
MAY 29 2024...........SUNRISE   5:49 AM PDT   SUNSET   8:12 PM PDT
MAY 30 2024...........SUNRISE   5:48 AM PDT   SUNSET   8:12 PM PDT


-  INDICATES NEGATIVE NUMBERS.
R  INDICATES RECORD WAS SET OR TIED.
MM INDICATES DATA IS MISSING.
T  INDICATES TRACE AMOUNT.




$$