019
CDUS46 KLOX 150119
CLIPRB


CLIMATE REPORT
NATIONAL WEATHER SERVICE LOS ANGELES/OXNARD CA
619 PM PDT MON OCT 14 2019


...................................

...THE PASO ROBLES AIRPORT CA CLIMATE SUMMARY FOR OCTOBER 14 2019...
VALID TODAY AS OF 0600 PM LOCAL TIME.

CLIMATE NORMAL PERIOD 1981 TO 2010
CLIMATE RECORD PERIOD 1948 TO 2019


WEATHER ITEM   OBSERVED TIME   RECORD YEAR NORMAL DEPARTURE LAST
                VALUE   (LST)  VALUE       VALUE  FROM      YEAR
                                                  NORMAL
..................................................................
TEMPERATURE (F)
 TODAY
  MAXIMUM         82    429 PM 100    1991  80      2       78
  MINIMUM         33    626 AM  31    1981  45    -12       46
  AVERAGE         58                        62     -4       62

PRECIPITATION (IN)
  TODAY            0.00          0.17 1968   0.02  -0.02     0.00
  MONTH TO DATE    0.00                      0.19  -0.19     0.03
  SINCE OCT 1      0.00                      0.19  -0.19     0.03
  SINCE JAN 1     11.28                      9.31   1.97     9.38

SNOWFALL (IN)
  TODAY            0.0
  MONTH TO DATE    0.0
  SINCE SEP 1      0.0
  SINCE JUL 1      0.0

DEGREE DAYS
 HEATING
  TODAY            7                         4      3        3
  MONTH TO DATE   61                        40     21       27
  SINCE SEP 1     86                        64     22       29
  SINCE JUL 1     87                        72     15       32

 COOLING
  TODAY            0                         1     -1        0
  MONTH TO DATE   11                        28    -17       16
  SINCE SEP 1    216                       186     30      183
  SINCE JAN 1   1046                       919    127     1149
..................................................................


WIND (MPH)
  HIGHEST WIND SPEED     8   HIGHEST WIND DIRECTION    NW (330)
  HIGHEST GUST SPEED    13   HIGHEST GUST DIRECTION    NE (50)
  AVERAGE WIND SPEED     1.7


SKY COVER
  POSSIBLE SUNSHINE  MM
  AVERAGE SKY COVER 0.0


WEATHER CONDITIONS
 THE FOLLOWING WEATHER WAS RECORDED TODAY.
  NO SIGNIFICANT WEATHER WAS OBSERVED.


RELATIVE HUMIDITY (PERCENT)
 HIGHEST    70           600 AM
 LOWEST      9           300 PM
 AVERAGE    40

..........................................................


THE PASO ROBLES AIRPORT CA CLIMATE NORMALS FOR TOMORROW
                         NORMAL    RECORD    YEAR
 MAXIMUM TEMPERATURE (F)   80       100      1961
 MINIMUM TEMPERATURE (F)   45        34      1981


SUNRISE AND SUNSET
OCTOBER 14 2019.......SUNRISE   708 AM PDT   SUNSET   628 PM PDT
OCTOBER 15 2019.......SUNRISE   709 AM PDT   SUNSET   627 PM PDT


-  INDICATES NEGATIVE NUMBERS.
R  INDICATES RECORD WAS SET OR TIED.
MM INDICATES DATA IS MISSING.
T  INDICATES TRACE AMOUNT.




$$
