000
CDUS46 KLOX 260924
CLIPRB


CLIMATE REPORT
NATIONAL WEATHER SERVICE LOS ANGELES/OXNARD CA
224 AM PDT MON OCT 26 2020


...................................

...THE PASO ROBLES AIRPORT CA CLIMATE SUMMARY FOR OCTOBER 25 2020...

CLIMATE NORMAL PERIOD 1981 TO 2010
CLIMATE RECORD PERIOD 1948 TO 2020


WEATHER ITEM   OBSERVED TIME   RECORD YEAR NORMAL DEPARTURE LAST
                VALUE   (LST)  VALUE       VALUE  FROM      YEAR
                                                  NORMAL
..................................................................
TEMPERATURE (F)
 YESTERDAY
  MAXIMUM         67    334 PM  99    2017  76     -9       93
  MINIMUM         49   1159 PM  30    1975  42      7       44
  AVERAGE         58                        59     -1       69

PRECIPITATION (IN)
  YESTERDAY        0.00          0.18 1950   0.03  -0.03     0.00
  MONTH TO DATE    0.00                      0.43  -0.43     0.00
  SINCE OCT 1      0.00                      0.43  -0.43     0.00
  SINCE JAN 1      5.46                      9.55  -4.09    11.28

SNOWFALL (IN)
  YESTERDAY        0.0
  MONTH TO DATE    0.0
  SINCE SEP 1      0.0
  SINCE JUL 1      0.0

DEGREE DAYS
 HEATING
  YESTERDAY        7                         6      1        0
  MONTH TO DATE   17                        95    -78       85
  SINCE SEP 1     19                       119   -100      110
  SINCE JUL 1     24                       127   -103      111

 COOLING
  YESTERDAY        0                         0      0        4
  MONTH TO DATE  155                        34    121       27
  SINCE SEP 1    460                       192    268      232
  SINCE JAN 1   1363                       925    438     1062
..................................................................


WIND (MPH)
  HIGHEST WIND SPEED    15   HIGHEST WIND DIRECTION    SW (210)
  HIGHEST GUST SPEED    18   HIGHEST GUST DIRECTION    SW (210)
  AVERAGE WIND SPEED     4.9


SKY COVER
  POSSIBLE SUNSHINE  MM
  AVERAGE SKY COVER 0.7


WEATHER CONDITIONS
 THE FOLLOWING WEATHER WAS RECORDED YESTERDAY.
  NO SIGNIFICANT WEATHER WAS OBSERVED.


RELATIVE HUMIDITY (PERCENT)
 HIGHEST    83           900 PM
 LOWEST     56          1200 PM
 AVERAGE    70

..........................................................


THE PASO ROBLES AIRPORT CA CLIMATE NORMALS FOR TODAY
                         NORMAL    RECORD    YEAR
 MAXIMUM TEMPERATURE (F)   75        95      2017
 MINIMUM TEMPERATURE (F)   42        30      1971


SUNRISE AND SUNSET
OCTOBER 26 2020.......SUNRISE   719 AM PDT   SUNSET   613 PM PDT
OCTOBER 27 2020.......SUNRISE   720 AM PDT   SUNSET   612 PM PDT


-  INDICATES NEGATIVE NUMBERS.
R  INDICATES RECORD WAS SET OR TIED.
MM INDICATES DATA IS MISSING.
T  INDICATES TRACE AMOUNT.




$$
