300
CDUS45 KFGZ 190755
CLIPRC


CLIMATE REPORT
NATIONAL WEATHER SERVICE FLAGSTAFF, AZ
1254 AM MST FRI OCT 19 2018


...................................

...THE PRESCOTT AZ AIRPORT CLIMATE SUMMARY FOR OCTOBER 18 2018...

CLIMATE NORMAL PERIOD 1981 TO 2010
CLIMATE RECORD PERIOD 1948 TO 2018


WEATHER ITEM   OBSERVED TIME   RECORD YEAR NORMAL DEPARTURE LAST
                VALUE   (LST)  VALUE       VALUE  FROM      YEAR
                                                  NORMAL
..................................................................
TEMPERATURE (F)
 YESTERDAY
  MAXIMUM         65    423 PM  86    2003  71     -6       80
  MINIMUM         34    702 AM  29    1984  41     -7       47
  AVERAGE         50                        56     -6       64

PRECIPITATION (IN)
  YESTERDAY        0.00          1.32 1972   0.03  -0.03     0.00
  MONTH TO DATE    1.82                      0.57   1.25     0.00
  SINCE OCT 1      1.82                      0.57   1.25     0.00
  SINCE JAN 1     11.87                     11.74   0.13    12.38

DEGREE DAYS
 HEATING
  YESTERDAY       15                                6
  MONTH TO DATE  184                               67
  SINCE JUL 1    184                               29

 COOLING
  YESTERDAY        0                                0
  MONTH TO DATE    3                               -2
  SINCE JAN 1   1245                              305
..................................................................


WIND (MPH)
  HIGHEST WIND SPEED    12   HIGHEST WIND DIRECTION     N (10)
  HIGHEST GUST SPEED    13   HIGHEST GUST DIRECTION     N (20)
  AVERAGE WIND SPEED     3.2


SKY COVER
  AVERAGE SKY COVER 0.0


WEATHER CONDITIONS
 THE FOLLOWING WEATHER WAS RECORDED YESTERDAY.
  NO SIGNIFICANT WEATHER WAS OBSERVED.


RELATIVE HUMIDITY (PERCENT)
 HIGHEST   100
 LOWEST     31

..........................................................


THE PRESCOTT AZ AIRPORT CLIMATE NORMALS FOR TODAY
                         NORMAL    RECORD    YEAR
 MAXIMUM TEMPERATURE (F)   71        87      2003
 MINIMUM TEMPERATURE (F)   40        27      1971


SUNRISE AND SUNSET
OCTOBER 19 2018.......SUNRISE   639 AM MST   SUNSET   550 PM MST
OCTOBER 20 2018.......SUNRISE   640 AM MST   SUNSET   549 PM MST


-  INDICATES NEGATIVE NUMBERS.
R  INDICATES RECORD WAS SET OR TIED.
MM INDICATES DATA IS MISSING.
T  INDICATES TRACE AMOUNT.




$$
