000
CDUS45 KFGZ 210734
CLIPRC


CLIMATE REPORT
NATIONAL WEATHER SERVICE FLAGSTAFF, AZ
1234 AM MST MON OCT 21 2019


...................................

...THE PRESCOTT AZ AIRPORT CLIMATE SUMMARY FOR OCTOBER 20 2019...

CLIMATE NORMAL PERIOD 1981 TO 2010
CLIMATE RECORD PERIOD 1948 TO 2019


WEATHER ITEM   OBSERVED TIME   RECORD YEAR NORMAL DEPARTURE LAST
                VALUE   (LST)  VALUE       VALUE  FROM      YEAR
                                                  NORMAL
..................................................................
TEMPERATURE (F)
 YESTERDAY
  MAXIMUM         69    354 PM  87    2003  70     -1       72
  MINIMUM         40    613 AM  21    1949  40      0       40
  AVERAGE         55                        55      0       56

PRECIPITATION (IN)
  YESTERDAY        0.00          0.62 1969   0.02  -0.02     0.00
  MONTH TO DATE    0.00                      0.62  -0.62     1.82
  SINCE OCT 1      0.00                      0.62  -0.62     1.82
  SINCE JAN 1     10.29                     11.79  -1.50    11.87

DEGREE DAYS
 HEATING
  YESTERDAY       10                                0
  MONTH TO DATE  131                               -6
  SINCE JUL 1    158                              -17

 COOLING
  YESTERDAY        0                                0
  MONTH TO DATE    0                               -5
  SINCE JAN 1   1130                              190
..................................................................


WIND (MPH)
  HIGHEST WIND SPEED    20   HIGHEST WIND DIRECTION    NW (320)
  HIGHEST GUST SPEED    25   HIGHEST GUST DIRECTION    NW (310)
  AVERAGE WIND SPEED     7.3


SKY COVER
  AVERAGE SKY COVER 0.0


WEATHER CONDITIONS
 THE FOLLOWING WEATHER WAS RECORDED YESTERDAY.
  NO SIGNIFICANT WEATHER WAS OBSERVED.


RELATIVE HUMIDITY (PERCENT)
 HIGHEST    38
 LOWEST      4

..........................................................


THE PRESCOTT AZ AIRPORT CLIMATE NORMALS FOR TODAY
                         NORMAL    RECORD    YEAR
 MAXIMUM TEMPERATURE (F)   70        88      2003
 MINIMUM TEMPERATURE (F)   40        22      1949


SUNRISE AND SUNSET
OCTOBER 21 2019.......SUNRISE   640 AM MST   SUNSET   548 PM MST
OCTOBER 22 2019.......SUNRISE   641 AM MST   SUNSET   547 PM MST


-  INDICATES NEGATIVE NUMBERS.
R  INDICATES RECORD WAS SET OR TIED.
MM INDICATES DATA IS MISSING.
T  INDICATES TRACE AMOUNT.




$$
