000
CDUS45 KFGZ 250102
CLIPRC


CLIMATE REPORT
NATIONAL WEATHER SERVICE FLAGSTAFF, AZ
601 PM MST FRI JAN 24 2020


...................................

...THE PRESCOTT AZ AIRPORT CLIMATE SUMMARY FOR JANUARY 24 2020...
VALID TODAY AS OF 0500 PM LOCAL TIME.

CLIMATE NORMAL PERIOD 1981 TO 2010
CLIMATE RECORD PERIOD 1948 TO 2020


WEATHER ITEM   OBSERVED TIME   RECORD YEAR NORMAL DEPARTURE LAST
                VALUE   (LST)  VALUE       VALUE  FROM      YEAR
                                                  NORMAL
..................................................................
TEMPERATURE (F)
 TODAY
  MAXIMUM         60    442 PM  67    1999  53      7       55
  MINIMUM         28    749 AM  13    2002  26      2       23
  AVERAGE         44                        39      5

PRECIPITATION (IN)
  TODAY            0.00          0.45 1949   0.03  -0.03
  MONTH TO DATE    0.17                      0.88  -0.71
  SINCE OCT 1      4.06                      3.68   0.38
  SINCE JAN 1      0.17                      0.88  -0.71

DEGREE DAYS
 HEATING
  TODAY           21                        26     -5
  SINCE JUL 1   2212                      2339   -127

 COOLING
  TODAY            0                         0      0
  SINCE JAN 1      0                         0      0
..................................................................


WIND (MPH)
  HIGHEST WIND SPEED     9   HIGHEST WIND DIRECTION     S (200)
  HIGHEST GUST SPEED    11   HIGHEST GUST DIRECTION     S (190)
  AVERAGE WIND SPEED     2.5


SKY COVER
  POSSIBLE SUNSHINE  MM
  AVERAGE SKY COVER 0.0


WEATHER CONDITIONS
 THE FOLLOWING WEATHER WAS RECORDED TODAY.
  NO SIGNIFICANT WEATHER WAS OBSERVED.


RELATIVE HUMIDITY (PERCENT)
 HIGHEST    85           700 AM
 LOWEST     28           400 PM

..........................................................


THE PRESCOTT AZ AIRPORT CLIMATE NORMALS FOR TOMORROW
                         NORMAL    RECORD    YEAR
 MAXIMUM TEMPERATURE (F)   53        68      2015
                                             1975
 MINIMUM TEMPERATURE (F)   26        12      1949


SUNRISE AND SUNSET
JANUARY 24 2020.......SUNRISE   733 AM MST   SUNSET   551 PM MST
JANUARY 25 2020.......SUNRISE   733 AM MST   SUNSET   552 PM MST


-  INDICATES NEGATIVE NUMBERS.
R  INDICATES RECORD WAS SET OR TIED.
MM INDICATES DATA IS MISSING.
T  INDICATES TRACE AMOUNT.




$$
