000
CDUS45 KFGZ 190754
CLIPRC


CLIMATE REPORT
NATIONAL WEATHER SERVICE FLAGSTAFF, AZ
1253 AM MST THU JUL 19 2018


...................................

...THE PRESCOTT AZ AIRPORT CLIMATE SUMMARY FOR JULY 18 2018...

CLIMATE NORMAL PERIOD 1981 TO 2010
CLIMATE RECORD PERIOD 1948 TO 2018


WEATHER ITEM   OBSERVED TIME   RECORD YEAR NORMAL DEPARTURE LAST
                VALUE   (LST)  VALUE       VALUE  FROM      YEAR
                                                  NORMAL
..................................................................
TEMPERATURE (F)
 YESTERDAY
  MAXIMUM         87   1244 PM 102    2005  89     -2       86
  MINIMUM         67   1159 PM  56    2000  63      4       65
  AVERAGE         77                        76      1

PRECIPITATION (IN)
  YESTERDAY        0.40          2.83 2015   0.08   0.32     0.22
  MONTH TO DATE    3.99                      0.99   3.00     1.81
  SINCE SEP 1      6.39                     10.23  -3.84    13.46
  SINCE JAN 1      5.86                      5.92  -0.06     6.71

DEGREE DAYS
 HEATING
  YESTERDAY        0                                0
  MONTH TO DATE    0                                0
  SINCE JUL 1      0                                0

 COOLING
  YESTERDAY       12                                1
  MONTH TO DATE  204                               13
  SINCE JAN 1    539                              120
..................................................................


WIND (MPH)
  HIGHEST WIND SPEED    28   HIGHEST WIND DIRECTION    NE (60)
  HIGHEST GUST SPEED    36   HIGHEST GUST DIRECTION    NE (40)
  AVERAGE WIND SPEED     5.0


SKY COVER
  AVERAGE SKY COVER 0.2


WEATHER CONDITIONS
 THE FOLLOWING WEATHER WAS RECORDED YESTERDAY.
  THUNDERSTORM
  HEAVY RAIN
  LIGHT RAIN
  FOG


RELATIVE HUMIDITY (PERCENT)
 HIGHEST    93
 LOWEST     42

..........................................................


THE PRESCOTT AZ AIRPORT CLIMATE NORMALS FOR TODAY
                         NORMAL    RECORD    YEAR
 MAXIMUM TEMPERATURE (F)   89       100      1989
 MINIMUM TEMPERATURE (F)   63        50      1987


SUNRISE AND SUNSET
JULY 19 2018..........SUNRISE   531 AM MST   SUNSET   741 PM MST
JULY 20 2018..........SUNRISE   531 AM MST   SUNSET   740 PM MST


-  INDICATES NEGATIVE NUMBERS.
R  INDICATES RECORD WAS SET OR TIED.
MM INDICATES DATA IS MISSING.
T  INDICATES TRACE AMOUNT.




$$
