000
CDUS45 KFGZ 280743
CLIPRC


CLIMATE REPORT
NATIONAL WEATHER SERVICE FLAGSTAFF, AZ
1243 AM MST WED OCT 28 2020


...................................

...THE PRESCOTT AZ AIRPORT CLIMATE SUMMARY FOR OCTOBER 27 2020...

CLIMATE NORMAL PERIOD 1981 TO 2010
CLIMATE RECORD PERIOD 1948 TO 2020


WEATHER ITEM   OBSERVED TIME   RECORD YEAR NORMAL DEPARTURE LAST
                VALUE   (LST)  VALUE       VALUE  FROM      YEAR
                                                  NORMAL
..................................................................
TEMPERATURE (F)
 YESTERDAY
  MAXIMUM         53    416 PM  82    1990  68    -15       68
  MINIMUM         22R   516 AM  24    1970  38    -16       47
  AVERAGE         38                        53    -15       58

PRECIPITATION (IN)
  YESTERDAY        0.00          1.24 2000   0.03  -0.03     0.00
  MONTH TO DATE    0.00                      0.80  -0.80     0.00
  SINCE OCT 1      0.00                      0.80  -0.80     0.00
  SINCE JAN 1      6.48                     11.97  -5.49    10.29

DEGREE DAYS
 HEATING
  YESTERDAY       27                               15
  MONTH TO DATE   84                             -132
  SINCE JUL 1    104                             -150

 COOLING
  YESTERDAY        0                                0
  MONTH TO DATE   30                               25
  SINCE JAN 1   1302                              362
..................................................................


WIND (MPH)
  HIGHEST WIND SPEED    20   HIGHEST WIND DIRECTION     N (20)
  HIGHEST GUST SPEED    23   HIGHEST GUST DIRECTION     N (10)
  AVERAGE WIND SPEED     8.2


SKY COVER
  AVERAGE SKY COVER 0.0


WEATHER CONDITIONS
 THE FOLLOWING WEATHER WAS RECORDED YESTERDAY.
  NO SIGNIFICANT WEATHER WAS OBSERVED.


RELATIVE HUMIDITY (PERCENT)
 HIGHEST    40
 LOWEST     11

..........................................................


THE PRESCOTT AZ AIRPORT CLIMATE NORMALS FOR TODAY
                         NORMAL    RECORD    YEAR
 MAXIMUM TEMPERATURE (F)   68        83      2008
 MINIMUM TEMPERATURE (F)   37        17      1970


SUNRISE AND SUNSET
OCTOBER 28 2020.......SUNRISE   647 AM MST   SUNSET   539 PM MST
OCTOBER 29 2020.......SUNRISE   648 AM MST   SUNSET   538 PM MST


-  INDICATES NEGATIVE NUMBERS.
R  INDICATES RECORD WAS SET OR TIED.
MM INDICATES DATA IS MISSING.
T  INDICATES TRACE AMOUNT.




$$
