000
CDUS45 KFGZ 190758
CLIPRC


CLIMATE REPORT
NATIONAL WEATHER SERVICE FLAGSTAFF, AZ
1257 AM MST SAT JAN 19 2019


...................................

...THE PRESCOTT AZ AIRPORT CLIMATE SUMMARY FOR JANUARY 18 2019...

CLIMATE NORMAL PERIOD 1981 TO 2010
CLIMATE RECORD PERIOD 1948 TO 2019


WEATHER ITEM   OBSERVED TIME   RECORD YEAR NORMAL DEPARTURE LAST
                VALUE   (LST)  VALUE       VALUE  FROM      YEAR
                                                  NORMAL
..................................................................
TEMPERATURE (F)
 YESTERDAY
  MAXIMUM         53    319 PM  74    1971  52      1       62
  MINIMUM         31   1143 PM   6    1960  26      5       28
  AVERAGE         42                        39      3       45

PRECIPITATION (IN)
  YESTERDAY        0.00          0.72 1993   0.03  -0.03     0.00
  MONTH TO DATE    1.54                      0.69   0.85     0.63
  SINCE OCT 1      4.05                      3.49   0.56     0.63
  SINCE JAN 1      1.54                      0.69   0.85     0.63

DEGREE DAYS
 HEATING
  YESTERDAY       23                               -3
  MONTH TO DATE  481                                1
  SINCE JUL 1   2125                              -58

 COOLING
  YESTERDAY        0                                0
  MONTH TO DATE    0                                0
  SINCE JAN 1      0                                0
..................................................................


WIND (MPH)
  HIGHEST WIND SPEED    25   HIGHEST WIND DIRECTION    NW (330)
  HIGHEST GUST SPEED    32   HIGHEST GUST DIRECTION    NW (330)
  AVERAGE WIND SPEED    10.6


SKY COVER
  AVERAGE SKY COVER 0.4


WEATHER CONDITIONS
 THE FOLLOWING WEATHER WAS RECORDED YESTERDAY.
  NO SIGNIFICANT WEATHER WAS OBSERVED.


RELATIVE HUMIDITY (PERCENT)
 HIGHEST    92
 LOWEST     34

..........................................................


THE PRESCOTT AZ AIRPORT CLIMATE NORMALS FOR TODAY
                         NORMAL    RECORD    YEAR
 MAXIMUM TEMPERATURE (F)   52        71      1971
 MINIMUM TEMPERATURE (F)   26        13      1990


SUNRISE AND SUNSET
JANUARY 19 2019.......SUNRISE   735 AM MST   SUNSET   546 PM MST
JANUARY 20 2019.......SUNRISE   735 AM MST   SUNSET   547 PM MST


-  INDICATES NEGATIVE NUMBERS.
R  INDICATES RECORD WAS SET OR TIED.
MM INDICATES DATA IS MISSING.
T  INDICATES TRACE AMOUNT.




$$
