000
CDUS46 KPDT 200839
CLIPSC

CLIMATE REPORT
NATIONAL WEATHER SERVICE PENDLETON OR
127 AM PDT SAT OCT 20 2018


...................................

...THE PASCO WA CLIMATE SUMMARY FOR OCTOBER 19 2018...

CLIMATE NORMAL PERIOD 1981 TO 2010
CLIMATE RECORD PERIOD 1948 TO 2018


WEATHER ITEM   OBSERVED TIME   RECORD YEAR NORMAL DEPARTURE LAST
                VALUE   (LST)  VALUE       VALUE  FROM      YEAR
                                                  NORMAL
..................................................................
TEMPERATURE (F)
 YESTERDAY
  MAXIMUM         67    314 PM  80    1940  64      3       68
  MINIMUM         30    546 AM  22    1949  37     -7       51
  AVERAGE         49                        51     -2       60

PRECIPITATION (IN)
  YESTERDAY        0.00          0.85 1899   0.02  -0.02     0.22
  MONTH TO DATE    0.70                      0.41   0.29     0.34
  SINCE OCT 1      0.70                      0.41   0.29     0.34
  SINCE JAN 1      4.78                      6.29  -1.51     6.69

SNOWFALL (IN)
  YESTERDAY        0.0
  SNOW DEPTH       0

DEGREE DAYS
 HEATING
  YESTERDAY       16                        14      2        5
  MONTH TO DATE  264                       208     56      234
  SINCE SEP 1    354                       307     47      322
  SINCE JUL 1    356                       319     37      322

 COOLING
  YESTERDAY        0                         0      0        0
  MONTH TO DATE    0                         0      0        0
  SINCE SEP 1     32                        52    -20      103
  SINCE JAN 1    850                       709    141      981
..................................................................


WIND (MPH)
  RESULTANT WIND SPEED   2   RESULTANT WIND DIRECTION   N (340)
  HIGHEST WIND SPEED     7   HIGHEST WIND DIRECTION     N (360)
  HIGHEST GUST SPEED    11   HIGHEST GUST DIRECTION    NW (310)


SKY COVER
  POSSIBLE SUNSHINE  MM
  AVERAGE SKY COVER 0.0


WEATHER CONDITIONS
 THE FOLLOWING WEATHER WAS RECORDED YESTERDAY.
  NO SIGNIFICANT WEATHER WAS OBSERVED.


RELATIVE HUMIDITY (PERCENT)
 HIGHEST    92
 LOWEST     42
 AVERAGE    67

..........................................................


THE PASCO WA CLIMATE NORMALS FOR TODAY
                         NORMAL    RECORD    YEAR
 MAXIMUM TEMPERATURE (F)   64        84      1907
 MINIMUM TEMPERATURE (F)   37        21      1949
                                             1911


SUNRISE AND SUNSET
OCTOBER 20 2018.......SUNRISE   721 AM PDT   SUNSET   601 PM PDT
OCTOBER 21 2018.......SUNRISE   722 AM PDT   SUNSET   559 PM PDT


-  INDICATES NEGATIVE NUMBERS.
R  INDICATES RECORD WAS SET OR TIED.
MM INDICATES DATA IS MISSING.
T  INDICATES TRACE AMOUNT.




$$
