913
CDUS46 KPDT 220923
CLIPSC

PDTCLIPSM 000
TTAA00 KPDT 220844


CLIMATE REPORT
NATIONAL WEATHER SERVICE PENDLETON OR
134 AM PDT TUE OCT 22 2019


...................................

...THE PASCO WA CLIMATE SUMMARY FOR OCTOBER 21 2019...

CLIMATE NORMAL PERIOD 1981 TO 2010
CLIMATE RECORD PERIOD 1894 TO 2019


WEATHER ITEM   OBSERVED TIME   RECORD YEAR NORMAL DEPARTURE LAST
                VALUE   (LST)  VALUE       VALUE  FROM      YEAR
                                                  NORMAL
..................................................................
TEMPERATURE (F)
 YESTERDAY
  MAXIMUM         64   1100 PM  88    2003  63      1       64
  MINIMUM         45    227 AM  23    1928  37      8       32
                                      1905
  AVERAGE         55                        50      5       48

PRECIPITATION (IN)
  YESTERDAY        T             0.64 1954   0.02  -0.02      T
  MONTH TO DATE    0.48                      0.45   0.03     0.70
  SINCE OCT 1      0.48                      0.45   0.03     0.70
  SINCE JAN 1      6.10                      6.33  -0.23     4.78

DEGREE DAYS
 HEATING
  YESTERDAY       10                        15     -5       17
  MONTH TO DATE  285                       238     47      298
  SINCE SEP 1    354                       337     17      388
  SINCE JUL 1    354                       349      5      390

 COOLING
  YESTERDAY        0                         0      0        0
  MONTH TO DATE    0                         0      0        0
  SINCE SEP 1    110                        52     58       32
  SINCE JAN 1   1014                       709    305      850
..................................................................


WIND (MPH)
  RESULTANT WIND SPEED   5   RESULTANT WIND DIRECTION  SW (230)
  HIGHEST WIND SPEED    32   HIGHEST WIND DIRECTION    SW (240)
  HIGHEST GUST SPEED    41   HIGHEST GUST DIRECTION    SW (240)


SKY COVER
  POSSIBLE SUNSHINE  MM
  AVERAGE SKY COVER 0.7


WEATHER CONDITIONS
 THE FOLLOWING WEATHER WAS RECORDED YESTERDAY.
  LIGHT RAIN


RELATIVE HUMIDITY (PERCENT)
 HIGHEST    92
 LOWEST     56
 AVERAGE    74

..........................................................


THE PASCO WA CLIMATE NORMALS FOR TODAY
                         NORMAL    RECORD    YEAR
 MAXIMUM TEMPERATURE (F)   63        81      2003
                                             1942
 MINIMUM TEMPERATURE (F)   37        24      1984
                                             1981


SUNRISE AND SUNSET
OCTOBER 22 2019.......SUNRISE   723 AM PDT   SUNSET   558 PM PDT
OCTOBER 23 2019.......SUNRISE   725 AM PDT   SUNSET   556 PM PDT


-  INDICATES NEGATIVE NUMBERS.
R  INDICATES RECORD WAS SET OR TIED.
MM INDICATES DATA IS MISSING.
T  INDICATES TRACE AMOUNT.




$$
