000
CDUS46 KPDT 150030 RRA
CLIPSC

CLIMATE REPORT
NATIONAL WEATHER SERVICE PENDLETON OR
527 PM PDT TUE AUG 14 2018


...................................

...THE PASCO WA CLIMATE SUMMARY FOR AUGUST 14 2018...
VALID TODAY AS OF 0500 PM LOCAL TIME.

CLIMATE NORMAL PERIOD 1981 TO 2010
CLIMATE RECORD PERIOD 1948 TO 2018


WEATHER ITEM   OBSERVED TIME   RECORD YEAR NORMAL DEPARTURE LAST
                VALUE   (LST)  VALUE       VALUE  FROM      YEAR
                                                  NORMAL
..................................................................
TEMPERATURE (F)
 TODAY
  MAXIMUM         92    347 PM 105    1992  91      1       82
  MINIMUM         51    535 AM  45    1949  56     -5       51
  AVERAGE         72                        74     -2       67

PRECIPITATION (IN)
  TODAY            0.00          0.76 1979   0.01  -0.01     0.00
  MONTH TO DATE    0.00                      0.09  -0.09     0.05
  SINCE OCT 1      6.80                      8.25  -1.45     9.99
  SINCE JAN 1      4.08                      5.30  -1.22     6.22

SNOWFALL (IN)
  TODAY            0.0
  SNOW DEPTH       0

DEGREE DAYS
 HEATING
  TODAY            0                         0      0        0
  MONTH TO DATE    0                         0      0        0
  SINCE JUN 1     29                        37     -8       26
  SINCE JUL 1      0                         5     -5        0

 COOLING
  TODAY            7                         9     -2        2
  MONTH TO DATE  157                       135     22      204
  SINCE JUN 1    623                       512    111      715
  SINCE JAN 1    713                       545    168      764
..................................................................


WIND (MPH)
  RESULTANT WIND SPEED   2   RESULTANT WIND DIRECTION   N (10)
  HIGHEST WIND SPEED    10   HIGHEST WIND DIRECTION     N (20)
  HIGHEST GUST SPEED    13   HIGHEST GUST DIRECTION     N (20)


SKY COVER
  POSSIBLE SUNSHINE  MM
  AVERAGE SKY COVER 0.3


WEATHER CONDITIONS
 THE FOLLOWING WEATHER WAS RECORDED TODAY.
  HAZE


RELATIVE HUMIDITY (PERCENT)
 HIGHEST    93
 LOWEST     20
 AVERAGE    57

..........................................................


THE PASCO WA CLIMATE NORMALS FOR TOMORROW
                         NORMAL    RECORD    YEAR
 MAXIMUM TEMPERATURE (F)   91       103      2008
                                             2004
                                             1992
 MINIMUM TEMPERATURE (F)   56        43      1937


SUNRISE AND SUNSET
AUGUST 14 2018........SUNRISE   554 AM PDT   SUNSET   807 PM PDT
AUGUST 15 2018........SUNRISE   556 AM PDT   SUNSET   805 PM PDT


-  INDICATES NEGATIVE NUMBERS.
R  INDICATES RECORD WAS SET OR TIED.
MM INDICATES DATA IS MISSING.
T  INDICATES TRACE AMOUNT.




$$
