000
CDUS46 KPDT 200836
CLIPSC

CLIMATE REPORT
NATIONAL WEATHER SERVICE PENDLETON OR
135 AM PDT SUN MAY 20 2018


...................................

...THE PASCO WA CLIMATE SUMMARY FOR MAY 19 2018...

CLIMATE NORMAL PERIOD 1981 TO 2010
CLIMATE RECORD PERIOD 1948 TO 2018


WEATHER ITEM   OBSERVED TIME   RECORD YEAR NORMAL DEPARTURE LAST
                VALUE   (LST)  VALUE       VALUE  FROM      YEAR
                                                  NORMAL
..................................................................
TEMPERATURE (F)
 YESTERDAY
  MAXIMUM         80    349 PM  94    2006  76      4       81
  MINIMUM         48    443 AM  32    2003  47      1       46
  AVERAGE         64                        62      2       64

PRECIPITATION (IN)
  YESTERDAY        0.00          0.50 1896   0.02  -0.02     0.00
  MONTH TO DATE    0.76                      0.38   0.38     0.48
  SINCE OCT 1      6.69                      6.85  -0.16     9.44
  SINCE JAN 1      3.97                      3.90   0.07     5.67

SNOWFALL (IN)
  YESTERDAY        0.0
  SNOW DEPTH       0

DEGREE DAYS
 HEATING
  YESTERDAY        1                         4     -3        1
  MONTH TO DATE   30                       126    -96      141
  SINCE MAR 1   1001                      1067    -66     1046
  SINCE JUL 1   4704                      4950   -246     5368

 COOLING
  YESTERDAY        0                         1     -1        0
  MONTH TO DATE   43                        11     32        8
  SINCE MAR 1     44                        12     32        8
  SINCE JAN 1     44                        12     32        8
..................................................................


WIND (MPH)
  RESULTANT WIND SPEED   3   RESULTANT WIND DIRECTION   N (340)
  HIGHEST WIND SPEED    13   HIGHEST WIND DIRECTION     N (350)
  HIGHEST GUST SPEED    16   HIGHEST GUST DIRECTION     N (350)


SKY COVER
  POSSIBLE SUNSHINE  MM
  AVERAGE SKY COVER 0.1


WEATHER CONDITIONS
 THE FOLLOWING WEATHER WAS RECORDED YESTERDAY.
  NO SIGNIFICANT WEATHER WAS OBSERVED.


RELATIVE HUMIDITY (PERCENT)
 HIGHEST    93
 LOWEST     39
 AVERAGE    66

..........................................................


THE PASCO WA CLIMATE NORMALS FOR TODAY
                         NORMAL    RECORD    YEAR
 MAXIMUM TEMPERATURE (F)   77        93      1928
 MINIMUM TEMPERATURE (F)   47        34      1920


SUNRISE AND SUNSET
MAY 20 2018...........SUNRISE   518 AM PDT   SUNSET   829 PM PDT
MAY 21 2018...........SUNRISE   517 AM PDT   SUNSET   830 PM PDT


-  INDICATES NEGATIVE NUMBERS.
R  INDICATES RECORD WAS SET OR TIED.
MM INDICATES DATA IS MISSING.
T  INDICATES TRACE AMOUNT.


$$
