000
CDUS46 KPDT 200829
CLIPSC

CLIMATE REPORT
NATIONAL WEATHER SERVICE PENDLETON OR
1227 AM PST SUN JAN 20 2019


...................................

...THE PASCO WA CLIMATE SUMMARY FOR JANUARY 19 2019...

CLIMATE NORMAL PERIOD 1981 TO 2010
CLIMATE RECORD PERIOD 1948 TO 2019


WEATHER ITEM   OBSERVED TIME   RECORD YEAR NORMAL DEPARTURE LAST
                VALUE   (LST)  VALUE       VALUE  FROM      YEAR
                                                  NORMAL
..................................................................
TEMPERATURE (F)
 YESTERDAY
  MAXIMUM         49   1140 AM  62    1968  42      7       51
  MINIMUM         34   1155 PM -16    1916  29      5       34
  AVERAGE         42                        35      7       43

PRECIPITATION (IN)
  YESTERDAY        0.03          0.40 1897   0.03   0.00     0.00
  MONTH TO DATE    0.66                      0.86  -0.20     0.86
  SINCE OCT 1      3.19                      3.81  -0.62     3.58
  SINCE JAN 1      0.66                      0.86  -0.20     0.86

SNOWFALL (IN)
  YESTERDAY        0.0
  SNOW DEPTH       0

DEGREE DAYS
 HEATING
  YESTERDAY       23                        30     -7       22
  MONTH TO DATE  541                       590    -49      538
  SINCE DEC 1   1386                      1577   -191     1557
  SINCE JUL 1   2625                      2806   -181     2725

 COOLING
  YESTERDAY        0                         0      0        0
  MONTH TO DATE    0                         0      0        0
  SINCE DEC 1      0                         0      0        0
  SINCE JAN 1      0                         0      0        0
..................................................................


WIND (MPH)
  RESULTANT WIND SPEED   2   RESULTANT WIND DIRECTION   N (340)
  HIGHEST WIND SPEED    10   HIGHEST WIND DIRECTION    NW (330)
  HIGHEST GUST SPEED    13   HIGHEST GUST DIRECTION     S (160)


SKY COVER
  POSSIBLE SUNSHINE  MM
  AVERAGE SKY COVER 0.5


WEATHER CONDITIONS
 THE FOLLOWING WEATHER WAS RECORDED YESTERDAY.
  LIGHT RAIN
  FOG


RELATIVE HUMIDITY (PERCENT)
 HIGHEST   100
 LOWEST     80
 AVERAGE    90

..........................................................


THE PASCO WA CLIMATE NORMALS FOR TODAY
                         NORMAL    RECORD    YEAR
 MAXIMUM TEMPERATURE (F)   42        66      1968
 MINIMUM TEMPERATURE (F)   29       -24      1930


SUNRISE AND SUNSET
JANUARY 20 2019.......SUNRISE   732 AM PST   SUNSET   444 PM PST
JANUARY 21 2019.......SUNRISE   731 AM PST   SUNSET   445 PM PST


-  INDICATES NEGATIVE NUMBERS.
R  INDICATES RECORD WAS SET OR TIED.
MM INDICATES DATA IS MISSING.
T  INDICATES TRACE AMOUNT.




$$
