000
CDUS46 KPDT 040839
CLIPSC

CLIMATE REPORT
NATIONAL WEATHER SERVICE PENDLETON OR
137 AM PDT THU JUN 4 2020


...................................

...THE PASCO WA CLIMATE SUMMARY FOR JUNE 3 2020...

CLIMATE NORMAL PERIOD 1981 TO 2010
CLIMATE RECORD PERIOD 1894 TO 2020


WEATHER ITEM   OBSERVED TIME   RECORD YEAR NORMAL DEPARTURE LAST
                VALUE   (LST)  VALUE       VALUE  FROM      YEAR
                                                  NORMAL
..................................................................
TEMPERATURE (F)
 YESTERDAY
  MAXIMUM         82    511 PM 100    2007  80      2       88
  MINIMUM         48    422 AM  37    1918  51     -3       61
  AVERAGE         65                        65      0       75

PRECIPITATION (IN)
  YESTERDAY        0.00          0.56 2008   0.04  -0.04     0.00
  MONTH TO DATE    0.00                      0.10  -0.10     0.00
  SINCE OCT 1      4.21                      7.30  -3.09     7.23
  SINCE JAN 1      3.08                      4.35  -1.27     4.70

DEGREE DAYS
 HEATING
  YESTERDAY        0                         2     -2        0
  MONTH TO DATE    0                         6     -6        0
  SINCE JUN 1      0                         6     -6        0
  SINCE JUL 1   4640                      4996   -356     5292

 COOLING
  YESTERDAY        0                         2     -2       10
  MONTH TO DATE    2                         6     -4       33
  SINCE JUN 1      2                         6     -4       33
  SINCE JAN 1     44                        39      5      121
..................................................................


WIND (MPH)
  RESULTANT WIND SPEED   2   RESULTANT WIND DIRECTION  NE (40)
  HIGHEST WIND SPEED    23   HIGHEST WIND DIRECTION    NW (300)
  HIGHEST GUST SPEED    31   HIGHEST GUST DIRECTION    NW (310)


SKY COVER
  POSSIBLE SUNSHINE  MM
  AVERAGE SKY COVER 0.0


WEATHER CONDITIONS
 THE FOLLOWING WEATHER WAS RECORDED YESTERDAY.
  NO SIGNIFICANT WEATHER WAS OBSERVED.


RELATIVE HUMIDITY (PERCENT)
 HIGHEST    86
 LOWEST     19
 AVERAGE    53

..........................................................


THE PASCO WA CLIMATE NORMALS FOR TODAY
                         NORMAL    RECORD    YEAR
 MAXIMUM TEMPERATURE (F)   80       100      1969
 MINIMUM TEMPERATURE (F)   51        35      1984


SUNRISE AND SUNSET
JUNE  4 2020..........SUNRISE   506 AM PDT   SUNSET   844 PM PDT
JUNE  5 2020..........SUNRISE   506 AM PDT   SUNSET   845 PM PDT


-  INDICATES NEGATIVE NUMBERS.
R  INDICATES RECORD WAS SET OR TIED.
MM INDICATES DATA IS MISSING.
T  INDICATES TRACE AMOUNT.




$$
