000
CDUS46 KPDT 310839
CLIPSC

CLIMATE REPORT
NATIONAL WEATHER SERVICE PENDLETON OR
139 AM PDT SAT OCT 31 2020

...................................

...THE PASCO WA CLIMATE SUMMARY FOR OCTOBER 30 2020...

CLIMATE NORMAL PERIOD 1981 TO 2010
CLIMATE RECORD PERIOD 1894 TO 2020


WEATHER ITEM   OBSERVED TIME   RECORD YEAR NORMAL DEPARTURE LAST
                VALUE   (LST)  VALUE       VALUE  FROM      YEAR
                                                  NORMAL
...................................................................
TEMPERATURE (F)
 YESTERDAY
  MAXIMUM         70    200 PM  75    2015  59     11       44
  MINIMUM         33   1139 PM  13    2019  35     -2       13
  AVERAGE         52                        47      5       29

PRECIPITATION (IN)
  YESTERDAY        0.00          0.88 2016   0.02  -0.02     0.00
  MONTH TO DATE    0.26                      0.63  -0.37     0.48
  SINCE SEP 1      0.31                      1.03  -0.72     1.03
  SINCE JAN 1      4.09                      6.51  -2.42     6.10

DEGREE DAYS
 HEATING
  YESTERDAY       13                        18     -5       36
  MONTH TO DATE  321                       388    -67      463
  SINCE SEP 1    363                       487   -124      532
  SINCE JUL 1    363                       499   -136      532

 COOLING
  YESTERDAY        0                         0      0        0
  MONTH TO DATE   12                         0     12        0
  SINCE SEP 1    115                        52     63      110
  SINCE JAN 1   1006                       709    297     1014
...................................................................


WIND (MPH)
  RESULTANT WIND SPEED  10   RESULTANT WIND DIRECTION  SW (240)
  HIGHEST WIND SPEED    32   HIGHEST WIND DIRECTION    SW (230)
  HIGHEST GUST SPEED    39   HIGHEST GUST DIRECTION    SW (230)


SKY COVER
  POSSIBLE SUNSHINE  MM
  AVERAGE SKY COVER 0.1


WEATHER CONDITIONS
THE FOLLOWING WEATHER WAS RECORDED YESTERDAY.
  FOG
  HAZE
  SANDSTORM


RELATIVE HUMIDITY (PERCENT)
 HIGHEST   100
 LOWEST     22
 AVERAGE    61

..........................................................


THE PASCO WA CLIMATE NORMALS FOR TODAY
                         NORMAL    RECORD    YEAR
 MAXIMUM TEMPERATURE (F)   58        75      1967
 MINIMUM TEMPERATURE (F)   35         9      2002


SUNRISE AND SUNSET
OCTOBER 31 2020.......SUNRISE   737 AM PDT   SUNSET   542 PM PDT
NOVEMBER  1 2020......SUNRISE   638 AM PST   SUNSET   441 PM PST


-  INDICATES NEGATIVE NUMBERS.
R  INDICATES RECORD WAS SET OR TIED.
MM INDICATES DATA IS MISSING.
T  INDICATES TRACE AMOUNT.




$$
