000
CDUS41 KALY 182053
CLIPSF


CLIMATE REPORT
NATIONAL WEATHER SERVICE ALBANY NY
452 PM EDT THU OCT 18 2018


...................................

...THE PITTSFIELD MA CLIMATE SUMMARY FOR OCTOBER 18 2018...
VALID TODAY AS OF 0400 PM LOCAL TIME.

CLIMATE NORMAL PERIOD 1981 TO 2010
CLIMATE RECORD PERIOD 9999 TO 9999


WEATHER ITEM   OBSERVED TIME   NORMAL DEPARTURE LAST
                VALUE   (LST)  VALUE  FROM      YEAR
                                      NORMAL
......................................................
TEMPERATURE (F)
 TODAY
  MAXIMUM         42    328 PM  57    -15       67
  MINIMUM         30    651 AM  37     -7       32
  AVERAGE         36            47    -11       50

PRECIPITATION (IN)
  TODAY            T             0.16  -0.16     0.00
  MONTH TO DATE    1.49          3.04  -1.55     1.27
  SINCE SEP 1      8.26          7.00   1.26     4.05
  SINCE JAN 1     40.05         36.78   3.27    34.84

DEGREE DAYS
 HEATING
  TODAY           29            18     11       15
  MONTH TO DATE  193           279    -86      173
  SINCE SEP 1    313           493   -180      309
  SINCE JUL 1    317           571   -254      395

 COOLING
  TODAY            0             0      0        0
  MONTH TO DATE    8             0      8        6
  SINCE SEP 1    114            19     95       79
  SINCE JAN 1    635           289    346      349
......................................................


WIND (MPH)
  HIGHEST WIND SPEED    29   HIGHEST WIND DIRECTION     W (280)
  HIGHEST GUST SPEED    36   HIGHEST GUST DIRECTION     W (270)
  AVERAGE WIND SPEED    14.8


SKY COVER
  AVERAGE SKY COVER 0.3



RELATIVE HUMIDITY (PERCENT)
 HIGHEST    64
 LOWEST     33
 AVERAGE    49

..........................................................


THE PITTSFIELD MA CLIMATE NORMALS FOR TOMORROW
                         NORMAL
 MAXIMUM TEMPERATURE (F)   57
 MINIMUM TEMPERATURE (F)   36


SUNRISE AND SUNSET
OCTOBER 18 2018.......SUNRISE   710 AM EDT   SUNSET   606 PM EDT
OCTOBER 19 2018.......SUNRISE   711 AM EDT   SUNSET   605 PM EDT


-  INDICATES NEGATIVE NUMBERS.
R  INDICATES RECORD WAS SET OR TIED.
MM INDICATES DATA IS MISSING.
T  INDICATES TRACE AMOUNT.




$$
